{"id":12664,"date":"2021-08-05T09:27:35","date_gmt":"2021-08-05T07:27:35","guid":{"rendered":"https:\/\/czerwonagora.pl\/?page_id=12664"},"modified":"2021-08-05T12:23:59","modified_gmt":"2021-08-05T10:23:59","slug":"przygotowanie-pacjenta-do-tomografii","status":"publish","type":"page","link":"https:\/\/czerwonagora.pl\/index.php\/przygotowanie-pacjenta-do-tomografii\/","title":{"rendered":"Przygotowanie pacjenta do tomografii"},"content":{"rendered":"\t\t<div data-elementor-type=\"wp-page\" data-elementor-id=\"12664\" class=\"elementor elementor-12664\">\n\t\t\t\t\t\t<section class=\"elementor-section elementor-top-section elementor-element elementor-element-633910cc elementor-section-boxed elementor-section-height-default elementor-section-height-default\" data-id=\"633910cc\" data-element_type=\"section\" data-e-type=\"section\">\n\t\t\t\t\t\t<div class=\"elementor-container elementor-column-gap-default\">\n\t\t\t\t\t<div class=\"elementor-column elementor-col-100 elementor-top-column elementor-element elementor-element-6c041fc3\" data-id=\"6c041fc3\" data-element_type=\"column\" data-e-type=\"column\">\n\t\t\t<div class=\"elementor-widget-wrap elementor-element-populated\">\n\t\t\t\t\t\t<div class=\"elementor-element elementor-element-ff199a9 elementor-position-inline-start elementor-view-default elementor-mobile-position-block-start elementor-widget elementor-widget-icon-box\" data-id=\"ff199a9\" data-element_type=\"widget\" data-e-type=\"widget\" data-widget_type=\"icon-box.default\">\n\t\t\t\t<div class=\"elementor-widget-container\">\n\t\t\t\t\t\t\t<div class=\"elementor-icon-box-wrapper\">\n\n\t\t\t\t\t\t<div class=\"elementor-icon-box-icon\">\n\t\t\t\t<span  class=\"elementor-icon\">\n\t\t\t\t<i aria-hidden=\"true\" class=\"fas fa-radiation-alt\"><\/i>\t\t\t\t<\/span>\n\t\t\t<\/div>\n\t\t\t\n\t\t\t\t\t\t<div class=\"elementor-icon-box-content\">\n\n\t\t\t\t\t\t\t\t\t<h3 class=\"elementor-icon-box-title\">\n\t\t\t\t\t\t<span  >\n\t\t\t\t\t\t\tBadanie tomograficzne\t\t\t\t\t\t<\/span>\n\t\t\t\t\t<\/h3>\n\t\t\t\t\n\t\t\t\t\t\t\t\t\t<p class=\"elementor-icon-box-description\">\n\t\t\t\t\t\tTomografia  komputerowa  jest  nowoczesn\u0105  technik\u0105  diagnostyczn\u0105,  kt\u00f3ra  pozwala  na uwidocznienie narz\u0105d\u00f3w cia\u0142a ludzkiego.\t\t\t\t\t<\/p>\n\t\t\t\t\n\t\t\t<\/div>\n\t\t\t\n\t\t<\/div>\n\t\t\t\t\t\t<\/div>\n\t\t\t\t<\/div>\n\t\t\t\t<div class=\"elementor-element elementor-element-52787b69 elementor-widget elementor-widget-text-editor\" data-id=\"52787b69\" data-element_type=\"widget\" data-e-type=\"widget\" data-widget_type=\"text-editor.default\">\n\t\t\t\t<div class=\"elementor-widget-container\">\n\t\t\t\t\t\t\t\t\t<p>Aparatura tomograficzna wykorzystuje promienie rentgenowskie, te same, kt\u00f3re maj\u0105 zastosowanie <br \/>w radiologii klasycznej, dlatego wymagane jest skierowanie od lekarza klinicysty.<\/p><p>Badania tomografii komputerowej z podaniem \u015brodka kontrastowego wymagaj\u0105 wcze\u015bniejszego przygotowania. Pacjent musi by\u0107 na czczo (bez jedzenia) na 5 godzin przed badaniem oraz powinien by\u0107 odpowiednio nawodniony (p\u0142yny oboj\u0119tne \u2013 np. woda przegotowana).<\/p><p><strong>Diagnostyk\u0119<\/strong> z u\u017cyciem tomografii komputerowej wykorzystuje si\u0119 do rozpoznawania m.in. schorze\u0144:<\/p><ul><li>centralnego uk\u0142adu nerwowego<\/li><li>narz\u0105d\u00f3w jamy brzusznej i klatki piersiowej<\/li><li>uk\u0142adu kostno \u2013 stawowego<\/li><li>zmian nowotworowych<\/li><li>patologii naczyniowych poprzez zastosowanie opcji Angio \u2013 TK<\/li><li>badanie echo serca<\/li><\/ul><h4><strong>Przebieg badania TK<\/strong><\/h4><p>Badanie tomografii komputerowej sk\u0142ada si\u0119 z kilku etap\u00f3w.<\/p><p>Podczas rejestracji Pacjent otrzymuje niezb\u0119dne informacje jak przygotowa\u0107 si\u0119 do badania. Najcz\u0119\u015bciej informacje dotycz\u0105 tego czy by\u0107 na czczo, czy wykona\u0107 przed badaniem test wydolno\u015bci nerek, ewentualnie jakie leki odstawi\u0107 przed badaniem.<\/p><p>Po zarejestrowaniu i zg\u0142oszeniu si\u0119 Pacjenta na badanie, weryfikowane s\u0105 dane personalne i medyczne na skierowaniu. Upowa\u017cniony personel pracowni przeprowadza wywiad dotycz\u0105cy ewentualnych przeciwwskaza\u0144 i schorze\u0144 mog\u0105cych mie\u0107 wp\u0142yw na przebieg badania.<\/p><p>W zale\u017cno\u015bci od wskaza\u0144 do badania, lekarz radiolog wybiera i akceptuje najbardziej optymaln\u0105 diagnostycznie procedur\u0119 badania.<\/p><p>Je\u017celi do badania potrzebne b\u0119dzie podanie do\u017cylnie \u015brodka cieniuj\u0105cego, konieczne jest wk\u0142ucie do \u017cy\u0142y i za\u0142o\u017cenie wenflonu. Po u\u0142o\u017ceniu Pacjenta w tomografie wykonuje si\u0119 skanowanie cia\u0142a <br \/>w wybranym zakresie. Jest to procedura ca\u0142kowicie bezbolesna. Podczas podawania \u015brodka cieniuj\u0105cego, Pacjent mo\u017ce odczuwa\u0107 przej\u015bciowe uczucie ciep\u0142a lub parcia na p\u0119cherz, ewentualnie mog\u0105 towarzyszy\u0107 temu niewielkie md\u0142o\u015bci.<\/p><p>Kolejnym etapem jest analiza wykonanego badania przez lekarza specjalist\u0119 w zakresie diagnostyki obrazowej, wykonanie obr\u00f3bki cyfrowej otrzymanych obraz\u00f3w, a nast\u0119pnie opisu oraz dokumentacji <br \/>z badania.<\/p><p>Na koniec do r\u0105k Pacjenta i lekarza kieruj\u0105cego trafia opis badania \u2013 medyczna analiza otrzymanych obraz\u00f3w oraz dokumentacja zdj\u0119ciowa zapisana jest na p\u0142ycie CD.<\/p><h4><strong>Przygotowanie do badania<\/strong><\/h4><p>Na 6 godzin przed planowanym badaniem nale\u017cy pozosta\u0107 na czczo, a na 3 godziny przed badaniem nic nie pi\u0107.<\/p><p>Osoby stale przyjmuj\u0105ce leki powinny je za\u017cy\u0107 w dniu badania o zwyk\u0142ej porze.<\/p><p>W przypadku bada\u0144 TK jamy brzusznej i miednicy ma\u0142ej w wi\u0119kszo\u015bci przypadk\u00f3w podaje si\u0119 doustnie \u015brodek kontrastowy. W tym celu nale\u017cy zg\u0142osi\u0107 si\u0119 przynajmniej na godzin\u0119, do p\u00f3\u0142torej przed ustalonym terminem badania oraz przynie\u015b\u0107 ze sob\u0105 1,5l niegazowanej wody mineralnej. Technik b\u0105d\u017a piel\u0119gniarka sporz\u0105dzi roztw\u00f3r \u015brodka kontrastowego w obj\u0119to\u015bci oko\u0142o 1-1,5 l, kt\u00f3ry nast\u0119pnie nale\u017cy wypi\u0107. \u015arodek kontrastowy powinno si\u0119 pi\u0107 ma\u0142ymi \u0142ykami i powoli.<\/p><p>Na badanie prosimy ubra\u0107 wygodne, lu\u017ane ubranie bez metalowych dodatk\u00f3w (guzik\u00f3w, spinek, broszek).<\/p><h4><strong>W dniu badania<\/strong><\/h4><p>Prosimy zg\u0142osi\u0107 si\u0119 na badanie 15 minut przed um\u00f3wion\u0105 godzin\u0105 badania (w przypadku badania jamy brzusznej konieczne mo\u017ce by\u0107 wypicie kontrastu) Badanie odbywa si\u0119 na podstawie czytelnie wype\u0142nionego przez lekarza skierowania.<\/p><p>Przed badaniem zostaniecie Pa\u0144stwo poproszeni o wype\u0142nienie ankiety medycznej (zgody na badanie).<\/p><h4><strong>Na badania nale\u017cy przynie\u015b\u0107:<br \/><\/strong><\/h4><ul><li>skierowanie na badanie<\/li><li>w przypadku bada\u0144 refinansowanych przez NFZ \u2013 dokumenty potwierdzaj\u0105ce ubezpieczenie<\/li><li>wyniki wcze\u015bniejszych bada\u0144 obrazowych wraz z kliszami lub p\u0142ytami CD<\/li><li>wyniki bada\u0144 dodatkowych &#8211; np. wypisy ze szpitala, wyniki USG<\/li><li>wyniki badania poziomu kreatyniny we krwi<\/li><\/ul><h4><strong>Rodzaje bada\u0144 TK<\/strong><\/h4><p>W zale\u017cno\u015bci od wskazania wykonuje si\u0119 wiele rodzaj\u00f3w bada\u0144 tomografii komputerowej poszczeg\u00f3lnych obszar\u00f3w cia\u0142a Pacjenta.<\/p><p>Spo\u015br\u00f3d najcz\u0119\u015bciej wykonywanych wymieni\u0107 mo\u017cna:<\/p><ul><li>TK g\u0142owy<\/li><li>TK przysadki m\u00f3zgowej<\/li><li>TK oczodo\u0142\u00f3w<\/li><li>TK twarzoczaszki<\/li><li>TK zatok<\/li><li>TK piramid ko\u015bci skroniowych<\/li><li>TK pogranicza czaszkowo-szyjnego<\/li><li>TK szyi<\/li><li>TK odcinka szyjnego, piersiowego, l\u0119d\u017awiowego kr\u0119gos\u0142upa<\/li><li>TK klatki piersiowej<\/li><li>TK HRCT<\/li><li>TK jamy brzusznej<\/li><li>TK jamy brzusznej i miednicy ma\u0142ej<\/li><li>TK w\u0105troby wielofazowe<\/li><li>TK trzustki wielofazowe<\/li><li>TK nadnerczy wielofazowe<\/li><li>TK nerek wielofazowe<\/li><li>TK miednicy<\/li><li>TK staw\u00f3w krzy\u017cowo-biodrowych<\/li><li>TK ko\u015bci i staw\u00f3w: bark, staw \u0142okciowy, nadgarstek, staw kolanowy, stopa<\/li><li>Angio TK t\u0119tnic m\u00f3zgowych<\/li><li>Angio TK t\u0119tnic szyjnych<\/li><li>Angio TK aorty piersiowej, brzusznej<\/li><li>Angio TK t\u0119tnic p\u0142ucnych<\/li><li>Angio TK ko\u0144czyn dolnych<\/li><\/ul>\t\t\t\t\t\t\t\t<\/div>\n\t\t\t\t<\/div>\n\t\t\t\t\t<\/div>\n\t\t<\/div>\n\t\t\t\t\t<\/div>\n\t\t<\/section>\n\t\t\t\t<\/div>\n\t\t","protected":false},"excerpt":{"rendered":"<p>Badanie tomograficzne Tomografia komputerowa jest nowoczesn\u0105 technik\u0105 diagnostyczn\u0105, kt\u00f3ra pozwala na uwidocznienie narz\u0105d\u00f3w cia\u0142a ludzkiego. Aparatura tomograficzna wykorzystuje promienie rentgenowskie, te same, kt\u00f3re maj\u0105 zastosowanie w radiologii klasycznej, dlatego wymagane jest skierowanie od lekarza klinicysty. Badania tomografii komputerowej z podaniem \u015brodka kontrastowego wymagaj\u0105 wcze\u015bniejszego przygotowania. Pacjent musi by\u0107 na czczo (bez jedzenia) na 5 godzin [&hellip;]<\/p>\n","protected":false},"author":3,"featured_media":0,"parent":0,"menu_order":0,"comment_status":"closed","ping_status":"closed","template":"","meta":{"zakra_page_container_layout":"customizer","zakra_page_sidebar_layout":"customizer","zakra_remove_content_margin":false,"zakra_sidebar":"customizer","zakra_transparent_header":"customizer","zakra_logo":0,"zakra_main_header_style":"default","zakra_menu_item_color":"","zakra_menu_item_hover_color":"","zakra_menu_item_active_color":"","zakra_menu_active_style":"","zakra_page_header":true,"footnotes":""},"class_list":["post-12664","page","type-page","status-publish","hentry"],"yoast_head":"<!-- This site is optimized with the Yoast SEO plugin v27.3 - https:\/\/yoast.com\/product\/yoast-seo-wordpress\/ -->\n<title>Przygotowanie pacjenta do tomografii - Wojew\u00f3dzki Szpital Specjalistyczny im. \u015aw. Rafa\u0142a w Czerwonej G\u00f3rze<\/title>\n<meta name=\"robots\" content=\"index, follow, max-snippet:-1, max-image-preview:large, max-video-preview:-1\" \/>\n<link rel=\"canonical\" href=\"https:\/\/czerwonagora.pl\/index.php\/przygotowanie-pacjenta-do-tomografii\/\" \/>\n<meta property=\"og:locale\" content=\"pl_PL\" \/>\n<meta property=\"og:type\" content=\"article\" \/>\n<meta property=\"og:title\" content=\"Przygotowanie pacjenta do tomografii - Wojew\u00f3dzki Szpital Specjalistyczny im. \u015aw. Rafa\u0142a w Czerwonej G\u00f3rze\" \/>\n<meta property=\"og:description\" content=\"Badanie tomograficzne Tomografia komputerowa jest nowoczesn\u0105 technik\u0105 diagnostyczn\u0105, kt\u00f3ra pozwala na uwidocznienie narz\u0105d\u00f3w cia\u0142a ludzkiego. Aparatura tomograficzna wykorzystuje promienie rentgenowskie, te same, kt\u00f3re maj\u0105 zastosowanie w radiologii klasycznej, dlatego wymagane jest skierowanie od lekarza klinicysty. Badania tomografii komputerowej z podaniem \u015brodka kontrastowego wymagaj\u0105 wcze\u015bniejszego przygotowania. Pacjent musi by\u0107 na czczo (bez jedzenia) na 5 godzin [&hellip;]\" \/>\n<meta property=\"og:url\" content=\"https:\/\/czerwonagora.pl\/index.php\/przygotowanie-pacjenta-do-tomografii\/\" \/>\n<meta property=\"og:site_name\" content=\"Wojew\u00f3dzki Szpital Specjalistyczny im. \u015aw. Rafa\u0142a w Czerwonej G\u00f3rze\" \/>\n<meta property=\"article:publisher\" content=\"https:\/\/www.facebook.com\/SzpitalCzerwonaGora\/\" \/>\n<meta property=\"article:modified_time\" content=\"2021-08-05T10:23:59+00:00\" \/>\n<meta property=\"og:image\" content=\"https:\/\/czerwonagora.pl\/wp-content\/uploads\/2021\/06\/DJI_0005-Duzy.jpg\" \/>\n\t<meta property=\"og:image:width\" content=\"1920\" \/>\n\t<meta property=\"og:image:height\" content=\"1080\" \/>\n\t<meta property=\"og:image:type\" content=\"image\/jpeg\" \/>\n<meta name=\"twitter:card\" content=\"summary_large_image\" \/>\n<meta name=\"twitter:label1\" content=\"Szacowany czas czytania\" \/>\n\t<meta name=\"twitter:data1\" content=\"3 minuty\" \/>\n<script type=\"application\/ld+json\" class=\"yoast-schema-graph\">{\"@context\":\"https:\\\/\\\/schema.org\",\"@graph\":[{\"@type\":\"WebPage\",\"@id\":\"https:\\\/\\\/czerwonagora.pl\\\/index.php\\\/przygotowanie-pacjenta-do-tomografii\\\/\",\"url\":\"https:\\\/\\\/czerwonagora.pl\\\/index.php\\\/przygotowanie-pacjenta-do-tomografii\\\/\",\"name\":\"Przygotowanie pacjenta do tomografii - Wojew\u00f3dzki Szpital Specjalistyczny im. \u015aw. Rafa\u0142a w Czerwonej G\u00f3rze\",\"isPartOf\":{\"@id\":\"https:\\\/\\\/czerwonagora.pl\\\/#website\"},\"datePublished\":\"2021-08-05T07:27:35+00:00\",\"dateModified\":\"2021-08-05T10:23:59+00:00\",\"breadcrumb\":{\"@id\":\"https:\\\/\\\/czerwonagora.pl\\\/index.php\\\/przygotowanie-pacjenta-do-tomografii\\\/#breadcrumb\"},\"inLanguage\":\"pl-PL\",\"potentialAction\":[{\"@type\":\"ReadAction\",\"target\":[\"https:\\\/\\\/czerwonagora.pl\\\/index.php\\\/przygotowanie-pacjenta-do-tomografii\\\/\"]}]},{\"@type\":\"BreadcrumbList\",\"@id\":\"https:\\\/\\\/czerwonagora.pl\\\/index.php\\\/przygotowanie-pacjenta-do-tomografii\\\/#breadcrumb\",\"itemListElement\":[{\"@type\":\"ListItem\",\"position\":1,\"name\":\"Strona g\u0142\u00f3wna\",\"item\":\"https:\\\/\\\/czerwonagora.pl\\\/\"},{\"@type\":\"ListItem\",\"position\":2,\"name\":\"Przygotowanie pacjenta do tomografii\"}]},{\"@type\":\"WebSite\",\"@id\":\"https:\\\/\\\/czerwonagora.pl\\\/#website\",\"url\":\"https:\\\/\\\/czerwonagora.pl\\\/\",\"name\":\"Wojew\u00f3dzki Szpital Specjalistyczny im. \u015aw. Rafa\u0142a w Czerwonej G\u00f3rze\",\"description\":\"Wojew\u00f3dzki Szpital Specjalistyczny im. \u015aw. Rafa\u0142a w Czerwonej G\u00f3rze\",\"publisher\":{\"@id\":\"https:\\\/\\\/czerwonagora.pl\\\/#organization\"},\"potentialAction\":[{\"@type\":\"SearchAction\",\"target\":{\"@type\":\"EntryPoint\",\"urlTemplate\":\"https:\\\/\\\/czerwonagora.pl\\\/?s={search_term_string}\"},\"query-input\":{\"@type\":\"PropertyValueSpecification\",\"valueRequired\":true,\"valueName\":\"search_term_string\"}}],\"inLanguage\":\"pl-PL\"},{\"@type\":\"Organization\",\"@id\":\"https:\\\/\\\/czerwonagora.pl\\\/#organization\",\"name\":\"Wojew\u00f3dzki Szpital Specjalistyczny im. \u015aw. Rafa\u0142a w Czerwonej G\u00f3rze\",\"url\":\"https:\\\/\\\/czerwonagora.pl\\\/\",\"logo\":{\"@type\":\"ImageObject\",\"inLanguage\":\"pl-PL\",\"@id\":\"https:\\\/\\\/czerwonagora.pl\\\/#\\\/schema\\\/logo\\\/image\\\/\",\"url\":\"https:\\\/\\\/czerwonagora.pl\\\/wp-content\\\/uploads\\\/2021\\\/06\\\/Logo-WSS-DUZE-transparentne.png\",\"contentUrl\":\"https:\\\/\\\/czerwonagora.pl\\\/wp-content\\\/uploads\\\/2021\\\/06\\\/Logo-WSS-DUZE-transparentne.png\",\"width\":4210,\"height\":2975,\"caption\":\"Wojew\u00f3dzki Szpital Specjalistyczny im. \u015aw. Rafa\u0142a w Czerwonej G\u00f3rze\"},\"image\":{\"@id\":\"https:\\\/\\\/czerwonagora.pl\\\/#\\\/schema\\\/logo\\\/image\\\/\"},\"sameAs\":[\"https:\\\/\\\/www.facebook.com\\\/SzpitalCzerwonaGora\\\/\"]}]}<\/script>\n<!-- \/ Yoast SEO plugin. -->","yoast_head_json":{"title":"Przygotowanie pacjenta do tomografii - Wojew\u00f3dzki Szpital Specjalistyczny im. \u015aw. Rafa\u0142a w Czerwonej G\u00f3rze","robots":{"index":"index","follow":"follow","max-snippet":"max-snippet:-1","max-image-preview":"max-image-preview:large","max-video-preview":"max-video-preview:-1"},"canonical":"https:\/\/czerwonagora.pl\/index.php\/przygotowanie-pacjenta-do-tomografii\/","og_locale":"pl_PL","og_type":"article","og_title":"Przygotowanie pacjenta do tomografii - Wojew\u00f3dzki Szpital Specjalistyczny im. \u015aw. Rafa\u0142a w Czerwonej G\u00f3rze","og_description":"Badanie tomograficzne Tomografia komputerowa jest nowoczesn\u0105 technik\u0105 diagnostyczn\u0105, kt\u00f3ra pozwala na uwidocznienie narz\u0105d\u00f3w cia\u0142a ludzkiego. Aparatura tomograficzna wykorzystuje promienie rentgenowskie, te same, kt\u00f3re maj\u0105 zastosowanie w radiologii klasycznej, dlatego wymagane jest skierowanie od lekarza klinicysty. Badania tomografii komputerowej z podaniem \u015brodka kontrastowego wymagaj\u0105 wcze\u015bniejszego przygotowania. Pacjent musi by\u0107 na czczo (bez jedzenia) na 5 godzin [&hellip;]","og_url":"https:\/\/czerwonagora.pl\/index.php\/przygotowanie-pacjenta-do-tomografii\/","og_site_name":"Wojew\u00f3dzki Szpital Specjalistyczny im. \u015aw. Rafa\u0142a w Czerwonej G\u00f3rze","article_publisher":"https:\/\/www.facebook.com\/SzpitalCzerwonaGora\/","article_modified_time":"2021-08-05T10:23:59+00:00","og_image":[{"width":1920,"height":1080,"url":"https:\/\/czerwonagora.pl\/wp-content\/uploads\/2021\/06\/DJI_0005-Duzy.jpg","type":"image\/jpeg"}],"twitter_card":"summary_large_image","twitter_misc":{"Szacowany czas czytania":"3 minuty"},"schema":{"@context":"https:\/\/schema.org","@graph":[{"@type":"WebPage","@id":"https:\/\/czerwonagora.pl\/index.php\/przygotowanie-pacjenta-do-tomografii\/","url":"https:\/\/czerwonagora.pl\/index.php\/przygotowanie-pacjenta-do-tomografii\/","name":"Przygotowanie pacjenta do tomografii - Wojew\u00f3dzki Szpital Specjalistyczny im. \u015aw. Rafa\u0142a w Czerwonej G\u00f3rze","isPartOf":{"@id":"https:\/\/czerwonagora.pl\/#website"},"datePublished":"2021-08-05T07:27:35+00:00","dateModified":"2021-08-05T10:23:59+00:00","breadcrumb":{"@id":"https:\/\/czerwonagora.pl\/index.php\/przygotowanie-pacjenta-do-tomografii\/#breadcrumb"},"inLanguage":"pl-PL","potentialAction":[{"@type":"ReadAction","target":["https:\/\/czerwonagora.pl\/index.php\/przygotowanie-pacjenta-do-tomografii\/"]}]},{"@type":"BreadcrumbList","@id":"https:\/\/czerwonagora.pl\/index.php\/przygotowanie-pacjenta-do-tomografii\/#breadcrumb","itemListElement":[{"@type":"ListItem","position":1,"name":"Strona g\u0142\u00f3wna","item":"https:\/\/czerwonagora.pl\/"},{"@type":"ListItem","position":2,"name":"Przygotowanie pacjenta do tomografii"}]},{"@type":"WebSite","@id":"https:\/\/czerwonagora.pl\/#website","url":"https:\/\/czerwonagora.pl\/","name":"Wojew\u00f3dzki Szpital Specjalistyczny im. \u015aw. Rafa\u0142a w Czerwonej G\u00f3rze","description":"Wojew\u00f3dzki Szpital Specjalistyczny im. \u015aw. Rafa\u0142a w Czerwonej G\u00f3rze","publisher":{"@id":"https:\/\/czerwonagora.pl\/#organization"},"potentialAction":[{"@type":"SearchAction","target":{"@type":"EntryPoint","urlTemplate":"https:\/\/czerwonagora.pl\/?s={search_term_string}"},"query-input":{"@type":"PropertyValueSpecification","valueRequired":true,"valueName":"search_term_string"}}],"inLanguage":"pl-PL"},{"@type":"Organization","@id":"https:\/\/czerwonagora.pl\/#organization","name":"Wojew\u00f3dzki Szpital Specjalistyczny im. \u015aw. Rafa\u0142a w Czerwonej G\u00f3rze","url":"https:\/\/czerwonagora.pl\/","logo":{"@type":"ImageObject","inLanguage":"pl-PL","@id":"https:\/\/czerwonagora.pl\/#\/schema\/logo\/image\/","url":"https:\/\/czerwonagora.pl\/wp-content\/uploads\/2021\/06\/Logo-WSS-DUZE-transparentne.png","contentUrl":"https:\/\/czerwonagora.pl\/wp-content\/uploads\/2021\/06\/Logo-WSS-DUZE-transparentne.png","width":4210,"height":2975,"caption":"Wojew\u00f3dzki Szpital Specjalistyczny im. \u015aw. Rafa\u0142a w Czerwonej G\u00f3rze"},"image":{"@id":"https:\/\/czerwonagora.pl\/#\/schema\/logo\/image\/"},"sameAs":["https:\/\/www.facebook.com\/SzpitalCzerwonaGora\/"]}]}},"publishpress_future_action":{"enabled":false,"date":"2026-04-19 13:48:00","action":"change-status","newStatus":"draft","terms":[],"taxonomy":"","extraData":[]},"publishpress_future_workflow_manual_trigger":{"enabledWorkflows":[]},"_links":{"self":[{"href":"https:\/\/czerwonagora.pl\/index.php\/wp-json\/wp\/v2\/pages\/12664","targetHints":{"allow":["GET"]}}],"collection":[{"href":"https:\/\/czerwonagora.pl\/index.php\/wp-json\/wp\/v2\/pages"}],"about":[{"href":"https:\/\/czerwonagora.pl\/index.php\/wp-json\/wp\/v2\/types\/page"}],"author":[{"embeddable":true,"href":"https:\/\/czerwonagora.pl\/index.php\/wp-json\/wp\/v2\/users\/3"}],"replies":[{"embeddable":true,"href":"https:\/\/czerwonagora.pl\/index.php\/wp-json\/wp\/v2\/comments?post=12664"}],"version-history":[{"count":15,"href":"https:\/\/czerwonagora.pl\/index.php\/wp-json\/wp\/v2\/pages\/12664\/revisions"}],"predecessor-version":[{"id":12801,"href":"https:\/\/czerwonagora.pl\/index.php\/wp-json\/wp\/v2\/pages\/12664\/revisions\/12801"}],"wp:attachment":[{"href":"https:\/\/czerwonagora.pl\/index.php\/wp-json\/wp\/v2\/media?parent=12664"}],"curies":[{"name":"wp","href":"https:\/\/api.w.org\/{rel}","templated":true}]}}