{"id":12776,"date":"2021-08-05T11:47:17","date_gmt":"2021-08-05T09:47:17","guid":{"rendered":"https:\/\/czerwonagora.pl\/?page_id=12776"},"modified":"2022-12-15T12:06:22","modified_gmt":"2022-12-15T11:06:22","slug":"uslugi-sterylizacji","status":"publish","type":"page","link":"https:\/\/czerwonagora.pl\/index.php\/uslugi-sterylizacji\/","title":{"rendered":"Us\u0142ugi sterylizacji sprz\u0119tu wielokrotnego u\u017cycia"},"content":{"rendered":"\t\t<div data-elementor-type=\"wp-page\" data-elementor-id=\"12776\" class=\"elementor elementor-12776\">\n\t\t\t\t\t\t<section class=\"elementor-section elementor-top-section elementor-element elementor-element-5ea50c7d elementor-section-stretched elementor-section-boxed elementor-section-height-default elementor-section-height-default\" data-id=\"5ea50c7d\" data-element_type=\"section\" data-e-type=\"section\" data-settings=\"{&quot;stretch_section&quot;:&quot;section-stretched&quot;}\">\n\t\t\t\t\t\t<div class=\"elementor-container elementor-column-gap-default\">\n\t\t\t\t\t<div class=\"elementor-column elementor-col-66 elementor-top-column elementor-element elementor-element-57f2f17e\" data-id=\"57f2f17e\" data-element_type=\"column\" data-e-type=\"column\">\n\t\t\t<div class=\"elementor-widget-wrap elementor-element-populated\">\n\t\t\t\t\t\t<div class=\"elementor-element elementor-element-b94fa2e elementor-view-default elementor-widget elementor-widget-icon\" data-id=\"b94fa2e\" data-element_type=\"widget\" data-e-type=\"widget\" data-widget_type=\"icon.default\">\n\t\t\t\t<div class=\"elementor-widget-container\">\n\t\t\t\t\t\t\t<div class=\"elementor-icon-wrapper\">\n\t\t\t<div class=\"elementor-icon\">\n\t\t\t<i aria-hidden=\"true\" class=\"fas fa-recycle\"><\/i>\t\t\t<\/div>\n\t\t<\/div>\n\t\t\t\t\t\t<\/div>\n\t\t\t\t<\/div>\n\t\t\t\t<div class=\"elementor-element elementor-element-2ebcfd9 elementor-widget elementor-widget-heading\" data-id=\"2ebcfd9\" data-element_type=\"widget\" data-e-type=\"widget\" data-widget_type=\"heading.default\">\n\t\t\t\t<div class=\"elementor-widget-container\">\n\t\t\t\t\t<h2 class=\"elementor-heading-title elementor-size-default\">Wykonujemy sterylizacj\u0119 sprz\u0119tu wielokrotnego u\u017cycia.<\/h2>\t\t\t\t<\/div>\n\t\t\t\t<\/div>\n\t\t\t\t<div class=\"elementor-element elementor-element-6f98afbb elementor-widget elementor-widget-text-editor\" data-id=\"6f98afbb\" data-element_type=\"widget\" data-e-type=\"widget\" data-widget_type=\"text-editor.default\">\n\t\t\t\t<div class=\"elementor-widget-container\">\n\t\t\t\t\t\t\t\t\t<p>Wykonujemy sterylizacj\u0119 sprz\u0119tu wielokrotnego u\u017cycia poprzez sterylizacj\u0119 wysokotemperaturow\u0105 (para wodna ) w temperaturze 121\u00b0C i 134\u00b0C oraz sterylizacj\u0119 niskotemperaturow\u0105 (formaldehyd) <br \/>w temperaturze 65\u00b0C.\u00a0\u015awiadczymy us\u0142ugi dla bloku operacyjnego, oddzia\u0142\u00f3w zabiegowych, oddzia\u0142\u00f3w szpitalnych, przychodni oraz gabinet\u00f3w lekarskich, gabinet\u00f3w stomatologicznych, zak\u0142ad\u00f3w kosmetycznych.<\/p>\t\t\t\t\t\t\t\t<\/div>\n\t\t\t\t<\/div>\n\t\t\t\t<div class=\"elementor-element elementor-element-a136fde elementor-widget elementor-widget-image\" data-id=\"a136fde\" data-element_type=\"widget\" data-e-type=\"widget\" data-widget_type=\"image.default\">\n\t\t\t\t<div class=\"elementor-widget-container\">\n\t\t\t\t\t\t\t\t\t\t\t\t<figure class=\"wp-caption\">\n\t\t\t\t\t\t\t\t\t\t<img fetchpriority=\"high\" decoding=\"async\" width=\"1024\" height=\"680\" src=\"https:\/\/czerwonagora.pl\/wp-content\/uploads\/2021\/07\/centralna_st-1024x680.jpg\" class=\"attachment-large size-large wp-image-11909\" alt=\"urz\u0105dzenie koloru szarego do sterylizacji narz\u0119dzie medycznych\" srcset=\"https:\/\/czerwonagora.pl\/wp-content\/uploads\/2021\/07\/centralna_st-1024x680.jpg 1024w, https:\/\/czerwonagora.pl\/wp-content\/uploads\/2021\/07\/centralna_st-300x199.jpg 300w, https:\/\/czerwonagora.pl\/wp-content\/uploads\/2021\/07\/centralna_st-768x510.jpg 768w, https:\/\/czerwonagora.pl\/wp-content\/uploads\/2021\/07\/centralna_st-1536x1021.jpg 1536w, https:\/\/czerwonagora.pl\/wp-content\/uploads\/2021\/07\/centralna_st-2048x1361.jpg 2048w\" sizes=\"(max-width: 1024px) 100vw, 1024px\" \/>\t\t\t\t\t\t\t\t\t\t\t<figcaption class=\"widget-image-caption wp-caption-text\">Urz\u0105dzenia do sterylizacji sprz\u0119tu<\/figcaption>\n\t\t\t\t\t\t\t\t\t\t<\/figure>\n\t\t\t\t\t\t\t\t\t<\/div>\n\t\t\t\t<\/div>\n\t\t\t\t\t<\/div>\n\t\t<\/div>\n\t\t\t\t<div class=\"elementor-column elementor-col-33 elementor-top-column elementor-element elementor-element-2d24ffa2\" data-id=\"2d24ffa2\" data-element_type=\"column\" data-e-type=\"column\" data-settings=\"{&quot;background_background&quot;:&quot;classic&quot;}\">\n\t\t\t<div class=\"elementor-widget-wrap elementor-element-populated\">\n\t\t\t\t\t\t<div class=\"elementor-element elementor-element-3665f5ce elementor-view-default elementor-widget elementor-widget-icon\" data-id=\"3665f5ce\" data-element_type=\"widget\" data-e-type=\"widget\" data-widget_type=\"icon.default\">\n\t\t\t\t<div class=\"elementor-widget-container\">\n\t\t\t\t\t\t\t<div class=\"elementor-icon-wrapper\">\n\t\t\t<div class=\"elementor-icon\">\n\t\t\t<i aria-hidden=\"true\" class=\"fas fa-info-circle\"><\/i>\t\t\t<\/div>\n\t\t<\/div>\n\t\t\t\t\t\t<\/div>\n\t\t\t\t<\/div>\n\t\t\t\t<div class=\"elementor-element elementor-element-1e160d87 elementor-widget elementor-widget-text-editor\" data-id=\"1e160d87\" data-element_type=\"widget\" data-e-type=\"widget\" data-widget_type=\"text-editor.default\">\n\t\t\t\t<div class=\"elementor-widget-container\">\n\t\t\t\t\t\t\t\t\t<p>Szczeg\u00f3\u0142owych informacji o zasadach i formie us\u0142ug komercyjnych udziela<span style=\"font-style: inherit; font-weight: inherit; color: var( --e-global-color-text ); letter-spacing: 0px; background-color: var( --e-global-color-de8f7a7 );\">:\u00a0<br \/><\/span><span style=\"background-color: var( --e-global-color-de8f7a7 ); color: var( --e-global-color-text ); font-style: inherit; letter-spacing: 0px;\"><br \/><b>Dzia\u0142 Organizacyjno-Szkoleniowy <\/b><\/span><span style=\"font-style: inherit; color: var( --e-global-color-text ); letter-spacing: 0px; background-color: var( --e-global-color-de8f7a7 );\"><b><br \/><\/b><\/span><\/p><ul><li><span style=\"background-color: var( --e-global-color-de8f7a7 ); color: var( --e-global-color-text ); font-style: inherit; font-weight: inherit; letter-spacing: 0px;\">tel. (41) 346-55-45 wew. 133\u00a0<\/span><\/li><li><span style=\"background-color: var( --e-global-color-de8f7a7 ); color: var( --e-global-color-text ); font-style: inherit; font-weight: inherit; letter-spacing: 0px;\">e-mail: b.krol-chaja@czerwonagora.pl<\/span><\/li><\/ul><p>Informujemy, \u017ce wszelkie us\u0142ugi \u015bwiadczone s\u0105 po wcze\u015bniejszym uzgodnieniu warunk\u00f3w na podstawie zawartych um\u00f3w.<\/p>\t\t\t\t\t\t\t\t<\/div>\n\t\t\t\t<\/div>\n\t\t\t\t\t<\/div>\n\t\t<\/div>\n\t\t\t\t\t<\/div>\n\t\t<\/section>\n\t\t\t\t<\/div>\n\t\t","protected":false},"excerpt":{"rendered":"<p>Wykonujemy sterylizacj\u0119 sprz\u0119tu wielokrotnego u\u017cycia. Wykonujemy sterylizacj\u0119 sprz\u0119tu wielokrotnego u\u017cycia poprzez sterylizacj\u0119 wysokotemperaturow\u0105 (para wodna ) w temperaturze 121\u00b0C i 134\u00b0C oraz sterylizacj\u0119 niskotemperaturow\u0105 (formaldehyd) w temperaturze 65\u00b0C.\u00a0\u015awiadczymy us\u0142ugi dla bloku operacyjnego, oddzia\u0142\u00f3w zabiegowych, oddzia\u0142\u00f3w szpitalnych, przychodni oraz gabinet\u00f3w lekarskich, gabinet\u00f3w stomatologicznych, zak\u0142ad\u00f3w kosmetycznych. Urz\u0105dzenia do sterylizacji sprz\u0119tu Szczeg\u00f3\u0142owych informacji o zasadach i formie us\u0142ug [&hellip;]<\/p>\n","protected":false},"author":1,"featured_media":0,"parent":0,"menu_order":0,"comment_status":"closed","ping_status":"closed","template":"","meta":{"zakra_page_container_layout":"customizer","zakra_page_sidebar_layout":"customizer","zakra_remove_content_margin":false,"zakra_sidebar":"customizer","zakra_transparent_header":"customizer","zakra_logo":0,"zakra_main_header_style":"default","zakra_menu_item_color":"","zakra_menu_item_hover_color":"","zakra_menu_item_active_color":"","zakra_menu_active_style":"","zakra_page_header":true,"footnotes":""},"class_list":["post-12776","page","type-page","status-publish","hentry"],"yoast_head":"<!-- This site is optimized with the Yoast SEO plugin v27.3 - https:\/\/yoast.com\/product\/yoast-seo-wordpress\/ -->\n<title>Us\u0142ugi sterylizacji sprz\u0119tu wielokrotnego u\u017cycia - Wojew\u00f3dzki Szpital Specjalistyczny im. \u015aw. Rafa\u0142a w Czerwonej G\u00f3rze<\/title>\n<meta name=\"robots\" content=\"index, follow, max-snippet:-1, max-image-preview:large, max-video-preview:-1\" \/>\n<link rel=\"canonical\" href=\"https:\/\/czerwonagora.pl\/index.php\/uslugi-sterylizacji\/\" \/>\n<meta property=\"og:locale\" content=\"pl_PL\" \/>\n<meta property=\"og:type\" content=\"article\" \/>\n<meta property=\"og:title\" content=\"Us\u0142ugi sterylizacji sprz\u0119tu wielokrotnego u\u017cycia - Wojew\u00f3dzki Szpital Specjalistyczny im. \u015aw. Rafa\u0142a w Czerwonej G\u00f3rze\" \/>\n<meta property=\"og:description\" content=\"Wykonujemy sterylizacj\u0119 sprz\u0119tu wielokrotnego u\u017cycia. Wykonujemy sterylizacj\u0119 sprz\u0119tu wielokrotnego u\u017cycia poprzez sterylizacj\u0119 wysokotemperaturow\u0105 (para wodna ) w temperaturze 121\u00b0C i 134\u00b0C oraz sterylizacj\u0119 niskotemperaturow\u0105 (formaldehyd) w temperaturze 65\u00b0C.\u00a0\u015awiadczymy us\u0142ugi dla bloku operacyjnego, oddzia\u0142\u00f3w zabiegowych, oddzia\u0142\u00f3w szpitalnych, przychodni oraz gabinet\u00f3w lekarskich, gabinet\u00f3w stomatologicznych, zak\u0142ad\u00f3w kosmetycznych. Urz\u0105dzenia do sterylizacji sprz\u0119tu Szczeg\u00f3\u0142owych informacji o zasadach i formie us\u0142ug [&hellip;]\" \/>\n<meta property=\"og:url\" content=\"https:\/\/czerwonagora.pl\/index.php\/uslugi-sterylizacji\/\" \/>\n<meta property=\"og:site_name\" content=\"Wojew\u00f3dzki Szpital Specjalistyczny im. \u015aw. Rafa\u0142a w Czerwonej G\u00f3rze\" \/>\n<meta property=\"article:publisher\" content=\"https:\/\/www.facebook.com\/SzpitalCzerwonaGora\/\" \/>\n<meta property=\"article:modified_time\" content=\"2022-12-15T11:06:22+00:00\" \/>\n<meta property=\"og:image\" content=\"https:\/\/czerwonagora.pl\/wp-content\/uploads\/2021\/07\/centralna_st-1024x680.jpg\" \/>\n<meta name=\"twitter:card\" content=\"summary_large_image\" \/>\n<meta name=\"twitter:label1\" content=\"Szacowany czas czytania\" \/>\n\t<meta name=\"twitter:data1\" content=\"1 minuta\" \/>\n<script type=\"application\/ld+json\" class=\"yoast-schema-graph\">{\"@context\":\"https:\\\/\\\/schema.org\",\"@graph\":[{\"@type\":\"WebPage\",\"@id\":\"https:\\\/\\\/czerwonagora.pl\\\/index.php\\\/uslugi-sterylizacji\\\/\",\"url\":\"https:\\\/\\\/czerwonagora.pl\\\/index.php\\\/uslugi-sterylizacji\\\/\",\"name\":\"Us\u0142ugi sterylizacji sprz\u0119tu wielokrotnego u\u017cycia - Wojew\u00f3dzki Szpital Specjalistyczny im. \u015aw. Rafa\u0142a w Czerwonej G\u00f3rze\",\"isPartOf\":{\"@id\":\"https:\\\/\\\/czerwonagora.pl\\\/#website\"},\"primaryImageOfPage\":{\"@id\":\"https:\\\/\\\/czerwonagora.pl\\\/index.php\\\/uslugi-sterylizacji\\\/#primaryimage\"},\"image\":{\"@id\":\"https:\\\/\\\/czerwonagora.pl\\\/index.php\\\/uslugi-sterylizacji\\\/#primaryimage\"},\"thumbnailUrl\":\"https:\\\/\\\/czerwonagora.pl\\\/wp-content\\\/uploads\\\/2021\\\/07\\\/centralna_st-1024x680.jpg\",\"datePublished\":\"2021-08-05T09:47:17+00:00\",\"dateModified\":\"2022-12-15T11:06:22+00:00\",\"breadcrumb\":{\"@id\":\"https:\\\/\\\/czerwonagora.pl\\\/index.php\\\/uslugi-sterylizacji\\\/#breadcrumb\"},\"inLanguage\":\"pl-PL\",\"potentialAction\":[{\"@type\":\"ReadAction\",\"target\":[\"https:\\\/\\\/czerwonagora.pl\\\/index.php\\\/uslugi-sterylizacji\\\/\"]}]},{\"@type\":\"ImageObject\",\"inLanguage\":\"pl-PL\",\"@id\":\"https:\\\/\\\/czerwonagora.pl\\\/index.php\\\/uslugi-sterylizacji\\\/#primaryimage\",\"url\":\"https:\\\/\\\/czerwonagora.pl\\\/wp-content\\\/uploads\\\/2021\\\/07\\\/centralna_st-1024x680.jpg\",\"contentUrl\":\"https:\\\/\\\/czerwonagora.pl\\\/wp-content\\\/uploads\\\/2021\\\/07\\\/centralna_st-1024x680.jpg\"},{\"@type\":\"BreadcrumbList\",\"@id\":\"https:\\\/\\\/czerwonagora.pl\\\/index.php\\\/uslugi-sterylizacji\\\/#breadcrumb\",\"itemListElement\":[{\"@type\":\"ListItem\",\"position\":1,\"name\":\"Strona g\u0142\u00f3wna\",\"item\":\"https:\\\/\\\/czerwonagora.pl\\\/\"},{\"@type\":\"ListItem\",\"position\":2,\"name\":\"Us\u0142ugi sterylizacji sprz\u0119tu wielokrotnego u\u017cycia\"}]},{\"@type\":\"WebSite\",\"@id\":\"https:\\\/\\\/czerwonagora.pl\\\/#website\",\"url\":\"https:\\\/\\\/czerwonagora.pl\\\/\",\"name\":\"Wojew\u00f3dzki Szpital Specjalistyczny im. \u015aw. Rafa\u0142a w Czerwonej G\u00f3rze\",\"description\":\"Wojew\u00f3dzki Szpital Specjalistyczny im. \u015aw. Rafa\u0142a w Czerwonej G\u00f3rze\",\"publisher\":{\"@id\":\"https:\\\/\\\/czerwonagora.pl\\\/#organization\"},\"potentialAction\":[{\"@type\":\"SearchAction\",\"target\":{\"@type\":\"EntryPoint\",\"urlTemplate\":\"https:\\\/\\\/czerwonagora.pl\\\/?s={search_term_string}\"},\"query-input\":{\"@type\":\"PropertyValueSpecification\",\"valueRequired\":true,\"valueName\":\"search_term_string\"}}],\"inLanguage\":\"pl-PL\"},{\"@type\":\"Organization\",\"@id\":\"https:\\\/\\\/czerwonagora.pl\\\/#organization\",\"name\":\"Wojew\u00f3dzki Szpital Specjalistyczny im. \u015aw. Rafa\u0142a w Czerwonej G\u00f3rze\",\"url\":\"https:\\\/\\\/czerwonagora.pl\\\/\",\"logo\":{\"@type\":\"ImageObject\",\"inLanguage\":\"pl-PL\",\"@id\":\"https:\\\/\\\/czerwonagora.pl\\\/#\\\/schema\\\/logo\\\/image\\\/\",\"url\":\"https:\\\/\\\/czerwonagora.pl\\\/wp-content\\\/uploads\\\/2021\\\/06\\\/Logo-WSS-DUZE-transparentne.png\",\"contentUrl\":\"https:\\\/\\\/czerwonagora.pl\\\/wp-content\\\/uploads\\\/2021\\\/06\\\/Logo-WSS-DUZE-transparentne.png\",\"width\":4210,\"height\":2975,\"caption\":\"Wojew\u00f3dzki Szpital Specjalistyczny im. \u015aw. Rafa\u0142a w Czerwonej G\u00f3rze\"},\"image\":{\"@id\":\"https:\\\/\\\/czerwonagora.pl\\\/#\\\/schema\\\/logo\\\/image\\\/\"},\"sameAs\":[\"https:\\\/\\\/www.facebook.com\\\/SzpitalCzerwonaGora\\\/\"]}]}<\/script>\n<!-- \/ Yoast SEO plugin. -->","yoast_head_json":{"title":"Us\u0142ugi sterylizacji sprz\u0119tu wielokrotnego u\u017cycia - Wojew\u00f3dzki Szpital Specjalistyczny im. \u015aw. Rafa\u0142a w Czerwonej G\u00f3rze","robots":{"index":"index","follow":"follow","max-snippet":"max-snippet:-1","max-image-preview":"max-image-preview:large","max-video-preview":"max-video-preview:-1"},"canonical":"https:\/\/czerwonagora.pl\/index.php\/uslugi-sterylizacji\/","og_locale":"pl_PL","og_type":"article","og_title":"Us\u0142ugi sterylizacji sprz\u0119tu wielokrotnego u\u017cycia - Wojew\u00f3dzki Szpital Specjalistyczny im. \u015aw. Rafa\u0142a w Czerwonej G\u00f3rze","og_description":"Wykonujemy sterylizacj\u0119 sprz\u0119tu wielokrotnego u\u017cycia. Wykonujemy sterylizacj\u0119 sprz\u0119tu wielokrotnego u\u017cycia poprzez sterylizacj\u0119 wysokotemperaturow\u0105 (para wodna ) w temperaturze 121\u00b0C i 134\u00b0C oraz sterylizacj\u0119 niskotemperaturow\u0105 (formaldehyd) w temperaturze 65\u00b0C.\u00a0\u015awiadczymy us\u0142ugi dla bloku operacyjnego, oddzia\u0142\u00f3w zabiegowych, oddzia\u0142\u00f3w szpitalnych, przychodni oraz gabinet\u00f3w lekarskich, gabinet\u00f3w stomatologicznych, zak\u0142ad\u00f3w kosmetycznych. Urz\u0105dzenia do sterylizacji sprz\u0119tu Szczeg\u00f3\u0142owych informacji o zasadach i formie us\u0142ug [&hellip;]","og_url":"https:\/\/czerwonagora.pl\/index.php\/uslugi-sterylizacji\/","og_site_name":"Wojew\u00f3dzki Szpital Specjalistyczny im. \u015aw. Rafa\u0142a w Czerwonej G\u00f3rze","article_publisher":"https:\/\/www.facebook.com\/SzpitalCzerwonaGora\/","article_modified_time":"2022-12-15T11:06:22+00:00","og_image":[{"url":"https:\/\/czerwonagora.pl\/wp-content\/uploads\/2021\/07\/centralna_st-1024x680.jpg","type":"","width":"","height":""}],"twitter_card":"summary_large_image","twitter_misc":{"Szacowany czas czytania":"1 minuta"},"schema":{"@context":"https:\/\/schema.org","@graph":[{"@type":"WebPage","@id":"https:\/\/czerwonagora.pl\/index.php\/uslugi-sterylizacji\/","url":"https:\/\/czerwonagora.pl\/index.php\/uslugi-sterylizacji\/","name":"Us\u0142ugi sterylizacji sprz\u0119tu wielokrotnego u\u017cycia - Wojew\u00f3dzki Szpital Specjalistyczny im. \u015aw. Rafa\u0142a w Czerwonej G\u00f3rze","isPartOf":{"@id":"https:\/\/czerwonagora.pl\/#website"},"primaryImageOfPage":{"@id":"https:\/\/czerwonagora.pl\/index.php\/uslugi-sterylizacji\/#primaryimage"},"image":{"@id":"https:\/\/czerwonagora.pl\/index.php\/uslugi-sterylizacji\/#primaryimage"},"thumbnailUrl":"https:\/\/czerwonagora.pl\/wp-content\/uploads\/2021\/07\/centralna_st-1024x680.jpg","datePublished":"2021-08-05T09:47:17+00:00","dateModified":"2022-12-15T11:06:22+00:00","breadcrumb":{"@id":"https:\/\/czerwonagora.pl\/index.php\/uslugi-sterylizacji\/#breadcrumb"},"inLanguage":"pl-PL","potentialAction":[{"@type":"ReadAction","target":["https:\/\/czerwonagora.pl\/index.php\/uslugi-sterylizacji\/"]}]},{"@type":"ImageObject","inLanguage":"pl-PL","@id":"https:\/\/czerwonagora.pl\/index.php\/uslugi-sterylizacji\/#primaryimage","url":"https:\/\/czerwonagora.pl\/wp-content\/uploads\/2021\/07\/centralna_st-1024x680.jpg","contentUrl":"https:\/\/czerwonagora.pl\/wp-content\/uploads\/2021\/07\/centralna_st-1024x680.jpg"},{"@type":"BreadcrumbList","@id":"https:\/\/czerwonagora.pl\/index.php\/uslugi-sterylizacji\/#breadcrumb","itemListElement":[{"@type":"ListItem","position":1,"name":"Strona g\u0142\u00f3wna","item":"https:\/\/czerwonagora.pl\/"},{"@type":"ListItem","position":2,"name":"Us\u0142ugi sterylizacji sprz\u0119tu wielokrotnego u\u017cycia"}]},{"@type":"WebSite","@id":"https:\/\/czerwonagora.pl\/#website","url":"https:\/\/czerwonagora.pl\/","name":"Wojew\u00f3dzki Szpital Specjalistyczny im. \u015aw. Rafa\u0142a w Czerwonej G\u00f3rze","description":"Wojew\u00f3dzki Szpital Specjalistyczny im. \u015aw. Rafa\u0142a w Czerwonej G\u00f3rze","publisher":{"@id":"https:\/\/czerwonagora.pl\/#organization"},"potentialAction":[{"@type":"SearchAction","target":{"@type":"EntryPoint","urlTemplate":"https:\/\/czerwonagora.pl\/?s={search_term_string}"},"query-input":{"@type":"PropertyValueSpecification","valueRequired":true,"valueName":"search_term_string"}}],"inLanguage":"pl-PL"},{"@type":"Organization","@id":"https:\/\/czerwonagora.pl\/#organization","name":"Wojew\u00f3dzki Szpital Specjalistyczny im. \u015aw. Rafa\u0142a w Czerwonej G\u00f3rze","url":"https:\/\/czerwonagora.pl\/","logo":{"@type":"ImageObject","inLanguage":"pl-PL","@id":"https:\/\/czerwonagora.pl\/#\/schema\/logo\/image\/","url":"https:\/\/czerwonagora.pl\/wp-content\/uploads\/2021\/06\/Logo-WSS-DUZE-transparentne.png","contentUrl":"https:\/\/czerwonagora.pl\/wp-content\/uploads\/2021\/06\/Logo-WSS-DUZE-transparentne.png","width":4210,"height":2975,"caption":"Wojew\u00f3dzki Szpital Specjalistyczny im. \u015aw. Rafa\u0142a w Czerwonej G\u00f3rze"},"image":{"@id":"https:\/\/czerwonagora.pl\/#\/schema\/logo\/image\/"},"sameAs":["https:\/\/www.facebook.com\/SzpitalCzerwonaGora\/"]}]}},"publishpress_future_action":{"enabled":false,"date":"2026-04-28 11:22:11","action":"change-status","newStatus":"draft","terms":[],"taxonomy":"","extraData":[]},"publishpress_future_workflow_manual_trigger":{"enabledWorkflows":[]},"_links":{"self":[{"href":"https:\/\/czerwonagora.pl\/index.php\/wp-json\/wp\/v2\/pages\/12776","targetHints":{"allow":["GET"]}}],"collection":[{"href":"https:\/\/czerwonagora.pl\/index.php\/wp-json\/wp\/v2\/pages"}],"about":[{"href":"https:\/\/czerwonagora.pl\/index.php\/wp-json\/wp\/v2\/types\/page"}],"author":[{"embeddable":true,"href":"https:\/\/czerwonagora.pl\/index.php\/wp-json\/wp\/v2\/users\/1"}],"replies":[{"embeddable":true,"href":"https:\/\/czerwonagora.pl\/index.php\/wp-json\/wp\/v2\/comments?post=12776"}],"version-history":[{"count":14,"href":"https:\/\/czerwonagora.pl\/index.php\/wp-json\/wp\/v2\/pages\/12776\/revisions"}],"predecessor-version":[{"id":18081,"href":"https:\/\/czerwonagora.pl\/index.php\/wp-json\/wp\/v2\/pages\/12776\/revisions\/18081"}],"wp:attachment":[{"href":"https:\/\/czerwonagora.pl\/index.php\/wp-json\/wp\/v2\/media?parent=12776"}],"curies":[{"name":"wp","href":"https:\/\/api.w.org\/{rel}","templated":true}]}}