{"id":16593,"date":"2022-03-25T10:44:34","date_gmt":"2022-03-25T09:44:34","guid":{"rendered":"https:\/\/czerwonagora.pl\/?page_id=16593"},"modified":"2022-03-25T11:04:20","modified_gmt":"2022-03-25T10:04:20","slug":"adaptacja-pomieszczen-na-potrzeby-ogolnej-izby-przyjec-w-wojewodzkim-szpitalu-specjalistycznym-im-sw-rafala-w-czerwonej-gorze","status":"publish","type":"page","link":"https:\/\/czerwonagora.pl\/index.php\/adaptacja-pomieszczen-na-potrzeby-ogolnej-izby-przyjec-w-wojewodzkim-szpitalu-specjalistycznym-im-sw-rafala-w-czerwonej-gorze\/","title":{"rendered":"Adaptacja pomieszcze\u0144 na potrzeby Og\u00f3lnej Izby Przyj\u0119\u0107 w Wojew\u00f3dzkim Szpitalu Specjalistycznym im. \u015aw. Rafa\u0142a w Czerwonej G\u00f3rze"},"content":{"rendered":"\t\t<div data-elementor-type=\"wp-page\" data-elementor-id=\"16593\" class=\"elementor elementor-16593\">\n\t\t\t\t\t\t<section class=\"elementor-section elementor-top-section elementor-element elementor-element-581c9898 elementor-section-stretched elementor-section-boxed elementor-section-height-default elementor-section-height-default\" data-id=\"581c9898\" data-element_type=\"section\" data-e-type=\"section\" data-settings=\"{&quot;stretch_section&quot;:&quot;section-stretched&quot;}\">\n\t\t\t\t\t\t<div class=\"elementor-container elementor-column-gap-default\">\n\t\t\t\t\t<div class=\"elementor-column elementor-col-100 elementor-top-column elementor-element elementor-element-3672a06f\" data-id=\"3672a06f\" data-element_type=\"column\" data-e-type=\"column\">\n\t\t\t<div class=\"elementor-widget-wrap elementor-element-populated\">\n\t\t\t\t\t\t<section class=\"elementor-section elementor-inner-section elementor-element elementor-element-330de72 elementor-section-boxed elementor-section-height-default elementor-section-height-default\" data-id=\"330de72\" data-element_type=\"section\" data-e-type=\"section\">\n\t\t\t\t\t\t<div class=\"elementor-container elementor-column-gap-default\">\n\t\t\t\t\t<div class=\"elementor-column elementor-col-50 elementor-inner-column elementor-element elementor-element-fa4c036\" data-id=\"fa4c036\" data-element_type=\"column\" data-e-type=\"column\">\n\t\t\t<div class=\"elementor-widget-wrap elementor-element-populated\">\n\t\t\t\t\t\t<div class=\"elementor-element elementor-element-06151bd elementor-widget elementor-widget-image\" data-id=\"06151bd\" data-element_type=\"widget\" data-e-type=\"widget\" data-widget_type=\"image.default\">\n\t\t\t\t<div class=\"elementor-widget-container\">\n\t\t\t\t\t\t\t\t\t\t\t\t\t\t\t<img fetchpriority=\"high\" decoding=\"async\" width=\"1024\" height=\"459\" src=\"https:\/\/czerwonagora.pl\/wp-content\/uploads\/2022\/03\/pluca.jpg\" class=\"attachment-large size-large wp-image-16582\" alt=\"\" srcset=\"https:\/\/czerwonagora.pl\/wp-content\/uploads\/2022\/03\/pluca.jpg 1024w, https:\/\/czerwonagora.pl\/wp-content\/uploads\/2022\/03\/pluca-300x134.jpg 300w, https:\/\/czerwonagora.pl\/wp-content\/uploads\/2022\/03\/pluca-768x344.jpg 768w\" sizes=\"(max-width: 1024px) 100vw, 1024px\" \/>\t\t\t\t\t\t\t\t\t\t\t\t\t\t\t<\/div>\n\t\t\t\t<\/div>\n\t\t\t\t\t<\/div>\n\t\t<\/div>\n\t\t\t\t<div class=\"elementor-column elementor-col-50 elementor-inner-column elementor-element elementor-element-d5cabc3\" data-id=\"d5cabc3\" data-element_type=\"column\" data-e-type=\"column\">\n\t\t\t<div class=\"elementor-widget-wrap elementor-element-populated\">\n\t\t\t\t\t\t<div class=\"elementor-element elementor-element-cda5f48 elementor-widget elementor-widget-text-editor\" data-id=\"cda5f48\" data-element_type=\"widget\" data-e-type=\"widget\" data-widget_type=\"text-editor.default\">\n\t\t\t\t<div class=\"elementor-widget-container\">\n\t\t\t\t\t\t\t\t\t<p><strong>Adaptacja pomieszcze\u0144 na potrzeby Og\u00f3lnej Izby Przyj\u0119\u0107 w Wojew\u00f3dzkim Szpitalu Specjalistycznym\u00a0im. \u015aw. Rafa\u0142a w Czerwonej G\u00f3rze<\/strong><\/p>\t\t\t\t\t\t\t\t<\/div>\n\t\t\t\t<\/div>\n\t\t\t\t\t<\/div>\n\t\t<\/div>\n\t\t\t\t\t<\/div>\n\t\t<\/section>\n\t\t\t\t<div class=\"elementor-element elementor-element-49cbb79a elementor-widget elementor-widget-text-editor\" data-id=\"49cbb79a\" data-element_type=\"widget\" data-e-type=\"widget\" data-widget_type=\"text-editor.default\">\n\t\t\t\t<div class=\"elementor-widget-container\">\n\t\t\t\t\t\t\t\t\t<p><em>&#8222;<strong>Adaptacja pomieszcze\u0144 na potrzeby Og\u00f3lnej Izby Przyj\u0119\u0107 w Wojew\u00f3dzkim Szpitalu Specjalistycznym im. \u015aw. Rafa\u0142a<\/strong> <strong>w Czerwonej G\u00f3rze<\/strong>&#8222;<\/em> dofinansowana zosta\u0142a w kwocie <strong><em><u>2\u00a0410\u00a0864,51 z\u0142<\/u><\/em><\/strong> ze \u015brodk\u00f3w Bud\u017cetu Wojew\u00f3dztwa \u015awi\u0119tokrzyskiego w ramach umowy <br \/>z Rz\u0105dowym Funduszem Inwestycji Lokalnych.\u00a0<\/p><p>Warto\u015b\u0107 og\u00f3\u0142em zrealizowanego projektu to kwota 2\u00a0571\u00a0197,60 z\u0142.\u00a0 \u015arodki w\u0142asne Szpitala stanowi\u0105 kwot\u0119 160\u00a0333,09 z\u0142.<\/p><p>Dzi\u0119ki otrzymanemu wsparciu Szpital m\u00f3g\u0142 adaptowa\u0107 pomieszczenia po dawnym oddziale chor\u00f3b wewn\u0119trznych na potrzeby nowej Izby Przyj\u0119\u0107 Og\u00f3lnej i wyposa\u017cy\u0107 j\u0105 w niezb\u0119dny sprz\u0119t medyczny m.in.: sto\u0142y zabiegowe, lampy bakteriob\u00f3jcze, w\u00f3zki reanimacyjne, defibrylator, kardiomonitory, ssaki elektryczne oraz niezb\u0119dny sprz\u0119t biurowo-komputerowy. Przeniesienie Og\u00f3lnej Izby Przyj\u0119\u0107 do nowej lokalizacji na parterze budynku A by\u0142o podyktowane wzgl\u0119dami logistycznymi czyli ulokowaniem obu Izb Przyj\u0119\u0107 ( Og\u00f3lnej <br \/>i Pulmonologicznej) w bezpo\u015brednim s\u0105siedztwie. Pozwoli to na sprawniejsze funkcjonowanie dzia\u0142alno\u015bci Szpitala, a pacjentom zwi\u0119kszy komfort zar\u00f3wno leczniczy jak <br \/>i logistyczny.<\/p>\t\t\t\t\t\t\t\t<\/div>\n\t\t\t\t<\/div>\n\t\t\t\t\t<\/div>\n\t\t<\/div>\n\t\t\t\t\t<\/div>\n\t\t<\/section>\n\t\t\t\t<\/div>\n\t\t","protected":false},"excerpt":{"rendered":"<p>Adaptacja pomieszcze\u0144 na potrzeby Og\u00f3lnej Izby Przyj\u0119\u0107 w Wojew\u00f3dzkim Szpitalu Specjalistycznym\u00a0im. \u015aw. Rafa\u0142a w Czerwonej G\u00f3rze &#8222;Adaptacja pomieszcze\u0144 na potrzeby Og\u00f3lnej Izby Przyj\u0119\u0107 w Wojew\u00f3dzkim Szpitalu Specjalistycznym im. \u015aw. Rafa\u0142a w Czerwonej G\u00f3rze&#8222; dofinansowana zosta\u0142a w kwocie 2\u00a0410\u00a0864,51 z\u0142 ze \u015brodk\u00f3w Bud\u017cetu Wojew\u00f3dztwa \u015awi\u0119tokrzyskiego w ramach umowy z Rz\u0105dowym Funduszem Inwestycji Lokalnych.\u00a0 Warto\u015b\u0107 og\u00f3\u0142em zrealizowanego [&hellip;]<\/p>\n","protected":false},"author":4,"featured_media":0,"parent":0,"menu_order":0,"comment_status":"closed","ping_status":"closed","template":"","meta":{"zakra_page_container_layout":"customizer","zakra_page_sidebar_layout":"customizer","zakra_remove_content_margin":false,"zakra_sidebar":"customizer","zakra_transparent_header":"customizer","zakra_logo":0,"zakra_main_header_style":"default","zakra_menu_item_color":"","zakra_menu_item_hover_color":"","zakra_menu_item_active_color":"","zakra_menu_active_style":"","zakra_page_header":true,"footnotes":""},"class_list":["post-16593","page","type-page","status-publish","hentry"],"yoast_head":"<!-- This site is optimized with the Yoast SEO plugin v27.3 - https:\/\/yoast.com\/product\/yoast-seo-wordpress\/ -->\n<title>Adaptacja pomieszcze\u0144 na potrzeby Og\u00f3lnej Izby Przyj\u0119\u0107 w Wojew\u00f3dzkim Szpitalu Specjalistycznym im. \u015aw. Rafa\u0142a w Czerwonej G\u00f3rze - Wojew\u00f3dzki Szpital Specjalistyczny im. \u015aw. Rafa\u0142a w Czerwonej G\u00f3rze<\/title>\n<meta name=\"robots\" content=\"index, follow, max-snippet:-1, max-image-preview:large, max-video-preview:-1\" \/>\n<link rel=\"canonical\" href=\"https:\/\/czerwonagora.pl\/index.php\/adaptacja-pomieszczen-na-potrzeby-ogolnej-izby-przyjec-w-wojewodzkim-szpitalu-specjalistycznym-im-sw-rafala-w-czerwonej-gorze\/\" \/>\n<meta property=\"og:locale\" content=\"pl_PL\" \/>\n<meta property=\"og:type\" content=\"article\" \/>\n<meta property=\"og:title\" content=\"Adaptacja pomieszcze\u0144 na potrzeby Og\u00f3lnej Izby Przyj\u0119\u0107 w Wojew\u00f3dzkim Szpitalu Specjalistycznym im. \u015aw. Rafa\u0142a w Czerwonej G\u00f3rze - Wojew\u00f3dzki Szpital Specjalistyczny im. \u015aw. Rafa\u0142a w Czerwonej G\u00f3rze\" \/>\n<meta property=\"og:description\" content=\"Adaptacja pomieszcze\u0144 na potrzeby Og\u00f3lnej Izby Przyj\u0119\u0107 w Wojew\u00f3dzkim Szpitalu Specjalistycznym\u00a0im. \u015aw. Rafa\u0142a w Czerwonej G\u00f3rze &#8222;Adaptacja pomieszcze\u0144 na potrzeby Og\u00f3lnej Izby Przyj\u0119\u0107 w Wojew\u00f3dzkim Szpitalu Specjalistycznym im. \u015aw. Rafa\u0142a w Czerwonej G\u00f3rze&#8222; dofinansowana zosta\u0142a w kwocie 2\u00a0410\u00a0864,51 z\u0142 ze \u015brodk\u00f3w Bud\u017cetu Wojew\u00f3dztwa \u015awi\u0119tokrzyskiego w ramach umowy z Rz\u0105dowym Funduszem Inwestycji Lokalnych.\u00a0 Warto\u015b\u0107 og\u00f3\u0142em zrealizowanego [&hellip;]\" \/>\n<meta property=\"og:url\" content=\"https:\/\/czerwonagora.pl\/index.php\/adaptacja-pomieszczen-na-potrzeby-ogolnej-izby-przyjec-w-wojewodzkim-szpitalu-specjalistycznym-im-sw-rafala-w-czerwonej-gorze\/\" \/>\n<meta property=\"og:site_name\" content=\"Wojew\u00f3dzki Szpital Specjalistyczny im. \u015aw. Rafa\u0142a w Czerwonej G\u00f3rze\" \/>\n<meta property=\"article:publisher\" content=\"https:\/\/www.facebook.com\/SzpitalCzerwonaGora\/\" \/>\n<meta property=\"article:modified_time\" content=\"2022-03-25T10:04:20+00:00\" \/>\n<meta property=\"og:image\" content=\"https:\/\/czerwonagora.pl\/wp-content\/uploads\/2022\/03\/pluca.jpg\" \/>\n<meta name=\"twitter:card\" content=\"summary_large_image\" \/>\n<meta name=\"twitter:label1\" content=\"Szacowany czas czytania\" \/>\n\t<meta name=\"twitter:data1\" content=\"2 minuty\" \/>\n<script type=\"application\/ld+json\" class=\"yoast-schema-graph\">{\"@context\":\"https:\\\/\\\/schema.org\",\"@graph\":[{\"@type\":\"WebPage\",\"@id\":\"https:\\\/\\\/czerwonagora.pl\\\/index.php\\\/adaptacja-pomieszczen-na-potrzeby-ogolnej-izby-przyjec-w-wojewodzkim-szpitalu-specjalistycznym-im-sw-rafala-w-czerwonej-gorze\\\/\",\"url\":\"https:\\\/\\\/czerwonagora.pl\\\/index.php\\\/adaptacja-pomieszczen-na-potrzeby-ogolnej-izby-przyjec-w-wojewodzkim-szpitalu-specjalistycznym-im-sw-rafala-w-czerwonej-gorze\\\/\",\"name\":\"Adaptacja pomieszcze\u0144 na potrzeby Og\u00f3lnej Izby Przyj\u0119\u0107 w Wojew\u00f3dzkim Szpitalu Specjalistycznym im. \u015aw. Rafa\u0142a w Czerwonej G\u00f3rze - Wojew\u00f3dzki Szpital Specjalistyczny im. \u015aw. Rafa\u0142a w Czerwonej G\u00f3rze\",\"isPartOf\":{\"@id\":\"https:\\\/\\\/czerwonagora.pl\\\/#website\"},\"primaryImageOfPage\":{\"@id\":\"https:\\\/\\\/czerwonagora.pl\\\/index.php\\\/adaptacja-pomieszczen-na-potrzeby-ogolnej-izby-przyjec-w-wojewodzkim-szpitalu-specjalistycznym-im-sw-rafala-w-czerwonej-gorze\\\/#primaryimage\"},\"image\":{\"@id\":\"https:\\\/\\\/czerwonagora.pl\\\/index.php\\\/adaptacja-pomieszczen-na-potrzeby-ogolnej-izby-przyjec-w-wojewodzkim-szpitalu-specjalistycznym-im-sw-rafala-w-czerwonej-gorze\\\/#primaryimage\"},\"thumbnailUrl\":\"https:\\\/\\\/czerwonagora.pl\\\/wp-content\\\/uploads\\\/2022\\\/03\\\/pluca.jpg\",\"datePublished\":\"2022-03-25T09:44:34+00:00\",\"dateModified\":\"2022-03-25T10:04:20+00:00\",\"breadcrumb\":{\"@id\":\"https:\\\/\\\/czerwonagora.pl\\\/index.php\\\/adaptacja-pomieszczen-na-potrzeby-ogolnej-izby-przyjec-w-wojewodzkim-szpitalu-specjalistycznym-im-sw-rafala-w-czerwonej-gorze\\\/#breadcrumb\"},\"inLanguage\":\"pl-PL\",\"potentialAction\":[{\"@type\":\"ReadAction\",\"target\":[\"https:\\\/\\\/czerwonagora.pl\\\/index.php\\\/adaptacja-pomieszczen-na-potrzeby-ogolnej-izby-przyjec-w-wojewodzkim-szpitalu-specjalistycznym-im-sw-rafala-w-czerwonej-gorze\\\/\"]}]},{\"@type\":\"ImageObject\",\"inLanguage\":\"pl-PL\",\"@id\":\"https:\\\/\\\/czerwonagora.pl\\\/index.php\\\/adaptacja-pomieszczen-na-potrzeby-ogolnej-izby-przyjec-w-wojewodzkim-szpitalu-specjalistycznym-im-sw-rafala-w-czerwonej-gorze\\\/#primaryimage\",\"url\":\"https:\\\/\\\/czerwonagora.pl\\\/wp-content\\\/uploads\\\/2022\\\/03\\\/pluca.jpg\",\"contentUrl\":\"https:\\\/\\\/czerwonagora.pl\\\/wp-content\\\/uploads\\\/2022\\\/03\\\/pluca.jpg\",\"width\":1024,\"height\":459},{\"@type\":\"BreadcrumbList\",\"@id\":\"https:\\\/\\\/czerwonagora.pl\\\/index.php\\\/adaptacja-pomieszczen-na-potrzeby-ogolnej-izby-przyjec-w-wojewodzkim-szpitalu-specjalistycznym-im-sw-rafala-w-czerwonej-gorze\\\/#breadcrumb\",\"itemListElement\":[{\"@type\":\"ListItem\",\"position\":1,\"name\":\"Strona g\u0142\u00f3wna\",\"item\":\"https:\\\/\\\/czerwonagora.pl\\\/\"},{\"@type\":\"ListItem\",\"position\":2,\"name\":\"Adaptacja pomieszcze\u0144 na potrzeby Og\u00f3lnej Izby Przyj\u0119\u0107 w Wojew\u00f3dzkim Szpitalu Specjalistycznym im. \u015aw. Rafa\u0142a w Czerwonej G\u00f3rze\"}]},{\"@type\":\"WebSite\",\"@id\":\"https:\\\/\\\/czerwonagora.pl\\\/#website\",\"url\":\"https:\\\/\\\/czerwonagora.pl\\\/\",\"name\":\"Wojew\u00f3dzki Szpital Specjalistyczny im. \u015aw. Rafa\u0142a w Czerwonej G\u00f3rze\",\"description\":\"Wojew\u00f3dzki Szpital Specjalistyczny im. \u015aw. Rafa\u0142a w Czerwonej G\u00f3rze\",\"publisher\":{\"@id\":\"https:\\\/\\\/czerwonagora.pl\\\/#organization\"},\"potentialAction\":[{\"@type\":\"SearchAction\",\"target\":{\"@type\":\"EntryPoint\",\"urlTemplate\":\"https:\\\/\\\/czerwonagora.pl\\\/?s={search_term_string}\"},\"query-input\":{\"@type\":\"PropertyValueSpecification\",\"valueRequired\":true,\"valueName\":\"search_term_string\"}}],\"inLanguage\":\"pl-PL\"},{\"@type\":\"Organization\",\"@id\":\"https:\\\/\\\/czerwonagora.pl\\\/#organization\",\"name\":\"Wojew\u00f3dzki Szpital Specjalistyczny im. \u015aw. Rafa\u0142a w Czerwonej G\u00f3rze\",\"url\":\"https:\\\/\\\/czerwonagora.pl\\\/\",\"logo\":{\"@type\":\"ImageObject\",\"inLanguage\":\"pl-PL\",\"@id\":\"https:\\\/\\\/czerwonagora.pl\\\/#\\\/schema\\\/logo\\\/image\\\/\",\"url\":\"https:\\\/\\\/czerwonagora.pl\\\/wp-content\\\/uploads\\\/2021\\\/06\\\/Logo-WSS-DUZE-transparentne.png\",\"contentUrl\":\"https:\\\/\\\/czerwonagora.pl\\\/wp-content\\\/uploads\\\/2021\\\/06\\\/Logo-WSS-DUZE-transparentne.png\",\"width\":4210,\"height\":2975,\"caption\":\"Wojew\u00f3dzki Szpital Specjalistyczny im. \u015aw. Rafa\u0142a w Czerwonej G\u00f3rze\"},\"image\":{\"@id\":\"https:\\\/\\\/czerwonagora.pl\\\/#\\\/schema\\\/logo\\\/image\\\/\"},\"sameAs\":[\"https:\\\/\\\/www.facebook.com\\\/SzpitalCzerwonaGora\\\/\"]}]}<\/script>\n<!-- \/ Yoast SEO plugin. -->","yoast_head_json":{"title":"Adaptacja pomieszcze\u0144 na potrzeby Og\u00f3lnej Izby Przyj\u0119\u0107 w Wojew\u00f3dzkim Szpitalu Specjalistycznym im. \u015aw. Rafa\u0142a w Czerwonej G\u00f3rze - Wojew\u00f3dzki Szpital Specjalistyczny im. \u015aw. Rafa\u0142a w Czerwonej G\u00f3rze","robots":{"index":"index","follow":"follow","max-snippet":"max-snippet:-1","max-image-preview":"max-image-preview:large","max-video-preview":"max-video-preview:-1"},"canonical":"https:\/\/czerwonagora.pl\/index.php\/adaptacja-pomieszczen-na-potrzeby-ogolnej-izby-przyjec-w-wojewodzkim-szpitalu-specjalistycznym-im-sw-rafala-w-czerwonej-gorze\/","og_locale":"pl_PL","og_type":"article","og_title":"Adaptacja pomieszcze\u0144 na potrzeby Og\u00f3lnej Izby Przyj\u0119\u0107 w Wojew\u00f3dzkim Szpitalu Specjalistycznym im. \u015aw. Rafa\u0142a w Czerwonej G\u00f3rze - Wojew\u00f3dzki Szpital Specjalistyczny im. \u015aw. Rafa\u0142a w Czerwonej G\u00f3rze","og_description":"Adaptacja pomieszcze\u0144 na potrzeby Og\u00f3lnej Izby Przyj\u0119\u0107 w Wojew\u00f3dzkim Szpitalu Specjalistycznym\u00a0im. \u015aw. Rafa\u0142a w Czerwonej G\u00f3rze &#8222;Adaptacja pomieszcze\u0144 na potrzeby Og\u00f3lnej Izby Przyj\u0119\u0107 w Wojew\u00f3dzkim Szpitalu Specjalistycznym im. \u015aw. Rafa\u0142a w Czerwonej G\u00f3rze&#8222; dofinansowana zosta\u0142a w kwocie 2\u00a0410\u00a0864,51 z\u0142 ze \u015brodk\u00f3w Bud\u017cetu Wojew\u00f3dztwa \u015awi\u0119tokrzyskiego w ramach umowy z Rz\u0105dowym Funduszem Inwestycji Lokalnych.\u00a0 Warto\u015b\u0107 og\u00f3\u0142em zrealizowanego [&hellip;]","og_url":"https:\/\/czerwonagora.pl\/index.php\/adaptacja-pomieszczen-na-potrzeby-ogolnej-izby-przyjec-w-wojewodzkim-szpitalu-specjalistycznym-im-sw-rafala-w-czerwonej-gorze\/","og_site_name":"Wojew\u00f3dzki Szpital Specjalistyczny im. \u015aw. Rafa\u0142a w Czerwonej G\u00f3rze","article_publisher":"https:\/\/www.facebook.com\/SzpitalCzerwonaGora\/","article_modified_time":"2022-03-25T10:04:20+00:00","og_image":[{"url":"https:\/\/czerwonagora.pl\/wp-content\/uploads\/2022\/03\/pluca.jpg","type":"","width":"","height":""}],"twitter_card":"summary_large_image","twitter_misc":{"Szacowany czas czytania":"2 minuty"},"schema":{"@context":"https:\/\/schema.org","@graph":[{"@type":"WebPage","@id":"https:\/\/czerwonagora.pl\/index.php\/adaptacja-pomieszczen-na-potrzeby-ogolnej-izby-przyjec-w-wojewodzkim-szpitalu-specjalistycznym-im-sw-rafala-w-czerwonej-gorze\/","url":"https:\/\/czerwonagora.pl\/index.php\/adaptacja-pomieszczen-na-potrzeby-ogolnej-izby-przyjec-w-wojewodzkim-szpitalu-specjalistycznym-im-sw-rafala-w-czerwonej-gorze\/","name":"Adaptacja pomieszcze\u0144 na potrzeby Og\u00f3lnej Izby Przyj\u0119\u0107 w Wojew\u00f3dzkim Szpitalu Specjalistycznym im. \u015aw. Rafa\u0142a w Czerwonej G\u00f3rze - Wojew\u00f3dzki Szpital Specjalistyczny im. \u015aw. Rafa\u0142a w Czerwonej G\u00f3rze","isPartOf":{"@id":"https:\/\/czerwonagora.pl\/#website"},"primaryImageOfPage":{"@id":"https:\/\/czerwonagora.pl\/index.php\/adaptacja-pomieszczen-na-potrzeby-ogolnej-izby-przyjec-w-wojewodzkim-szpitalu-specjalistycznym-im-sw-rafala-w-czerwonej-gorze\/#primaryimage"},"image":{"@id":"https:\/\/czerwonagora.pl\/index.php\/adaptacja-pomieszczen-na-potrzeby-ogolnej-izby-przyjec-w-wojewodzkim-szpitalu-specjalistycznym-im-sw-rafala-w-czerwonej-gorze\/#primaryimage"},"thumbnailUrl":"https:\/\/czerwonagora.pl\/wp-content\/uploads\/2022\/03\/pluca.jpg","datePublished":"2022-03-25T09:44:34+00:00","dateModified":"2022-03-25T10:04:20+00:00","breadcrumb":{"@id":"https:\/\/czerwonagora.pl\/index.php\/adaptacja-pomieszczen-na-potrzeby-ogolnej-izby-przyjec-w-wojewodzkim-szpitalu-specjalistycznym-im-sw-rafala-w-czerwonej-gorze\/#breadcrumb"},"inLanguage":"pl-PL","potentialAction":[{"@type":"ReadAction","target":["https:\/\/czerwonagora.pl\/index.php\/adaptacja-pomieszczen-na-potrzeby-ogolnej-izby-przyjec-w-wojewodzkim-szpitalu-specjalistycznym-im-sw-rafala-w-czerwonej-gorze\/"]}]},{"@type":"ImageObject","inLanguage":"pl-PL","@id":"https:\/\/czerwonagora.pl\/index.php\/adaptacja-pomieszczen-na-potrzeby-ogolnej-izby-przyjec-w-wojewodzkim-szpitalu-specjalistycznym-im-sw-rafala-w-czerwonej-gorze\/#primaryimage","url":"https:\/\/czerwonagora.pl\/wp-content\/uploads\/2022\/03\/pluca.jpg","contentUrl":"https:\/\/czerwonagora.pl\/wp-content\/uploads\/2022\/03\/pluca.jpg","width":1024,"height":459},{"@type":"BreadcrumbList","@id":"https:\/\/czerwonagora.pl\/index.php\/adaptacja-pomieszczen-na-potrzeby-ogolnej-izby-przyjec-w-wojewodzkim-szpitalu-specjalistycznym-im-sw-rafala-w-czerwonej-gorze\/#breadcrumb","itemListElement":[{"@type":"ListItem","position":1,"name":"Strona g\u0142\u00f3wna","item":"https:\/\/czerwonagora.pl\/"},{"@type":"ListItem","position":2,"name":"Adaptacja pomieszcze\u0144 na potrzeby Og\u00f3lnej Izby Przyj\u0119\u0107 w Wojew\u00f3dzkim Szpitalu Specjalistycznym im. \u015aw. Rafa\u0142a w Czerwonej G\u00f3rze"}]},{"@type":"WebSite","@id":"https:\/\/czerwonagora.pl\/#website","url":"https:\/\/czerwonagora.pl\/","name":"Wojew\u00f3dzki Szpital Specjalistyczny im. \u015aw. Rafa\u0142a w Czerwonej G\u00f3rze","description":"Wojew\u00f3dzki Szpital Specjalistyczny im. \u015aw. Rafa\u0142a w Czerwonej G\u00f3rze","publisher":{"@id":"https:\/\/czerwonagora.pl\/#organization"},"potentialAction":[{"@type":"SearchAction","target":{"@type":"EntryPoint","urlTemplate":"https:\/\/czerwonagora.pl\/?s={search_term_string}"},"query-input":{"@type":"PropertyValueSpecification","valueRequired":true,"valueName":"search_term_string"}}],"inLanguage":"pl-PL"},{"@type":"Organization","@id":"https:\/\/czerwonagora.pl\/#organization","name":"Wojew\u00f3dzki Szpital Specjalistyczny im. \u015aw. Rafa\u0142a w Czerwonej G\u00f3rze","url":"https:\/\/czerwonagora.pl\/","logo":{"@type":"ImageObject","inLanguage":"pl-PL","@id":"https:\/\/czerwonagora.pl\/#\/schema\/logo\/image\/","url":"https:\/\/czerwonagora.pl\/wp-content\/uploads\/2021\/06\/Logo-WSS-DUZE-transparentne.png","contentUrl":"https:\/\/czerwonagora.pl\/wp-content\/uploads\/2021\/06\/Logo-WSS-DUZE-transparentne.png","width":4210,"height":2975,"caption":"Wojew\u00f3dzki Szpital Specjalistyczny im. \u015aw. Rafa\u0142a w Czerwonej G\u00f3rze"},"image":{"@id":"https:\/\/czerwonagora.pl\/#\/schema\/logo\/image\/"},"sameAs":["https:\/\/www.facebook.com\/SzpitalCzerwonaGora\/"]}]}},"publishpress_future_action":{"enabled":false,"date":"2026-04-24 05:55:46","action":"change-status","newStatus":"draft","terms":[],"taxonomy":"","extraData":[]},"publishpress_future_workflow_manual_trigger":{"enabledWorkflows":[]},"_links":{"self":[{"href":"https:\/\/czerwonagora.pl\/index.php\/wp-json\/wp\/v2\/pages\/16593","targetHints":{"allow":["GET"]}}],"collection":[{"href":"https:\/\/czerwonagora.pl\/index.php\/wp-json\/wp\/v2\/pages"}],"about":[{"href":"https:\/\/czerwonagora.pl\/index.php\/wp-json\/wp\/v2\/types\/page"}],"author":[{"embeddable":true,"href":"https:\/\/czerwonagora.pl\/index.php\/wp-json\/wp\/v2\/users\/4"}],"replies":[{"embeddable":true,"href":"https:\/\/czerwonagora.pl\/index.php\/wp-json\/wp\/v2\/comments?post=16593"}],"version-history":[{"count":14,"href":"https:\/\/czerwonagora.pl\/index.php\/wp-json\/wp\/v2\/pages\/16593\/revisions"}],"predecessor-version":[{"id":22514,"href":"https:\/\/czerwonagora.pl\/index.php\/wp-json\/wp\/v2\/pages\/16593\/revisions\/22514"}],"wp:attachment":[{"href":"https:\/\/czerwonagora.pl\/index.php\/wp-json\/wp\/v2\/media?parent=16593"}],"curies":[{"name":"wp","href":"https:\/\/api.w.org\/{rel}","templated":true}]}}