{"id":31273,"date":"2026-02-27T10:10:48","date_gmt":"2026-02-27T09:10:48","guid":{"rendered":"https:\/\/czerwonagora.pl\/?page_id=31273"},"modified":"2026-04-02T13:00:22","modified_gmt":"2026-04-02T11:00:22","slug":"ambulatoryjny-i-dzienny-osrodek-kompleksowej-diagnostyki-raka-pluca","status":"publish","type":"page","link":"https:\/\/czerwonagora.pl\/index.php\/ambulatoryjny-i-dzienny-osrodek-kompleksowej-diagnostyki-raka-pluca\/","title":{"rendered":"Ambulatoryjny i Dzienny O\u015brodek Kompleksowej Diagnostyki Raka P\u0142uca"},"content":{"rendered":"\t\t<div data-elementor-type=\"wp-page\" data-elementor-id=\"31273\" class=\"elementor elementor-31273\">\n\t\t\t\t\t\t<section class=\"elementor-section elementor-top-section elementor-element elementor-element-db55f09 elementor-section-boxed elementor-section-height-default elementor-section-height-default\" data-id=\"db55f09\" data-element_type=\"section\" data-e-type=\"section\">\n\t\t\t\t\t\t<div class=\"elementor-container elementor-column-gap-default\">\n\t\t\t\t\t<div class=\"elementor-column elementor-col-100 elementor-top-column elementor-element elementor-element-f2ab423\" data-id=\"f2ab423\" data-element_type=\"column\" data-e-type=\"column\">\n\t\t\t<div class=\"elementor-widget-wrap elementor-element-populated\">\n\t\t\t\t\t\t<div class=\"elementor-element elementor-element-9b72cf8 elementor-widget elementor-widget-image\" data-id=\"9b72cf8\" data-element_type=\"widget\" data-e-type=\"widget\" data-widget_type=\"image.default\">\n\t\t\t\t<div class=\"elementor-widget-container\">\n\t\t\t\t\t\t\t\t\t\t\t\t\t\t\t<img fetchpriority=\"high\" decoding=\"async\" width=\"1024\" height=\"79\" src=\"https:\/\/czerwonagora.pl\/wp-content\/uploads\/2026\/01\/logo_projekt-1024x79.png\" class=\"attachment-large size-large wp-image-31064\" alt=\"\" srcset=\"https:\/\/czerwonagora.pl\/wp-content\/uploads\/2026\/01\/logo_projekt-1024x79.png 1024w, https:\/\/czerwonagora.pl\/wp-content\/uploads\/2026\/01\/logo_projekt-300x23.png 300w, https:\/\/czerwonagora.pl\/wp-content\/uploads\/2026\/01\/logo_projekt-768x59.png 768w, https:\/\/czerwonagora.pl\/wp-content\/uploads\/2026\/01\/logo_projekt.png 1384w\" sizes=\"(max-width: 1024px) 100vw, 1024px\" \/>\t\t\t\t\t\t\t\t\t\t\t\t\t\t\t<\/div>\n\t\t\t\t<\/div>\n\t\t\t\t<div class=\"elementor-element elementor-element-95a0a96 elementor-widget elementor-widget-image\" data-id=\"95a0a96\" data-element_type=\"widget\" data-e-type=\"widget\" data-widget_type=\"image.default\">\n\t\t\t\t<div class=\"elementor-widget-container\">\n\t\t\t\t\t\t\t\t\t\t\t\t\t\t\t<img decoding=\"async\" width=\"640\" height=\"391\" src=\"https:\/\/czerwonagora.pl\/wp-content\/uploads\/2026\/02\/6d4fc4f5-de44-4422-afb6-ea2c8613ac7b.jpg\" class=\"attachment-large size-large wp-image-31240\" alt=\"\" srcset=\"https:\/\/czerwonagora.pl\/wp-content\/uploads\/2026\/02\/6d4fc4f5-de44-4422-afb6-ea2c8613ac7b.jpg 640w, https:\/\/czerwonagora.pl\/wp-content\/uploads\/2026\/02\/6d4fc4f5-de44-4422-afb6-ea2c8613ac7b-300x183.jpg 300w\" sizes=\"(max-width: 640px) 100vw, 640px\" \/>\t\t\t\t\t\t\t\t\t\t\t\t\t\t\t<\/div>\n\t\t\t\t<\/div>\n\t\t\t\t\t<\/div>\n\t\t<\/div>\n\t\t\t\t\t<\/div>\n\t\t<\/section>\n\t\t\t\t<section class=\"elementor-section elementor-top-section elementor-element elementor-element-ba74e7b elementor-section-boxed elementor-section-height-default elementor-section-height-default\" data-id=\"ba74e7b\" data-element_type=\"section\" data-e-type=\"section\">\n\t\t\t\t\t\t<div class=\"elementor-container elementor-column-gap-default\">\n\t\t\t\t\t<div class=\"elementor-column elementor-col-100 elementor-top-column elementor-element elementor-element-677a20e\" data-id=\"677a20e\" data-element_type=\"column\" data-e-type=\"column\">\n\t\t\t<div class=\"elementor-widget-wrap elementor-element-populated\">\n\t\t\t\t\t\t<div class=\"elementor-element elementor-element-f6f27d1 elementor-widget elementor-widget-text-editor\" data-id=\"f6f27d1\" data-element_type=\"widget\" data-e-type=\"widget\" data-widget_type=\"text-editor.default\">\n\t\t\t\t<div class=\"elementor-widget-container\">\n\t\t\t\t\t\t\t\t\t<p><strong>Tytu\u0142 projektu<\/strong>: Ambulatoryjny i Dzienny O\u015brodek Kompleksowej Diagnostyki Raka P\u0142uca<br \/><strong>nr Projektu:<\/strong> FESW.05.03-IZ.00-0001\/25<\/p><p>Dzia\u0142anie 5.3: \u201eInfrastruktura zdrowotna\u201d <br \/>Priorytet 5: \u201eFundusze Europejskie dla rozwoju spo\u0142ecznego\u201d<br \/><strong>Program Fundusze Europejskie dla \u015awi\u0119tokrzyskiego 2021-2027<\/strong><\/p><p><strong>Miejsce realizacji<\/strong>: Wojew\u00f3dztwo \u015awi\u0119tokrzyskie<br \/><strong>Beneficjent: Wojew\u00f3dzki Szpital Specjalistyczny im. \u015aw. Rafa\u0142a w Czerwonej G\u00f3rze<\/strong><br \/><strong>Grupa docelowa: mieszka\u0144cy Wojew\u00f3dztwa \u015awi\u0119tokrzyskiego<\/strong><\/p><p><strong>Warto\u015b\u0107 og\u00f3\u0142em<\/strong> \u2013 24 118 170,75 z\u0142<br \/><strong>Koszty kwalifikowane<\/strong> \u2013 19\u00a0509\u00a0392,71 z\u0142<br \/><strong>Dofinansowanie EFRR<\/strong> \u2013 12\u00a0978\u00a0555,04 z\u0142<br \/><strong>Zabezpieczone \u015brodki z bud\u017cetu Wojew\u00f3dztwa \u015awi\u0119tokrzyskiego:<\/strong> 8 138 749,00<br \/><strong>Wk\u0142ad w\u0142asny Beneficjenta<\/strong> \u2013 3 000 866,71 z\u0142, <br \/><strong>Okres realizacji:<\/strong> 01.08.2025 r. &#8211; 31.12.2027 r.<\/p><p><strong>Cel Projektu:<\/strong><br \/><strong>G\u0142\u00f3wnym celem projektu<\/strong> jest utworzenie Ambulatoryjnego i Dziennego O\u015brodka Kompleksowej Diagnostyki Raka P\u0142uca <strong>poprzez nadbudow\u0119 dw\u00f3ch dodatkowych kondygnacji nad pawilonem \u015awi\u0119tokrzyskiego Centrum Chor\u00f3b P\u0142uc.<\/strong> O\u015brodek ten b\u0119dzie \u015bci\u015ble zintegrowany z\u00a0istniej\u0105cymi oddzia\u0142ami szpitalnymi, szczeg\u00f3lnie z Oddzia\u0142ami Chor\u00f3b P\u0142uc, Oddzia\u0142em Chirurgii Klatki Piersiowej, Oddzia\u0142em Chemioterapii Dziennej oraz Dzia\u0142em Rehabilitacji Medycznej, co pozwoli na zapewnienie pacjentom kompleksowej interdyscyplinarnej opieki medycznej. Planowana do realizacji inwestycja ma na celu utworzenie wyspecjalizowanego o\u015brodka umo\u017cliwiaj\u0105cego szybkie przeprowadzenie ca\u0142ego procesu diagnostycznego w trybie ambulatoryjnym i jednodniowym, co pozwoli na istotne skr\u00f3cenie czasu od podejrzenia choroby do rozpoznania i wdro\u017cenia leczenia, a tym samym zwi\u0119kszy szanse na wczesne wykrycie raka p\u0142uca \u2013 jednego z najcz\u0119stszych i najgro\u017aniejszych nowotwor\u00f3w z\u0142o\u015bliwych w Polsce.<\/p><p><strong>Korzy\u015bci dla pacjent\u00f3w i systemu ochrony zdrowia:<\/strong><br \/>W ramach O\u015brodka pacjent otrzyma konsultacj\u0119 specjalistyczn\u0105 oraz wykona najwa\u017cniejsze badania diagnostyczne w jednym miejscu i w ci\u0105gu jednego dnia. Zakres diagnostyki obejmowa\u0107 b\u0119dzie m.in.: tomografi\u0119 komputerow\u0105 (TK), bronchoskopi\u0119\/EBUS, RTG, USG, pletyzmografi\u0119\/spirometri\u0119 i badania laboratoryjne. Realizacja diagnostyki w trybie ambulatoryjnym i jednodniowym ograniczy ilo\u015b\u0107 hospitalizacji i zmniejszy ryzyko zaka\u017ce\u0144 szpitalnych, co ma szczeg\u00f3lne znaczenie w przypadku pacjent\u00f3w onkologicznych, kt\u00f3rych odporno\u015b\u0107 jest obni\u017cona.<\/p><p><b>W ramach przedsi\u0119wzi\u0119cia zaplanowano: <\/b><br \/>\u2981 nadbudowy dw\u00f3ch kondygnacji na obecnym budynku \u015awi\u0119tokrzyskiego Centrum Chor\u00f3b P\u0142uc, w ramach kt\u00f3rego powstanie Ambulatoryjny i Dzienny O\u015brodek Kompleksowej Diagnostyki Raka P\u0142uca zawieraj\u0105cy m.in.: pracownie: TK, RTG, USG, bronchoskopii, pletyzmografii i spirometrii, poradni\u0119 pulmonologiczn\u0105, gabinety: bada\u0144, zabiegowe, lekarskie, sal\u0119 obserwacyjn\u0105, dy\u017curki piel\u0119gniarskie oraz: rejestracj\u0119, poczekalni\u0119, sekretariaty,<br \/>\u2981 zakres prac obejmie m.in.: roboty rozbi\u00f3rkowe niezb\u0119dnych element\u00f3w, roboty budowlane, instalacje elektryczne, teletechniczne, sanitarne i gaz\u00f3w medycznych, monta\u017c nowoczesnego wyposa\u017cenia socjalno-biurowego, dostosowanie obiektu do potrzeb os\u00f3b z niepe\u0142nosprawno\u015bciami poprzez usuwanie barier architektonicznych,<br \/>\u2981 budynek zostanie wykonany w standardzie energooszcz\u0119dnym. Na jego dachu pojawi\u0105 si\u0119 panele fotowoltaiczne o mocy 49,9 kWp oraz pompy ciep\u0142a, co pozwoli na ograniczenie koszt\u00f3w eksploatacyjnych i wpisze si\u0119 w polityk\u0119 zr\u00f3wnowa\u017conego rozwoju,<br \/>\u2981 zakup niezb\u0119dnej specjalistycznej aparatury medycznej i wyposa\u017cenia m.in.: tomograf komputerowy ze wstrzykiwaczem, aparaty RTG, EKG, wie\u017ca bronchoskopowa, bronchoskop wideo, bronchoskop Ebus, ssak endoskopowy, kardiomonitory, pletyzmografy.<br \/><strong>Efektem wprowadzonych dzia\u0142a\u0144 b\u0119dzie:<\/strong><br \/><strong>1. Kompleksowa diagnostyka w trybie ambulatoryjnym i dziennym, odwr\u00f3cenie piramidy \u015bwiadcze\u0144:<\/strong> <br \/>\u2981 umo\u017cliwienie mieszka\u0144com woj. \u015bwi\u0119tokrzyskiego pe\u0142nej diagnostyki raka p\u0142uca tj.: obrazowej, endoskopowej, czynno\u015bciowej uk\u0142adu oddechowego, laboratoryjnej w trybie ambulatoryjnym i dziennym; <br \/>\u2981 skr\u00f3cenie czasu od pe\u0142nej diagnozy do rozpocz\u0119cia leczenia, co przyczyni si\u0119 do zwi\u0119kszenia skuteczno\u015bci leczenia; <br \/>\u2981 zredukowanie ilo\u015bci hospitalizacji pacjent\u00f3w, co przyczyni si\u0119 do zwi\u0119kszenia dost\u0119pno\u015bci \u0142\u00f3\u017cek szpitalnych dla pozosta\u0142ych pacjent\u00f3w; <br \/>\u2981 mo\u017cliwo\u015b\u0107 realizacji w O\u015brodku kompleksowych bada\u0144 przesiewowych (tzw. bada\u0144 skriningowych) w zakresie raka p\u0142uca, co umo\u017cliwia wcze\u015bniejsz\u0105 detekcj\u0119 choroby;<br \/>\u2981 realizacja unijnych priorytet\u00f3w polityki zdrowotnej w zakresie maksymalnego wdra\u017cania ambulatoryjnej i dziennej opieki specjalistycznej. <br \/><strong>2. Zagwarantowanie bezpiecze\u0144stwa epidemiologicznego:<\/strong> <br \/>\u2981 ograniczenie ryzyka zaka\u017ce\u0144 szpitalnych pacjent\u00f3w onkologicznych w zwi\u0105zku z zastosowaniem leczenia w trybie ambulatoryjnym i dziennym, co ograniczy kontakt z innymi chorymi.<\/p><p><strong>Wszelkie dzia\u0142ania s\u0105 przeprowadzane zgodnie zasad\u0105 r\u00f3wno\u015bci i niedyskryminacji, w tym dla os\u00f3b z niepe\u0142nosprawno\u015bciami. Efekty realizacji b\u0119d\u0105 dost\u0119pne na jednakowych zasadach dla wszystkich os\u00f3b, niezale\u017cnie od cech osobowo\u015bciowych, stopnia niepe\u0142nosprawno\u015bci czy innych czynnik\u00f3w mog\u0105cych prowadzi\u0107 do nier\u00f3wnego traktowania. Jednocze\u015bnie Projekt jest zgodny z zasad\u0105 DNSH \u2013 zak\u0142ada wykorzystanie energooszcz\u0119dnych technologii i materia\u0142\u00f3w o niskim \u015bladzie w\u0119glowym, ograniczenie emisji oraz racjonalne gospodarowanie zasobami. Inwestycja nie powoduje istotnych negatywnych skutk\u00f3w dla klimatu, w\u00f3d, gleby ani jako\u015bci powietrza, a zastosowane rozwi\u0105zania wspieraj\u0105 efektywno\u015b\u0107 energetyczn\u0105 i ograniczenie zanieczyszcze\u0144.<\/strong><\/p><p data-start=\"385\" data-end=\"620\" data-is-last-node=\"\" data-is-only-node=\"\"><strong>Projekt uwzgl\u0119dnia zasady gospodarki o obiegu zamkni\u0119tym (recykling, ograniczenie odpad\u00f3w) oraz nie wp\u0142ywa negatywnie na bior\u00f3\u017cnorodno\u015b\u0107, poniewa\u017c realizowany jest na terenie ju\u017c zagospodarowanym, bez ingerencji w obszary przyrodnicze.<\/strong><\/p><p><strong>#FunduszeEuropejskie<\/strong><\/p>\t\t\t\t\t\t\t\t<\/div>\n\t\t\t\t<\/div>\n\t\t\t\t\t<\/div>\n\t\t<\/div>\n\t\t\t\t\t<\/div>\n\t\t<\/section>\n\t\t\t\t<\/div>\n\t\t","protected":false},"excerpt":{"rendered":"<p>Tytu\u0142 projektu: Ambulatoryjny i Dzienny O\u015brodek Kompleksowej Diagnostyki Raka P\u0142ucanr Projektu: FESW.05.03-IZ.00-0001\/25 Dzia\u0142anie 5.3: \u201eInfrastruktura zdrowotna\u201d Priorytet 5: \u201eFundusze Europejskie dla rozwoju spo\u0142ecznego\u201dProgram Fundusze Europejskie dla \u015awi\u0119tokrzyskiego 2021-2027 Miejsce realizacji: Wojew\u00f3dztwo \u015awi\u0119tokrzyskieBeneficjent: Wojew\u00f3dzki Szpital Specjalistyczny im. \u015aw. Rafa\u0142a w Czerwonej G\u00f3rzeGrupa docelowa: mieszka\u0144cy Wojew\u00f3dztwa \u015awi\u0119tokrzyskiego Warto\u015b\u0107 og\u00f3\u0142em \u2013 24 118 170,75 z\u0142Koszty kwalifikowane \u2013 19\u00a0509\u00a0392,71 [&hellip;]<\/p>\n","protected":false},"author":12,"featured_media":0,"parent":0,"menu_order":0,"comment_status":"closed","ping_status":"closed","template":"","meta":{"zakra_page_container_layout":"customizer","zakra_page_sidebar_layout":"customizer","zakra_remove_content_margin":false,"zakra_sidebar":"customizer","zakra_transparent_header":"customizer","zakra_logo":0,"zakra_main_header_style":"default","zakra_menu_item_color":"","zakra_menu_item_hover_color":"","zakra_menu_item_active_color":"","zakra_menu_active_style":"","zakra_page_header":true,"footnotes":""},"class_list":["post-31273","page","type-page","status-publish","hentry"],"yoast_head":"<!-- This site is optimized with the Yoast SEO plugin v27.3 - https:\/\/yoast.com\/product\/yoast-seo-wordpress\/ -->\n<title>Ambulatoryjny i Dzienny O\u015brodek Kompleksowej Diagnostyki Raka P\u0142uca - Wojew\u00f3dzki Szpital Specjalistyczny im. \u015aw. Rafa\u0142a w Czerwonej G\u00f3rze<\/title>\n<meta name=\"robots\" content=\"index, follow, max-snippet:-1, max-image-preview:large, max-video-preview:-1\" \/>\n<link rel=\"canonical\" href=\"https:\/\/czerwonagora.pl\/index.php\/ambulatoryjny-i-dzienny-osrodek-kompleksowej-diagnostyki-raka-pluca\/\" \/>\n<meta property=\"og:locale\" content=\"pl_PL\" \/>\n<meta property=\"og:type\" content=\"article\" \/>\n<meta property=\"og:title\" content=\"Ambulatoryjny i Dzienny O\u015brodek Kompleksowej Diagnostyki Raka P\u0142uca - Wojew\u00f3dzki Szpital Specjalistyczny im. \u015aw. Rafa\u0142a w Czerwonej G\u00f3rze\" \/>\n<meta property=\"og:description\" content=\"Tytu\u0142 projektu: Ambulatoryjny i Dzienny O\u015brodek Kompleksowej Diagnostyki Raka P\u0142ucanr Projektu: FESW.05.03-IZ.00-0001\/25 Dzia\u0142anie 5.3: \u201eInfrastruktura zdrowotna\u201d Priorytet 5: \u201eFundusze Europejskie dla rozwoju spo\u0142ecznego\u201dProgram Fundusze Europejskie dla \u015awi\u0119tokrzyskiego 2021-2027 Miejsce realizacji: Wojew\u00f3dztwo \u015awi\u0119tokrzyskieBeneficjent: Wojew\u00f3dzki Szpital Specjalistyczny im. \u015aw. Rafa\u0142a w Czerwonej G\u00f3rzeGrupa docelowa: mieszka\u0144cy Wojew\u00f3dztwa \u015awi\u0119tokrzyskiego Warto\u015b\u0107 og\u00f3\u0142em \u2013 24 118 170,75 z\u0142Koszty kwalifikowane \u2013 19\u00a0509\u00a0392,71 [&hellip;]\" \/>\n<meta property=\"og:url\" content=\"https:\/\/czerwonagora.pl\/index.php\/ambulatoryjny-i-dzienny-osrodek-kompleksowej-diagnostyki-raka-pluca\/\" \/>\n<meta property=\"og:site_name\" content=\"Wojew\u00f3dzki Szpital Specjalistyczny im. \u015aw. Rafa\u0142a w Czerwonej G\u00f3rze\" \/>\n<meta property=\"article:publisher\" content=\"https:\/\/www.facebook.com\/SzpitalCzerwonaGora\/\" \/>\n<meta property=\"article:modified_time\" content=\"2026-04-02T11:00:22+00:00\" \/>\n<meta property=\"og:image\" content=\"https:\/\/czerwonagora.pl\/wp-content\/uploads\/2026\/01\/logo_projekt.png\" \/>\n\t<meta property=\"og:image:width\" content=\"1384\" \/>\n\t<meta property=\"og:image:height\" content=\"107\" \/>\n\t<meta property=\"og:image:type\" content=\"image\/png\" \/>\n<meta name=\"twitter:card\" content=\"summary_large_image\" \/>\n<meta name=\"twitter:label1\" content=\"Szacowany czas czytania\" \/>\n\t<meta name=\"twitter:data1\" content=\"5 minut\" \/>\n<script type=\"application\/ld+json\" class=\"yoast-schema-graph\">{\"@context\":\"https:\\\/\\\/schema.org\",\"@graph\":[{\"@type\":\"WebPage\",\"@id\":\"https:\\\/\\\/czerwonagora.pl\\\/index.php\\\/ambulatoryjny-i-dzienny-osrodek-kompleksowej-diagnostyki-raka-pluca\\\/\",\"url\":\"https:\\\/\\\/czerwonagora.pl\\\/index.php\\\/ambulatoryjny-i-dzienny-osrodek-kompleksowej-diagnostyki-raka-pluca\\\/\",\"name\":\"Ambulatoryjny i Dzienny O\u015brodek Kompleksowej Diagnostyki Raka P\u0142uca - Wojew\u00f3dzki Szpital Specjalistyczny im. \u015aw. Rafa\u0142a w Czerwonej G\u00f3rze\",\"isPartOf\":{\"@id\":\"https:\\\/\\\/czerwonagora.pl\\\/#website\"},\"primaryImageOfPage\":{\"@id\":\"https:\\\/\\\/czerwonagora.pl\\\/index.php\\\/ambulatoryjny-i-dzienny-osrodek-kompleksowej-diagnostyki-raka-pluca\\\/#primaryimage\"},\"image\":{\"@id\":\"https:\\\/\\\/czerwonagora.pl\\\/index.php\\\/ambulatoryjny-i-dzienny-osrodek-kompleksowej-diagnostyki-raka-pluca\\\/#primaryimage\"},\"thumbnailUrl\":\"https:\\\/\\\/czerwonagora.pl\\\/wp-content\\\/uploads\\\/2026\\\/01\\\/logo_projekt-1024x79.png\",\"datePublished\":\"2026-02-27T09:10:48+00:00\",\"dateModified\":\"2026-04-02T11:00:22+00:00\",\"breadcrumb\":{\"@id\":\"https:\\\/\\\/czerwonagora.pl\\\/index.php\\\/ambulatoryjny-i-dzienny-osrodek-kompleksowej-diagnostyki-raka-pluca\\\/#breadcrumb\"},\"inLanguage\":\"pl-PL\",\"potentialAction\":[{\"@type\":\"ReadAction\",\"target\":[\"https:\\\/\\\/czerwonagora.pl\\\/index.php\\\/ambulatoryjny-i-dzienny-osrodek-kompleksowej-diagnostyki-raka-pluca\\\/\"]}]},{\"@type\":\"ImageObject\",\"inLanguage\":\"pl-PL\",\"@id\":\"https:\\\/\\\/czerwonagora.pl\\\/index.php\\\/ambulatoryjny-i-dzienny-osrodek-kompleksowej-diagnostyki-raka-pluca\\\/#primaryimage\",\"url\":\"https:\\\/\\\/czerwonagora.pl\\\/wp-content\\\/uploads\\\/2026\\\/01\\\/logo_projekt.png\",\"contentUrl\":\"https:\\\/\\\/czerwonagora.pl\\\/wp-content\\\/uploads\\\/2026\\\/01\\\/logo_projekt.png\",\"width\":1384,\"height\":107},{\"@type\":\"BreadcrumbList\",\"@id\":\"https:\\\/\\\/czerwonagora.pl\\\/index.php\\\/ambulatoryjny-i-dzienny-osrodek-kompleksowej-diagnostyki-raka-pluca\\\/#breadcrumb\",\"itemListElement\":[{\"@type\":\"ListItem\",\"position\":1,\"name\":\"Strona g\u0142\u00f3wna\",\"item\":\"https:\\\/\\\/czerwonagora.pl\\\/\"},{\"@type\":\"ListItem\",\"position\":2,\"name\":\"Ambulatoryjny i Dzienny O\u015brodek Kompleksowej Diagnostyki Raka P\u0142uca\"}]},{\"@type\":\"WebSite\",\"@id\":\"https:\\\/\\\/czerwonagora.pl\\\/#website\",\"url\":\"https:\\\/\\\/czerwonagora.pl\\\/\",\"name\":\"Wojew\u00f3dzki Szpital Specjalistyczny im. \u015aw. Rafa\u0142a w Czerwonej G\u00f3rze\",\"description\":\"Wojew\u00f3dzki Szpital Specjalistyczny im. \u015aw. Rafa\u0142a w Czerwonej G\u00f3rze\",\"publisher\":{\"@id\":\"https:\\\/\\\/czerwonagora.pl\\\/#organization\"},\"potentialAction\":[{\"@type\":\"SearchAction\",\"target\":{\"@type\":\"EntryPoint\",\"urlTemplate\":\"https:\\\/\\\/czerwonagora.pl\\\/?s={search_term_string}\"},\"query-input\":{\"@type\":\"PropertyValueSpecification\",\"valueRequired\":true,\"valueName\":\"search_term_string\"}}],\"inLanguage\":\"pl-PL\"},{\"@type\":\"Organization\",\"@id\":\"https:\\\/\\\/czerwonagora.pl\\\/#organization\",\"name\":\"Wojew\u00f3dzki Szpital Specjalistyczny im. \u015aw. Rafa\u0142a w Czerwonej G\u00f3rze\",\"url\":\"https:\\\/\\\/czerwonagora.pl\\\/\",\"logo\":{\"@type\":\"ImageObject\",\"inLanguage\":\"pl-PL\",\"@id\":\"https:\\\/\\\/czerwonagora.pl\\\/#\\\/schema\\\/logo\\\/image\\\/\",\"url\":\"https:\\\/\\\/czerwonagora.pl\\\/wp-content\\\/uploads\\\/2021\\\/06\\\/Logo-WSS-DUZE-transparentne.png\",\"contentUrl\":\"https:\\\/\\\/czerwonagora.pl\\\/wp-content\\\/uploads\\\/2021\\\/06\\\/Logo-WSS-DUZE-transparentne.png\",\"width\":4210,\"height\":2975,\"caption\":\"Wojew\u00f3dzki Szpital Specjalistyczny im. \u015aw. Rafa\u0142a w Czerwonej G\u00f3rze\"},\"image\":{\"@id\":\"https:\\\/\\\/czerwonagora.pl\\\/#\\\/schema\\\/logo\\\/image\\\/\"},\"sameAs\":[\"https:\\\/\\\/www.facebook.com\\\/SzpitalCzerwonaGora\\\/\"]}]}<\/script>\n<!-- \/ Yoast SEO plugin. -->","yoast_head_json":{"title":"Ambulatoryjny i Dzienny O\u015brodek Kompleksowej Diagnostyki Raka P\u0142uca - Wojew\u00f3dzki Szpital Specjalistyczny im. \u015aw. Rafa\u0142a w Czerwonej G\u00f3rze","robots":{"index":"index","follow":"follow","max-snippet":"max-snippet:-1","max-image-preview":"max-image-preview:large","max-video-preview":"max-video-preview:-1"},"canonical":"https:\/\/czerwonagora.pl\/index.php\/ambulatoryjny-i-dzienny-osrodek-kompleksowej-diagnostyki-raka-pluca\/","og_locale":"pl_PL","og_type":"article","og_title":"Ambulatoryjny i Dzienny O\u015brodek Kompleksowej Diagnostyki Raka P\u0142uca - Wojew\u00f3dzki Szpital Specjalistyczny im. \u015aw. Rafa\u0142a w Czerwonej G\u00f3rze","og_description":"Tytu\u0142 projektu: Ambulatoryjny i Dzienny O\u015brodek Kompleksowej Diagnostyki Raka P\u0142ucanr Projektu: FESW.05.03-IZ.00-0001\/25 Dzia\u0142anie 5.3: \u201eInfrastruktura zdrowotna\u201d Priorytet 5: \u201eFundusze Europejskie dla rozwoju spo\u0142ecznego\u201dProgram Fundusze Europejskie dla \u015awi\u0119tokrzyskiego 2021-2027 Miejsce realizacji: Wojew\u00f3dztwo \u015awi\u0119tokrzyskieBeneficjent: Wojew\u00f3dzki Szpital Specjalistyczny im. \u015aw. Rafa\u0142a w Czerwonej G\u00f3rzeGrupa docelowa: mieszka\u0144cy Wojew\u00f3dztwa \u015awi\u0119tokrzyskiego Warto\u015b\u0107 og\u00f3\u0142em \u2013 24 118 170,75 z\u0142Koszty kwalifikowane \u2013 19\u00a0509\u00a0392,71 [&hellip;]","og_url":"https:\/\/czerwonagora.pl\/index.php\/ambulatoryjny-i-dzienny-osrodek-kompleksowej-diagnostyki-raka-pluca\/","og_site_name":"Wojew\u00f3dzki Szpital Specjalistyczny im. \u015aw. Rafa\u0142a w Czerwonej G\u00f3rze","article_publisher":"https:\/\/www.facebook.com\/SzpitalCzerwonaGora\/","article_modified_time":"2026-04-02T11:00:22+00:00","og_image":[{"width":1384,"height":107,"url":"https:\/\/czerwonagora.pl\/wp-content\/uploads\/2026\/01\/logo_projekt.png","type":"image\/png"}],"twitter_card":"summary_large_image","twitter_misc":{"Szacowany czas czytania":"5 minut"},"schema":{"@context":"https:\/\/schema.org","@graph":[{"@type":"WebPage","@id":"https:\/\/czerwonagora.pl\/index.php\/ambulatoryjny-i-dzienny-osrodek-kompleksowej-diagnostyki-raka-pluca\/","url":"https:\/\/czerwonagora.pl\/index.php\/ambulatoryjny-i-dzienny-osrodek-kompleksowej-diagnostyki-raka-pluca\/","name":"Ambulatoryjny i Dzienny O\u015brodek Kompleksowej Diagnostyki Raka P\u0142uca - Wojew\u00f3dzki Szpital Specjalistyczny im. \u015aw. Rafa\u0142a w Czerwonej G\u00f3rze","isPartOf":{"@id":"https:\/\/czerwonagora.pl\/#website"},"primaryImageOfPage":{"@id":"https:\/\/czerwonagora.pl\/index.php\/ambulatoryjny-i-dzienny-osrodek-kompleksowej-diagnostyki-raka-pluca\/#primaryimage"},"image":{"@id":"https:\/\/czerwonagora.pl\/index.php\/ambulatoryjny-i-dzienny-osrodek-kompleksowej-diagnostyki-raka-pluca\/#primaryimage"},"thumbnailUrl":"https:\/\/czerwonagora.pl\/wp-content\/uploads\/2026\/01\/logo_projekt-1024x79.png","datePublished":"2026-02-27T09:10:48+00:00","dateModified":"2026-04-02T11:00:22+00:00","breadcrumb":{"@id":"https:\/\/czerwonagora.pl\/index.php\/ambulatoryjny-i-dzienny-osrodek-kompleksowej-diagnostyki-raka-pluca\/#breadcrumb"},"inLanguage":"pl-PL","potentialAction":[{"@type":"ReadAction","target":["https:\/\/czerwonagora.pl\/index.php\/ambulatoryjny-i-dzienny-osrodek-kompleksowej-diagnostyki-raka-pluca\/"]}]},{"@type":"ImageObject","inLanguage":"pl-PL","@id":"https:\/\/czerwonagora.pl\/index.php\/ambulatoryjny-i-dzienny-osrodek-kompleksowej-diagnostyki-raka-pluca\/#primaryimage","url":"https:\/\/czerwonagora.pl\/wp-content\/uploads\/2026\/01\/logo_projekt.png","contentUrl":"https:\/\/czerwonagora.pl\/wp-content\/uploads\/2026\/01\/logo_projekt.png","width":1384,"height":107},{"@type":"BreadcrumbList","@id":"https:\/\/czerwonagora.pl\/index.php\/ambulatoryjny-i-dzienny-osrodek-kompleksowej-diagnostyki-raka-pluca\/#breadcrumb","itemListElement":[{"@type":"ListItem","position":1,"name":"Strona g\u0142\u00f3wna","item":"https:\/\/czerwonagora.pl\/"},{"@type":"ListItem","position":2,"name":"Ambulatoryjny i Dzienny O\u015brodek Kompleksowej Diagnostyki Raka P\u0142uca"}]},{"@type":"WebSite","@id":"https:\/\/czerwonagora.pl\/#website","url":"https:\/\/czerwonagora.pl\/","name":"Wojew\u00f3dzki Szpital Specjalistyczny im. \u015aw. Rafa\u0142a w Czerwonej G\u00f3rze","description":"Wojew\u00f3dzki Szpital Specjalistyczny im. \u015aw. Rafa\u0142a w Czerwonej G\u00f3rze","publisher":{"@id":"https:\/\/czerwonagora.pl\/#organization"},"potentialAction":[{"@type":"SearchAction","target":{"@type":"EntryPoint","urlTemplate":"https:\/\/czerwonagora.pl\/?s={search_term_string}"},"query-input":{"@type":"PropertyValueSpecification","valueRequired":true,"valueName":"search_term_string"}}],"inLanguage":"pl-PL"},{"@type":"Organization","@id":"https:\/\/czerwonagora.pl\/#organization","name":"Wojew\u00f3dzki Szpital Specjalistyczny im. \u015aw. Rafa\u0142a w Czerwonej G\u00f3rze","url":"https:\/\/czerwonagora.pl\/","logo":{"@type":"ImageObject","inLanguage":"pl-PL","@id":"https:\/\/czerwonagora.pl\/#\/schema\/logo\/image\/","url":"https:\/\/czerwonagora.pl\/wp-content\/uploads\/2021\/06\/Logo-WSS-DUZE-transparentne.png","contentUrl":"https:\/\/czerwonagora.pl\/wp-content\/uploads\/2021\/06\/Logo-WSS-DUZE-transparentne.png","width":4210,"height":2975,"caption":"Wojew\u00f3dzki Szpital Specjalistyczny im. \u015aw. Rafa\u0142a w Czerwonej G\u00f3rze"},"image":{"@id":"https:\/\/czerwonagora.pl\/#\/schema\/logo\/image\/"},"sameAs":["https:\/\/www.facebook.com\/SzpitalCzerwonaGora\/"]}]}},"publishpress_future_action":{"enabled":false,"date":"2026-04-15 05:31:14","action":"change-status","newStatus":"draft","terms":[],"taxonomy":"","extraData":[]},"publishpress_future_workflow_manual_trigger":{"enabledWorkflows":[]},"_links":{"self":[{"href":"https:\/\/czerwonagora.pl\/index.php\/wp-json\/wp\/v2\/pages\/31273","targetHints":{"allow":["GET"]}}],"collection":[{"href":"https:\/\/czerwonagora.pl\/index.php\/wp-json\/wp\/v2\/pages"}],"about":[{"href":"https:\/\/czerwonagora.pl\/index.php\/wp-json\/wp\/v2\/types\/page"}],"author":[{"embeddable":true,"href":"https:\/\/czerwonagora.pl\/index.php\/wp-json\/wp\/v2\/users\/12"}],"replies":[{"embeddable":true,"href":"https:\/\/czerwonagora.pl\/index.php\/wp-json\/wp\/v2\/comments?post=31273"}],"version-history":[{"count":10,"href":"https:\/\/czerwonagora.pl\/index.php\/wp-json\/wp\/v2\/pages\/31273\/revisions"}],"predecessor-version":[{"id":31547,"href":"https:\/\/czerwonagora.pl\/index.php\/wp-json\/wp\/v2\/pages\/31273\/revisions\/31547"}],"wp:attachment":[{"href":"https:\/\/czerwonagora.pl\/index.php\/wp-json\/wp\/v2\/media?parent=31273"}],"curies":[{"name":"wp","href":"https:\/\/api.w.org\/{rel}","templated":true}]}}