{"id":5527,"date":"2021-06-24T12:13:11","date_gmt":"2021-06-24T10:13:11","guid":{"rendered":"https:\/\/czerwonagora.pl\/?page_id=5527"},"modified":"2021-08-09T11:52:36","modified_gmt":"2021-08-09T09:52:36","slug":"terapia-aparatem-cpap","status":"publish","type":"page","link":"https:\/\/czerwonagora.pl\/index.php\/terapia-aparatem-cpap\/","title":{"rendered":"Terapia Aparatem CPAP"},"content":{"rendered":"\t\t<div data-elementor-type=\"wp-page\" data-elementor-id=\"5527\" class=\"elementor elementor-5527\">\n\t\t\t\t\t\t<section class=\"elementor-section elementor-top-section elementor-element elementor-element-2d5166fb elementor-section-stretched elementor-section-boxed elementor-section-height-default elementor-section-height-default\" data-id=\"2d5166fb\" data-element_type=\"section\" data-e-type=\"section\" data-settings=\"{&quot;stretch_section&quot;:&quot;section-stretched&quot;}\">\n\t\t\t\t\t\t<div class=\"elementor-container elementor-column-gap-default\">\n\t\t\t\t\t<div class=\"elementor-column elementor-col-100 elementor-top-column elementor-element elementor-element-717824b\" data-id=\"717824b\" data-element_type=\"column\" data-e-type=\"column\">\n\t\t\t<div class=\"elementor-widget-wrap elementor-element-populated\">\n\t\t\t\t\t\t<div class=\"elementor-element elementor-element-42f5771a elementor-widget elementor-widget-text-editor\" data-id=\"42f5771a\" data-element_type=\"widget\" data-e-type=\"widget\" data-widget_type=\"text-editor.default\">\n\t\t\t\t<div class=\"elementor-widget-container\">\n\t\t\t\t\t\t\t\t\t<h4><strong>INFORMACJA NA TEMAT TERAPII CPAP<\/strong><\/h4><p>Wskazaniem do leczenia OBS jest stwierdzenie choroby o umiarkowanym (AHI 15-30) lub ci\u0119\u017cki (AHI &gt; 30) nasileniu niezale\u017cnie od intensywno\u015bci objaw\u00f3w dziennych i powik\u0142a\u0144. Chorzy z \u0142agodn\u0105 postaci\u0105 choroby ze wsp\u00f3\u0142istniej\u0105cymi powik\u0142aniami sercowo &#8211; naczyniowymi, depresj\u0105 lub nasilon\u0105 senno\u015bci\u0105 dzienn\u0105 r\u00f3wnie\u017c powinni rozpocz\u0105\u0107 leczenie. Celem leczenia OBS jest utrzymanie dro\u017cno\u015bci g\u00f3rnych dr\u00f3g oddechowych w czasie snu. Z\u0142otym standardem <br \/>w leczeniu bezdechu jest terapia aparatem CPAP (Continous Positive Airway Pressure).Leczenie chorych na OBS obejmuje nast\u0119uj\u0105ce etapy:<\/p><ol><li>Post\u0119powanie w okresie przed wdro\u017ceniem w\u0142a\u015bciwego leczenia maj\u0105ce na celu wyeliminowanie lub zmniejszenie wp\u0142ywu czynnik\u00f3w predysponuj\u0105cych do pojawienia si\u0119 zaburze\u0144 oddychania podczas snu. Na ten etap leczenia sk\u0142ada si\u0119 tzw. Prewencja:<br \/>&#8211; redukcja masy cia\u0142a;<br \/>&#8211; przyjmowanie okre\u015blonej pozycji w czasie snu;<br \/>&#8211; unikanie przyjmowania lek\u00f3w uspokajaj\u0105cych i nasennych oraz spo\u017cywania alkoholu.<\/li><li>W\u0142a\u015bciwe post\u0119powanie lecznicze obejmuje:<br \/>&#8211; leczenie operacyjne;<br \/>&#8211; oddychanie wspomagane pod dodatnim ci\u015bnieniem (nCPAP, BiPAP, auto-CPAP).<\/li><li>W leczeniu proponuje si\u0119 r\u00f3wnie\u017c:<br \/>&#8211; farmakoterapi\u0119;<br \/>&#8211; aparaty ortodontyczne;<br \/>&#8211; elektryczn\u0105 stymulacj\u0119 mi\u0119\u015bni g\u00f3rnych dr\u00f3g oddechowych;<br \/>&#8211; chirurgia bariatryczna.<\/li><\/ol><p>U pacjent\u00f3w z OBS o ci\u0119\u017ckim nasileniu z zaawansowanymi objawami klinicznymi, metod\u0105 z wyboru jest leczenie za pomoc\u0105 dodatniego ci\u015bnienia w drogach oddechowych CPAP. W tym celu stosowane s\u0105 protezy powietrzne generuj\u0105ce ci\u015bnienie na sta\u0142ym poziomie lub posiadaj\u0105ce funkcj\u0119 autoregulacji.<\/p><h4><strong>Terapia aparatem CPAP<\/strong><\/h4><p>Sta\u0142e dodatnie ci\u015bnienie w drogach oddechowych (CPAP) jest metod\u0105 z wyboru w leczeniu OBS. Istota leczenia jest utrzymanie dro\u017cno\u015bci g\u00f3rnych dr\u00f3g oddechowych przez strumie\u0144 powietrza wytwarzany przez spr\u0119\u017cark\u0119 pod ci\u015bnieniem 4 &#8211; 20 cm H<sub>2<\/sub>O. S\u0142up powietrza pod dodatnim ci\u015bnieniem, generowanym przez aparat poprzez elastyczn\u0105 rur\u0119 doprowadzaj\u0105c\u0105 i mask\u0119 szczelnie obejmuj\u0105c\u0105 nos lub nos i usta pacjenta przedostaje si\u0119 do g\u00f3rnych dr\u00f3g oddechowych. Wzrost ci\u015bnienia w gardle zapobiega zapadaniu si\u0119 jego \u015bcian i bezdechom. Ci\u015bnienie terapeutyczne aparatu ustala si\u0119 w czasie kontrolnej PSG lub za pomoc\u0105 aparatu auto-CPAP, po kilku dniach adaptacji leczenia. CPAP jest dobrze tolerowany przez oko\u0142o 80% chorych.<\/p><h4><strong>Pozytywne efekty terapii CPAP<\/strong><strong><br \/>Efekt neurobechawioralny<\/strong><\/h4><ul><li>zredukowana senno\u015b\u0107;<\/li><li>poprawa koncentracji;<\/li><li>zwi\u0119kszona produktywno\u015b\u0107 w pracy;<\/li><li>zwi\u0119kszona tolerancja wysi\u0142ku fizycznego.<\/li><\/ul><h4><strong>Efekty sercowo &#8211; naczyniowe<\/strong><\/h4><ul><li>poprawa kontroli warto\u015bci ci\u015bnienia t\u0119tniczego;<\/li><li>zmniejszone ryzyko rozwoju nadci\u015bnienia t\u0119tniczego;<\/li><li>zmniejszone ryzyko wyst\u0105pienia udaru m\u00f3zgu;<\/li><li>poprawa rokowania u pacjent\u00f3w po incydentach sercowo &#8211; naczyniowych;<\/li><li>poprawa frakcji wyrzutowej lewej komory serca.<\/li><\/ul><h4><strong>Efekty pulmonologiczne<\/strong><\/h4><ul><li>zwi\u0119kszenie pojemno\u015bci oddechowej;<\/li><li>redukcja nadreaktywno\u015bci dr\u00f3g oddechowych.<\/li><\/ul><h4><strong>Efekty metaboliczne<\/strong><\/h4><ul><li>zmniejszone st\u0119\u017cenie tr\u00f3jgliceryd\u00f3w;<\/li><li>redukcja st\u0119\u017cenia HbA1<sub>c\u00a0<\/sub>(hemoglobina glikowana &#8211; st\u0119\u017cenie glukozy we krwi);<\/li><li>redukcja insulinooporno\u015bci;<\/li><li>redukcja ryzyka rozwoju cukrzycy typu II.<\/li><\/ul><p>Metoda CPAP nale\u017cy do metod bezpiecznych ale jak w ka\u017cdej metodzie wyst\u0119puj\u0105 r\u00f3wnie\u017c\u00a0<strong>objawy uboczne takie jak:<\/strong><\/p><ul><li>wodnisty katar jako odruchowa reakcja b\u0142ony \u015bluzowej nosa na strumie\u0144 powietrza &#8211; w celu z\u0142agodzenia tego objawu mo\u017cna zaleci\u0107 chorym stosowanie przed snem \u015brodk\u00f3w obkurczaj\u0105cych \u015bluz\u00f3wk\u0119 nosa;<\/li><li>krwawienie z nosa;<\/li><li>ucisk maski na nasad\u0119 nosa, otarcia nask\u00f3rka wok\u00f3\u0142 nosa, alergiczne reakcje sk\u00f3ry na materia\u0142 z kt\u00f3rego wykonana jest maska;<\/li><li>ha\u0142as powodowany przez pracuj\u0105c\u0105 spr\u0119\u017cark\u0119 &#8211; objaw coraz rzadszy wobec wprowadzania nowocze\u015bniejszych urz\u0105dze\u0144;<\/li><li>nawracaj\u0105ce zapalenie zatok obocznych nosa;<\/li><li>zapalenie spoj\u00f3wek, najcz\u0119\u015bciej spowodowane \u017ale dobran\u0105 mask\u0105, umo\u017cliwiaj\u0105c\u0105 du\u017cy przeciek powietrza.<\/li><\/ul><p>Jeszcze kilka lat temu chorzy z OBS do\u015b\u0107 cz\u0119sto odmawiali podj\u0119cia leczenia z uwagi na stosunkowo wysoki koszt zakupu aparatu. Obecnie sytuacja si\u0119 zmieni\u0142a, dost\u0119pno\u015b\u0107 do sprz\u0119tu sta\u0142a si\u0119 \u0142atwa poprzez wysokie refundowanie przez Narodowy Fundusz Zdrowia az 90% warto\u015bci najta\u0144\u015bzego dost\u0119pnego na rynku aparatu CPAP. Dzi\u0119ki temu wi\u0119kszo\u015b\u0107 chorych w Polsce sta\u0107 na zakup zestawu CPAP.<\/p><p><a href=\"https:\/\/czerwonagora.pl\/wp-content\/uploads\/2021\/06\/CPAP_terapia.jpg\"><img fetchpriority=\"high\" decoding=\"async\" class=\"aligncenter wp-image-5511\" src=\"https:\/\/czerwonagora.pl\/wp-content\/uploads\/2021\/06\/CPAP_terapia.jpg\" alt=\"\" width=\"400\" height=\"231\" \/><\/a><\/p><p><strong>Wszystkich zainteresowanych badaniem oraz leczeniem prosimy o kontakt pod nr telefonu:<\/strong><\/p><p><strong>605\u00a0661\u00a0940\u00a0\u00a0 lub\u00a0\u00a0\u00a041-346 55 45, wew. 223<\/strong><\/p><p><strong>Telefon dost\u0119pny od godz. 8<sup>00<\/sup>\u00a0&#8211; do 14<sup>35\u00a0 <\/sup>(od poniedzia\u0142ku do pi\u0105tku)<\/strong><\/p><p><strong>(Dzia\u0142 Diagnostyki i Leczenia Zaburze\u0144 Oddychania)<\/strong><\/p>\t\t\t\t\t\t\t\t<\/div>\n\t\t\t\t<\/div>\n\t\t\t\t\t<\/div>\n\t\t<\/div>\n\t\t\t\t\t<\/div>\n\t\t<\/section>\n\t\t\t\t<\/div>\n\t\t","protected":false},"excerpt":{"rendered":"<p>INFORMACJA NA TEMAT TERAPII CPAP Wskazaniem do leczenia OBS jest stwierdzenie choroby o umiarkowanym (AHI 15-30) lub ci\u0119\u017cki (AHI &gt; 30) nasileniu niezale\u017cnie od intensywno\u015bci objaw\u00f3w dziennych i powik\u0142a\u0144. Chorzy z \u0142agodn\u0105 postaci\u0105 choroby ze wsp\u00f3\u0142istniej\u0105cymi powik\u0142aniami sercowo &#8211; naczyniowymi, depresj\u0105 lub nasilon\u0105 senno\u015bci\u0105 dzienn\u0105 r\u00f3wnie\u017c powinni rozpocz\u0105\u0107 leczenie. Celem leczenia OBS jest utrzymanie dro\u017cno\u015bci [&hellip;]<\/p>\n","protected":false},"author":4,"featured_media":0,"parent":0,"menu_order":0,"comment_status":"closed","ping_status":"closed","template":"","meta":{"zakra_page_container_layout":"customizer","zakra_page_sidebar_layout":"customizer","zakra_remove_content_margin":false,"zakra_sidebar":"customizer","zakra_transparent_header":"customizer","zakra_logo":0,"zakra_main_header_style":"default","zakra_menu_item_color":"","zakra_menu_item_hover_color":"","zakra_menu_item_active_color":"","zakra_menu_active_style":"","zakra_page_header":true,"footnotes":""},"class_list":["post-5527","page","type-page","status-publish","hentry"],"yoast_head":"<!-- This site is optimized with the Yoast SEO plugin v27.3 - https:\/\/yoast.com\/product\/yoast-seo-wordpress\/ -->\n<title>Terapia Aparatem CPAP - Wojew\u00f3dzki Szpital Specjalistyczny im. \u015aw. Rafa\u0142a w Czerwonej G\u00f3rze<\/title>\n<meta name=\"robots\" content=\"index, follow, max-snippet:-1, max-image-preview:large, max-video-preview:-1\" \/>\n<link rel=\"canonical\" href=\"https:\/\/czerwonagora.pl\/index.php\/terapia-aparatem-cpap\/\" \/>\n<meta property=\"og:locale\" content=\"pl_PL\" \/>\n<meta property=\"og:type\" content=\"article\" \/>\n<meta property=\"og:title\" content=\"Terapia Aparatem CPAP - Wojew\u00f3dzki Szpital Specjalistyczny im. \u015aw. Rafa\u0142a w Czerwonej G\u00f3rze\" \/>\n<meta property=\"og:description\" content=\"INFORMACJA NA TEMAT TERAPII CPAP Wskazaniem do leczenia OBS jest stwierdzenie choroby o umiarkowanym (AHI 15-30) lub ci\u0119\u017cki (AHI &gt; 30) nasileniu niezale\u017cnie od intensywno\u015bci objaw\u00f3w dziennych i powik\u0142a\u0144. Chorzy z \u0142agodn\u0105 postaci\u0105 choroby ze wsp\u00f3\u0142istniej\u0105cymi powik\u0142aniami sercowo &#8211; naczyniowymi, depresj\u0105 lub nasilon\u0105 senno\u015bci\u0105 dzienn\u0105 r\u00f3wnie\u017c powinni rozpocz\u0105\u0107 leczenie. Celem leczenia OBS jest utrzymanie dro\u017cno\u015bci [&hellip;]\" \/>\n<meta property=\"og:url\" content=\"https:\/\/czerwonagora.pl\/index.php\/terapia-aparatem-cpap\/\" \/>\n<meta property=\"og:site_name\" content=\"Wojew\u00f3dzki Szpital Specjalistyczny im. \u015aw. Rafa\u0142a w Czerwonej G\u00f3rze\" \/>\n<meta property=\"article:publisher\" content=\"https:\/\/www.facebook.com\/SzpitalCzerwonaGora\/\" \/>\n<meta property=\"article:modified_time\" content=\"2021-08-09T09:52:36+00:00\" \/>\n<meta property=\"og:image\" content=\"https:\/\/czerwonagora.pl\/wp-content\/uploads\/2021\/06\/CPAP_terapia.jpg\" \/>\n<meta name=\"twitter:card\" content=\"summary_large_image\" \/>\n<meta name=\"twitter:label1\" content=\"Szacowany czas czytania\" \/>\n\t<meta name=\"twitter:data1\" content=\"3 minuty\" \/>\n<script type=\"application\/ld+json\" class=\"yoast-schema-graph\">{\"@context\":\"https:\\\/\\\/schema.org\",\"@graph\":[{\"@type\":\"WebPage\",\"@id\":\"https:\\\/\\\/czerwonagora.pl\\\/index.php\\\/terapia-aparatem-cpap\\\/\",\"url\":\"https:\\\/\\\/czerwonagora.pl\\\/index.php\\\/terapia-aparatem-cpap\\\/\",\"name\":\"Terapia Aparatem CPAP - Wojew\u00f3dzki Szpital Specjalistyczny im. \u015aw. Rafa\u0142a w Czerwonej G\u00f3rze\",\"isPartOf\":{\"@id\":\"https:\\\/\\\/czerwonagora.pl\\\/#website\"},\"primaryImageOfPage\":{\"@id\":\"https:\\\/\\\/czerwonagora.pl\\\/index.php\\\/terapia-aparatem-cpap\\\/#primaryimage\"},\"image\":{\"@id\":\"https:\\\/\\\/czerwonagora.pl\\\/index.php\\\/terapia-aparatem-cpap\\\/#primaryimage\"},\"thumbnailUrl\":\"https:\\\/\\\/czerwonagora.pl\\\/wp-content\\\/uploads\\\/2021\\\/06\\\/CPAP_terapia.jpg\",\"datePublished\":\"2021-06-24T10:13:11+00:00\",\"dateModified\":\"2021-08-09T09:52:36+00:00\",\"breadcrumb\":{\"@id\":\"https:\\\/\\\/czerwonagora.pl\\\/index.php\\\/terapia-aparatem-cpap\\\/#breadcrumb\"},\"inLanguage\":\"pl-PL\",\"potentialAction\":[{\"@type\":\"ReadAction\",\"target\":[\"https:\\\/\\\/czerwonagora.pl\\\/index.php\\\/terapia-aparatem-cpap\\\/\"]}]},{\"@type\":\"ImageObject\",\"inLanguage\":\"pl-PL\",\"@id\":\"https:\\\/\\\/czerwonagora.pl\\\/index.php\\\/terapia-aparatem-cpap\\\/#primaryimage\",\"url\":\"https:\\\/\\\/czerwonagora.pl\\\/wp-content\\\/uploads\\\/2021\\\/06\\\/CPAP_terapia.jpg\",\"contentUrl\":\"https:\\\/\\\/czerwonagora.pl\\\/wp-content\\\/uploads\\\/2021\\\/06\\\/CPAP_terapia.jpg\",\"width\":235,\"height\":136,\"caption\":\"Terapia aparatem CPOAP\"},{\"@type\":\"BreadcrumbList\",\"@id\":\"https:\\\/\\\/czerwonagora.pl\\\/index.php\\\/terapia-aparatem-cpap\\\/#breadcrumb\",\"itemListElement\":[{\"@type\":\"ListItem\",\"position\":1,\"name\":\"Strona g\u0142\u00f3wna\",\"item\":\"https:\\\/\\\/czerwonagora.pl\\\/\"},{\"@type\":\"ListItem\",\"position\":2,\"name\":\"Terapia Aparatem CPAP\"}]},{\"@type\":\"WebSite\",\"@id\":\"https:\\\/\\\/czerwonagora.pl\\\/#website\",\"url\":\"https:\\\/\\\/czerwonagora.pl\\\/\",\"name\":\"Wojew\u00f3dzki Szpital Specjalistyczny im. \u015aw. Rafa\u0142a w Czerwonej G\u00f3rze\",\"description\":\"Wojew\u00f3dzki Szpital Specjalistyczny im. \u015aw. Rafa\u0142a w Czerwonej G\u00f3rze\",\"publisher\":{\"@id\":\"https:\\\/\\\/czerwonagora.pl\\\/#organization\"},\"potentialAction\":[{\"@type\":\"SearchAction\",\"target\":{\"@type\":\"EntryPoint\",\"urlTemplate\":\"https:\\\/\\\/czerwonagora.pl\\\/?s={search_term_string}\"},\"query-input\":{\"@type\":\"PropertyValueSpecification\",\"valueRequired\":true,\"valueName\":\"search_term_string\"}}],\"inLanguage\":\"pl-PL\"},{\"@type\":\"Organization\",\"@id\":\"https:\\\/\\\/czerwonagora.pl\\\/#organization\",\"name\":\"Wojew\u00f3dzki Szpital Specjalistyczny im. \u015aw. Rafa\u0142a w Czerwonej G\u00f3rze\",\"url\":\"https:\\\/\\\/czerwonagora.pl\\\/\",\"logo\":{\"@type\":\"ImageObject\",\"inLanguage\":\"pl-PL\",\"@id\":\"https:\\\/\\\/czerwonagora.pl\\\/#\\\/schema\\\/logo\\\/image\\\/\",\"url\":\"https:\\\/\\\/czerwonagora.pl\\\/wp-content\\\/uploads\\\/2021\\\/06\\\/Logo-WSS-DUZE-transparentne.png\",\"contentUrl\":\"https:\\\/\\\/czerwonagora.pl\\\/wp-content\\\/uploads\\\/2021\\\/06\\\/Logo-WSS-DUZE-transparentne.png\",\"width\":4210,\"height\":2975,\"caption\":\"Wojew\u00f3dzki Szpital Specjalistyczny im. \u015aw. Rafa\u0142a w Czerwonej G\u00f3rze\"},\"image\":{\"@id\":\"https:\\\/\\\/czerwonagora.pl\\\/#\\\/schema\\\/logo\\\/image\\\/\"},\"sameAs\":[\"https:\\\/\\\/www.facebook.com\\\/SzpitalCzerwonaGora\\\/\"]}]}<\/script>\n<!-- \/ Yoast SEO plugin. -->","yoast_head_json":{"title":"Terapia Aparatem CPAP - Wojew\u00f3dzki Szpital Specjalistyczny im. \u015aw. Rafa\u0142a w Czerwonej G\u00f3rze","robots":{"index":"index","follow":"follow","max-snippet":"max-snippet:-1","max-image-preview":"max-image-preview:large","max-video-preview":"max-video-preview:-1"},"canonical":"https:\/\/czerwonagora.pl\/index.php\/terapia-aparatem-cpap\/","og_locale":"pl_PL","og_type":"article","og_title":"Terapia Aparatem CPAP - Wojew\u00f3dzki Szpital Specjalistyczny im. \u015aw. Rafa\u0142a w Czerwonej G\u00f3rze","og_description":"INFORMACJA NA TEMAT TERAPII CPAP Wskazaniem do leczenia OBS jest stwierdzenie choroby o umiarkowanym (AHI 15-30) lub ci\u0119\u017cki (AHI &gt; 30) nasileniu niezale\u017cnie od intensywno\u015bci objaw\u00f3w dziennych i powik\u0142a\u0144. Chorzy z \u0142agodn\u0105 postaci\u0105 choroby ze wsp\u00f3\u0142istniej\u0105cymi powik\u0142aniami sercowo &#8211; naczyniowymi, depresj\u0105 lub nasilon\u0105 senno\u015bci\u0105 dzienn\u0105 r\u00f3wnie\u017c powinni rozpocz\u0105\u0107 leczenie. Celem leczenia OBS jest utrzymanie dro\u017cno\u015bci [&hellip;]","og_url":"https:\/\/czerwonagora.pl\/index.php\/terapia-aparatem-cpap\/","og_site_name":"Wojew\u00f3dzki Szpital Specjalistyczny im. \u015aw. Rafa\u0142a w Czerwonej G\u00f3rze","article_publisher":"https:\/\/www.facebook.com\/SzpitalCzerwonaGora\/","article_modified_time":"2021-08-09T09:52:36+00:00","og_image":[{"url":"https:\/\/czerwonagora.pl\/wp-content\/uploads\/2021\/06\/CPAP_terapia.jpg","type":"","width":"","height":""}],"twitter_card":"summary_large_image","twitter_misc":{"Szacowany czas czytania":"3 minuty"},"schema":{"@context":"https:\/\/schema.org","@graph":[{"@type":"WebPage","@id":"https:\/\/czerwonagora.pl\/index.php\/terapia-aparatem-cpap\/","url":"https:\/\/czerwonagora.pl\/index.php\/terapia-aparatem-cpap\/","name":"Terapia Aparatem CPAP - Wojew\u00f3dzki Szpital Specjalistyczny im. \u015aw. Rafa\u0142a w Czerwonej G\u00f3rze","isPartOf":{"@id":"https:\/\/czerwonagora.pl\/#website"},"primaryImageOfPage":{"@id":"https:\/\/czerwonagora.pl\/index.php\/terapia-aparatem-cpap\/#primaryimage"},"image":{"@id":"https:\/\/czerwonagora.pl\/index.php\/terapia-aparatem-cpap\/#primaryimage"},"thumbnailUrl":"https:\/\/czerwonagora.pl\/wp-content\/uploads\/2021\/06\/CPAP_terapia.jpg","datePublished":"2021-06-24T10:13:11+00:00","dateModified":"2021-08-09T09:52:36+00:00","breadcrumb":{"@id":"https:\/\/czerwonagora.pl\/index.php\/terapia-aparatem-cpap\/#breadcrumb"},"inLanguage":"pl-PL","potentialAction":[{"@type":"ReadAction","target":["https:\/\/czerwonagora.pl\/index.php\/terapia-aparatem-cpap\/"]}]},{"@type":"ImageObject","inLanguage":"pl-PL","@id":"https:\/\/czerwonagora.pl\/index.php\/terapia-aparatem-cpap\/#primaryimage","url":"https:\/\/czerwonagora.pl\/wp-content\/uploads\/2021\/06\/CPAP_terapia.jpg","contentUrl":"https:\/\/czerwonagora.pl\/wp-content\/uploads\/2021\/06\/CPAP_terapia.jpg","width":235,"height":136,"caption":"Terapia aparatem CPOAP"},{"@type":"BreadcrumbList","@id":"https:\/\/czerwonagora.pl\/index.php\/terapia-aparatem-cpap\/#breadcrumb","itemListElement":[{"@type":"ListItem","position":1,"name":"Strona g\u0142\u00f3wna","item":"https:\/\/czerwonagora.pl\/"},{"@type":"ListItem","position":2,"name":"Terapia Aparatem CPAP"}]},{"@type":"WebSite","@id":"https:\/\/czerwonagora.pl\/#website","url":"https:\/\/czerwonagora.pl\/","name":"Wojew\u00f3dzki Szpital Specjalistyczny im. \u015aw. Rafa\u0142a w Czerwonej G\u00f3rze","description":"Wojew\u00f3dzki Szpital Specjalistyczny im. \u015aw. Rafa\u0142a w Czerwonej G\u00f3rze","publisher":{"@id":"https:\/\/czerwonagora.pl\/#organization"},"potentialAction":[{"@type":"SearchAction","target":{"@type":"EntryPoint","urlTemplate":"https:\/\/czerwonagora.pl\/?s={search_term_string}"},"query-input":{"@type":"PropertyValueSpecification","valueRequired":true,"valueName":"search_term_string"}}],"inLanguage":"pl-PL"},{"@type":"Organization","@id":"https:\/\/czerwonagora.pl\/#organization","name":"Wojew\u00f3dzki Szpital Specjalistyczny im. \u015aw. Rafa\u0142a w Czerwonej G\u00f3rze","url":"https:\/\/czerwonagora.pl\/","logo":{"@type":"ImageObject","inLanguage":"pl-PL","@id":"https:\/\/czerwonagora.pl\/#\/schema\/logo\/image\/","url":"https:\/\/czerwonagora.pl\/wp-content\/uploads\/2021\/06\/Logo-WSS-DUZE-transparentne.png","contentUrl":"https:\/\/czerwonagora.pl\/wp-content\/uploads\/2021\/06\/Logo-WSS-DUZE-transparentne.png","width":4210,"height":2975,"caption":"Wojew\u00f3dzki Szpital Specjalistyczny im. \u015aw. Rafa\u0142a w Czerwonej G\u00f3rze"},"image":{"@id":"https:\/\/czerwonagora.pl\/#\/schema\/logo\/image\/"},"sameAs":["https:\/\/www.facebook.com\/SzpitalCzerwonaGora\/"]}]}},"publishpress_future_action":{"enabled":false,"date":"2026-04-12 13:47:00","action":"change-status","newStatus":"draft","terms":[],"taxonomy":"","extraData":[]},"publishpress_future_workflow_manual_trigger":{"enabledWorkflows":[]},"_links":{"self":[{"href":"https:\/\/czerwonagora.pl\/index.php\/wp-json\/wp\/v2\/pages\/5527","targetHints":{"allow":["GET"]}}],"collection":[{"href":"https:\/\/czerwonagora.pl\/index.php\/wp-json\/wp\/v2\/pages"}],"about":[{"href":"https:\/\/czerwonagora.pl\/index.php\/wp-json\/wp\/v2\/types\/page"}],"author":[{"embeddable":true,"href":"https:\/\/czerwonagora.pl\/index.php\/wp-json\/wp\/v2\/users\/4"}],"replies":[{"embeddable":true,"href":"https:\/\/czerwonagora.pl\/index.php\/wp-json\/wp\/v2\/comments?post=5527"}],"version-history":[{"count":16,"href":"https:\/\/czerwonagora.pl\/index.php\/wp-json\/wp\/v2\/pages\/5527\/revisions"}],"predecessor-version":[{"id":13579,"href":"https:\/\/czerwonagora.pl\/index.php\/wp-json\/wp\/v2\/pages\/5527\/revisions\/13579"}],"wp:attachment":[{"href":"https:\/\/czerwonagora.pl\/index.php\/wp-json\/wp\/v2\/media?parent=5527"}],"curies":[{"name":"wp","href":"https:\/\/api.w.org\/{rel}","templated":true}]}}