{"id":6183,"date":"2021-06-28T07:25:42","date_gmt":"2021-06-28T05:25:42","guid":{"rendered":"https:\/\/czerwonagora.pl\/?page_id=6183"},"modified":"2021-08-13T11:57:38","modified_gmt":"2021-08-13T09:57:38","slug":"inspektor-ochrony-danych-osobowych","status":"publish","type":"page","link":"https:\/\/czerwonagora.pl\/index.php\/inspektor-ochrony-danych-osobowych\/","title":{"rendered":"Inspektor Ochrony Danych Osobowych"},"content":{"rendered":"\t\t<div data-elementor-type=\"wp-page\" data-elementor-id=\"6183\" class=\"elementor elementor-6183\">\n\t\t\t\t\t\t<section class=\"elementor-section elementor-top-section elementor-element elementor-element-711eff07 elementor-section-stretched elementor-section-content-middle elementor-section-boxed elementor-section-height-default elementor-section-height-default elementor-invisible\" data-id=\"711eff07\" data-element_type=\"section\" data-e-type=\"section\" data-settings=\"{&quot;stretch_section&quot;:&quot;section-stretched&quot;,&quot;animation&quot;:&quot;fadeIn&quot;,&quot;animation_delay&quot;:200}\">\n\t\t\t\t\t\t\t<div class=\"elementor-background-overlay\"><\/div>\n\t\t\t\t\t\t\t<div class=\"elementor-container elementor-column-gap-no\">\n\t\t\t\t\t<div class=\"elementor-column elementor-col-100 elementor-top-column elementor-element elementor-element-1ba82a12\" data-id=\"1ba82a12\" data-element_type=\"column\" data-e-type=\"column\">\n\t\t\t<div class=\"elementor-widget-wrap elementor-element-populated\">\n\t\t\t\t\t\t<div class=\"elementor-element elementor-element-66f7e376 elementor-position-top elementor-invisible elementor-widget elementor-widget-image-box\" data-id=\"66f7e376\" data-element_type=\"widget\" data-e-type=\"widget\" data-settings=\"{&quot;_animation&quot;:&quot;fadeIn&quot;}\" data-widget_type=\"image-box.default\">\n\t\t\t\t<div class=\"elementor-widget-container\">\n\t\t\t\t\t<div class=\"elementor-image-box-wrapper\"><figure class=\"elementor-image-box-img\"><img decoding=\"async\" width=\"180\" height=\"223\" src=\"https:\/\/czerwonagora.pl\/wp-content\/uploads\/2021\/06\/men_adm-ikona.png\" class=\"attachment-full size-full wp-image-7902\" alt=\"t\u0142o koloru zielonego z sylwetk\u0105 m\u0119\u017cczyzny ubranego w ubranie wizytowe koloru czarnego\" \/><\/figure><div class=\"elementor-image-box-content\"><h1 class=\"elementor-image-box-title\">Wies\u0142aw Loch<\/h1><p class=\"elementor-image-box-description\">Inspektor Ochrony Danych Osobowych<\/p><\/div><\/div>\t\t\t\t<\/div>\n\t\t\t\t<\/div>\n\t\t\t\t<div class=\"elementor-element elementor-element-4dc5fd66 elementor-widget-divider--view-line elementor-widget elementor-widget-divider\" data-id=\"4dc5fd66\" data-element_type=\"widget\" data-e-type=\"widget\" data-widget_type=\"divider.default\">\n\t\t\t\t<div class=\"elementor-widget-container\">\n\t\t\t\t\t\t\t<div class=\"elementor-divider\">\n\t\t\t<span class=\"elementor-divider-separator\">\n\t\t\t\t\t\t<\/span>\n\t\t<\/div>\n\t\t\t\t\t\t<\/div>\n\t\t\t\t<\/div>\n\t\t\t\t\t<\/div>\n\t\t<\/div>\n\t\t\t\t\t<\/div>\n\t\t<\/section>\n\t\t\t\t<section class=\"elementor-section elementor-top-section elementor-element elementor-element-d01e473 elementor-section-boxed elementor-section-height-default elementor-section-height-default\" data-id=\"d01e473\" data-element_type=\"section\" data-e-type=\"section\">\n\t\t\t\t\t\t<div class=\"elementor-container elementor-column-gap-default\">\n\t\t\t\t\t<div class=\"elementor-column elementor-col-100 elementor-top-column elementor-element elementor-element-6709a48\" data-id=\"6709a48\" data-element_type=\"column\" data-e-type=\"column\">\n\t\t\t<div class=\"elementor-widget-wrap\">\n\t\t\t\t\t\t\t<\/div>\n\t\t<\/div>\n\t\t\t\t\t<\/div>\n\t\t<\/section>\n\t\t\t\t<section class=\"elementor-section elementor-top-section elementor-element elementor-element-5225f222 elementor-section-stretched elementor-section-boxed elementor-section-height-default elementor-section-height-default\" data-id=\"5225f222\" data-element_type=\"section\" data-e-type=\"section\" data-settings=\"{&quot;stretch_section&quot;:&quot;section-stretched&quot;}\">\n\t\t\t\t\t\t<div class=\"elementor-container elementor-column-gap-default\">\n\t\t\t\t\t<div class=\"elementor-column elementor-col-66 elementor-top-column elementor-element elementor-element-3f4cab7e\" data-id=\"3f4cab7e\" data-element_type=\"column\" data-e-type=\"column\">\n\t\t\t<div class=\"elementor-widget-wrap elementor-element-populated\">\n\t\t\t\t\t\t<div class=\"elementor-element elementor-element-1f9a3c96 elementor-widget elementor-widget-text-editor\" data-id=\"1f9a3c96\" data-element_type=\"widget\" data-e-type=\"widget\" data-widget_type=\"text-editor.default\">\n\t\t\t\t<div class=\"elementor-widget-container\">\n\t\t\t\t\t\t\t\t\t<div class=\"sppb-row\"><div class=\"sppb-col-md-12\"><div id=\"column-id-1505723997830\" class=\"sppb-column\"><div class=\"sppb-column-addons\"><div id=\"sppb-addon-1505723997834\" class=\"clearfix\"><div class=\"sppb-addon sppb-addon-text-block sppb-text-left \"><div class=\"sppb-addon-content\"><p><strong>Profil kom\u00f3rki<\/strong><\/p><p><strong>Do zada\u0144 Inspektora Ochrony Danych Osobowych nale\u017cy:<\/strong><\/p><ul><li>informowanie administratora, podmiotu przetwarzaj\u0105cego oraz pracownik\u00f3w, kt\u00f3rzy przetwarzaj\u0105 dane osobowe, o obowi\u0105zkach spoczywaj\u0105cych na nich na mocy niniejszego rozporz\u0105dzenia oraz innych przepis\u00f3w Unii lub pa\u0144stw cz\u0142onkowskich o ochronie danych i doradzanie im w tej sprawie;<\/li><li>monitorowanie przestrzegania niniejszego rozporz\u0105dzenia, innych przepis\u00f3w Unii lub pa\u0144stw cz\u0142onkowskich o ochronie danych oraz polityk administratora lub podmiotu przetwarzaj\u0105cego <br \/>w dziedzinie ochrony danych osobowych, w tym podzia\u0142 obowi\u0105zk\u00f3w, dzia\u0142ania zwi\u0119kszaj\u0105ce \u015bwiadomo\u015b\u0107, szkolenia personelu uczestnicz\u0105cego w operacjach przetwarzania oraz powi\u0105zane z tym audyty;<\/li><li>udzielanie na \u017c\u0105danie zalece\u0144 co do oceny skutk\u00f3w dla ochrony danych oraz monitorowanie jej wykonania zgodnie z art. 35;<\/li><li>wsp\u00f3\u0142praca z organem nadzorczym;<\/li><li>pe\u0142nienie funkcji punktu kontaktowego dla organu nadzorczego w kwestiach zwi\u0105zanych <br \/>z przetwarzaniem, w tym z uprzednimi konsultacjami, o kt\u00f3rych mowa w art. 36, oraz w stosownych przypadkach prowadzenie konsultacji we wszelkich innych sprawach.<\/li><\/ul><p><strong>Klauzula Informacyjna<\/strong><\/p><p>Zgodnie z\u00a0 art. 13 ust. 1 i 2 Rozporz\u0105dzenia Parlamentu Europejskiego i Rady (UE) 2016\/679 z dnia\u00a0\u00a0 27 kwietnia 2016 r. w sprawie ochrony os\u00f3b fizycznych w zwi\u0105zku z przetwarzaniem danych osobowych <br \/>i w sprawie swobodnego przep\u0142ywu takich danych oraz uchylenia dyrektywy 95\/46\/WE (og\u00f3lne rozporz\u0105dzenie\u00a0 o ochronie danych), Dz.Urz. UE. L. 2016, Nr 119, s.1. \u2013 dalej: \u201eRODO\u201d, Wojew\u00f3dzki Szpital Specjalistyczny im. \u015bw. Rafa\u0142a w Czerwonej G\u00f3rze, ul. Czerwona G\u00f3ra 10, 26-060 Ch\u0119ciny,<br \/>tel. 41 34-655-45 do 48, czerwonagora@czerwonagora.pl, fax. 41 346 55 67, NIP: 9591289964, REGON: 000296213 (zwany dalej Szpitalem)- informuje, \u017ce:<\/p><ol><li>Administratorem Pani\/Pana danych osobowych jest Wojew\u00f3dzki Szpital Specjalistyczny im. \u015bw. Rafa\u0142a w Czerwonej G\u00f3rze, ul. Czerwona G\u00f3ra 10, 26-060 Ch\u0119ciny, tel. 41 34-655-45 do 48, czerwonagora@czerwonagora.pl, fax. 41 346 55 67, NIP: 9591289964, REGON: 000296213<\/li><li>Dane kontaktowe do Inspektora Ochrony Danych Osobowych wyznaczonego przez Szpital to: <strong>Wies\u0142aw Loch, e-mail: iod@czerwonagora.pl<br \/><\/strong><\/li><li>Pani\/Pana dane osobowe przetwarzane s\u0105 w celu wype\u0142nienia obowi\u0105zk\u00f3w statutowych Szpitala, wy\u0142\u0105cznie dla nale\u017cytego stosowania przepis\u00f3w prawa, na podst. art. 6 ust.1 lit. a-e, RODO.<\/li><li>Pani\/Pana dane osobowe nie podlegaj\u0105 przekazywaniu do pa\u0144stw trzecich, ani\u00a0 zautomatyzowanemu podejmowaniu decyzji (w tym profilowaniu).<\/li><li>W Szpitalu obowi\u0105zuje \u201ePolityka realizacji praw i wolno\u015bci os\u00f3b, kt\u00f3rych dotycz\u0105 dane\u201d dost\u0119pna u IOD, uwzgl\u0119dniaj\u0105ca m.in. przys\u0142uguj\u0105ce Pani\/Panu, na zasadach okre\u015blonych RODO, prawo: dost\u0119pu do tre\u015bci swoich danych (art. 15 RODO), \u017c\u0105dania sprostowania swoich danych (o ile s\u0105 nieprawid\u0142owe) oraz uzupe\u0142nienia niekompletnych danych (art. 16 RODO), usuni\u0119cia, ograniczenia przetwarzania tych danych, a tak\u017ce prawo wniesienia sprzeciwu, cofni\u0119cia zgody na przetwarzanie danych, wniesienia skargi do Prezesa Urz\u0119du Ochrony Danych Osobowych w razie uznania, \u017ce przetwarzanie danych narusza przepisy RODO.<\/li><li>Pani\/Pana dane osobowe mog\u0105 by\u0107 przekazywane:<br \/>1) podmiotom przetwarzaj\u0105cym je na podstawie um\u00f3w ze Szpitalem;<br \/>2) organom lub podmiotom publicznym uprawnionym do uzyskania danych na podstawie obowi\u0105zuj\u0105cych przepis\u00f3w prawa (np. s\u0105dom, instytucjom pa\u0144stwowym, itp.), gdy wyst\u0105pi\u0105 z takim \u017c\u0105daniem, w oparciu o stosown\u0105 podstaw\u0119 prawn\u0105.<\/li><li>W Szpitalu wdro\u017cono zasady wynikaj\u0105ce z RODO, w szczeg\u00f3lno\u015bci dotycz\u0105ce minimalizacji celu przetwarzania danych, zasady zgodno\u015bci z prawem i wprowadzonymi na jego podstawie wewn\u0119trznymi procedurami.<\/li><li>W przypadku konieczno\u015bci uzyskania dodatkowych informacji na temat ochrony danych osobowych, udzieli ich Inspektor Ochrony Danych wskazany w ust. 2 powy\u017cej.<\/li><\/ol><\/div><\/div><\/div><\/div><\/div><\/div><\/div>\t\t\t\t\t\t\t\t<\/div>\n\t\t\t\t<\/div>\n\t\t\t\t\t<\/div>\n\t\t<\/div>\n\t\t\t\t<div class=\"elementor-column elementor-col-33 elementor-top-column elementor-element elementor-element-57bc0fd9\" data-id=\"57bc0fd9\" data-element_type=\"column\" data-e-type=\"column\" data-settings=\"{&quot;background_background&quot;:&quot;classic&quot;}\">\n\t\t\t<div class=\"elementor-widget-wrap elementor-element-populated\">\n\t\t\t\t\t\t<div class=\"elementor-element elementor-element-e87beac elementor-view-default elementor-widget elementor-widget-icon\" data-id=\"e87beac\" data-element_type=\"widget\" data-e-type=\"widget\" data-widget_type=\"icon.default\">\n\t\t\t\t<div class=\"elementor-widget-container\">\n\t\t\t\t\t\t\t<div class=\"elementor-icon-wrapper\">\n\t\t\t<div class=\"elementor-icon\">\n\t\t\t<i aria-hidden=\"true\" class=\"fas fa-phone-square\"><\/i>\t\t\t<\/div>\n\t\t<\/div>\n\t\t\t\t\t\t<\/div>\n\t\t\t\t<\/div>\n\t\t\t\t<div class=\"elementor-element elementor-element-12358bed elementor-widget elementor-widget-text-editor\" data-id=\"12358bed\" data-element_type=\"widget\" data-e-type=\"widget\" data-widget_type=\"text-editor.default\">\n\t\t\t\t<div class=\"elementor-widget-container\">\n\t\t\t\t\t\t\t\t\t<p><strong>Lokalizacja Budynek D, poziom -1<br \/><\/strong><\/p><div><p><strong>Numery bezpo\u015brednie:<\/strong><b><br \/><\/b><\/p><p><strong>Szpital:<\/strong>\u00a0+48 (41) 34 655 45 do 48<\/p><p><b>Numery wewn\u0119trzne:<\/b><\/p><p>Inspektor ochrony danych osobowych. &#8211; 211.<\/p><\/div>\t\t\t\t\t\t\t\t<\/div>\n\t\t\t\t<\/div>\n\t\t\t\t\t<\/div>\n\t\t<\/div>\n\t\t\t\t\t<\/div>\n\t\t<\/section>\n\t\t\t\t<\/div>\n\t\t","protected":false},"excerpt":{"rendered":"<p>Wies\u0142aw Loch Inspektor Ochrony Danych Osobowych Profil kom\u00f3rki Do zada\u0144 Inspektora Ochrony Danych Osobowych nale\u017cy: informowanie administratora, podmiotu przetwarzaj\u0105cego oraz pracownik\u00f3w, kt\u00f3rzy przetwarzaj\u0105 dane osobowe, o obowi\u0105zkach spoczywaj\u0105cych na nich na mocy niniejszego rozporz\u0105dzenia oraz innych przepis\u00f3w Unii lub pa\u0144stw cz\u0142onkowskich o ochronie danych i doradzanie im w tej sprawie; monitorowanie przestrzegania niniejszego rozporz\u0105dzenia, innych [&hellip;]<\/p>\n","protected":false},"author":4,"featured_media":0,"parent":0,"menu_order":0,"comment_status":"closed","ping_status":"closed","template":"","meta":{"zakra_page_container_layout":"customizer","zakra_page_sidebar_layout":"customizer","zakra_remove_content_margin":false,"zakra_sidebar":"customizer","zakra_transparent_header":"customizer","zakra_logo":0,"zakra_main_header_style":"default","zakra_menu_item_color":"","zakra_menu_item_hover_color":"","zakra_menu_item_active_color":"","zakra_menu_active_style":"","zakra_page_header":true,"footnotes":""},"class_list":["post-6183","page","type-page","status-publish","hentry"],"yoast_head":"<!-- This site is optimized with the Yoast SEO plugin v27.3 - https:\/\/yoast.com\/product\/yoast-seo-wordpress\/ -->\n<title>Inspektor Ochrony Danych Osobowych - Wojew\u00f3dzki Szpital Specjalistyczny im. \u015aw. Rafa\u0142a w Czerwonej G\u00f3rze<\/title>\n<meta name=\"robots\" content=\"index, follow, max-snippet:-1, max-image-preview:large, max-video-preview:-1\" \/>\n<link rel=\"canonical\" href=\"https:\/\/czerwonagora.pl\/index.php\/inspektor-ochrony-danych-osobowych\/\" \/>\n<meta property=\"og:locale\" content=\"pl_PL\" \/>\n<meta property=\"og:type\" content=\"article\" \/>\n<meta property=\"og:title\" content=\"Inspektor Ochrony Danych Osobowych - Wojew\u00f3dzki Szpital Specjalistyczny im. \u015aw. Rafa\u0142a w Czerwonej G\u00f3rze\" \/>\n<meta property=\"og:description\" content=\"Wies\u0142aw Loch Inspektor Ochrony Danych Osobowych Profil kom\u00f3rki Do zada\u0144 Inspektora Ochrony Danych Osobowych nale\u017cy: informowanie administratora, podmiotu przetwarzaj\u0105cego oraz pracownik\u00f3w, kt\u00f3rzy przetwarzaj\u0105 dane osobowe, o obowi\u0105zkach spoczywaj\u0105cych na nich na mocy niniejszego rozporz\u0105dzenia oraz innych przepis\u00f3w Unii lub pa\u0144stw cz\u0142onkowskich o ochronie danych i doradzanie im w tej sprawie; monitorowanie przestrzegania niniejszego rozporz\u0105dzenia, innych [&hellip;]\" \/>\n<meta property=\"og:url\" content=\"https:\/\/czerwonagora.pl\/index.php\/inspektor-ochrony-danych-osobowych\/\" \/>\n<meta property=\"og:site_name\" content=\"Wojew\u00f3dzki Szpital Specjalistyczny im. \u015aw. Rafa\u0142a w Czerwonej G\u00f3rze\" \/>\n<meta property=\"article:publisher\" content=\"https:\/\/www.facebook.com\/SzpitalCzerwonaGora\/\" \/>\n<meta property=\"article:modified_time\" content=\"2021-08-13T09:57:38+00:00\" \/>\n<meta property=\"og:image\" content=\"https:\/\/czerwonagora.pl\/wp-content\/uploads\/2021\/06\/men_adm-ikona.png\" \/>\n<meta name=\"twitter:card\" content=\"summary_large_image\" \/>\n<meta name=\"twitter:label1\" content=\"Szacowany czas czytania\" \/>\n\t<meta name=\"twitter:data1\" content=\"3 minuty\" \/>\n<script type=\"application\/ld+json\" class=\"yoast-schema-graph\">{\"@context\":\"https:\\\/\\\/schema.org\",\"@graph\":[{\"@type\":\"WebPage\",\"@id\":\"https:\\\/\\\/czerwonagora.pl\\\/index.php\\\/inspektor-ochrony-danych-osobowych\\\/\",\"url\":\"https:\\\/\\\/czerwonagora.pl\\\/index.php\\\/inspektor-ochrony-danych-osobowych\\\/\",\"name\":\"Inspektor Ochrony Danych Osobowych - Wojew\u00f3dzki Szpital Specjalistyczny im. \u015aw. Rafa\u0142a w Czerwonej G\u00f3rze\",\"isPartOf\":{\"@id\":\"https:\\\/\\\/czerwonagora.pl\\\/#website\"},\"primaryImageOfPage\":{\"@id\":\"https:\\\/\\\/czerwonagora.pl\\\/index.php\\\/inspektor-ochrony-danych-osobowych\\\/#primaryimage\"},\"image\":{\"@id\":\"https:\\\/\\\/czerwonagora.pl\\\/index.php\\\/inspektor-ochrony-danych-osobowych\\\/#primaryimage\"},\"thumbnailUrl\":\"https:\\\/\\\/czerwonagora.pl\\\/wp-content\\\/uploads\\\/2021\\\/06\\\/men_adm-ikona.png\",\"datePublished\":\"2021-06-28T05:25:42+00:00\",\"dateModified\":\"2021-08-13T09:57:38+00:00\",\"breadcrumb\":{\"@id\":\"https:\\\/\\\/czerwonagora.pl\\\/index.php\\\/inspektor-ochrony-danych-osobowych\\\/#breadcrumb\"},\"inLanguage\":\"pl-PL\",\"potentialAction\":[{\"@type\":\"ReadAction\",\"target\":[\"https:\\\/\\\/czerwonagora.pl\\\/index.php\\\/inspektor-ochrony-danych-osobowych\\\/\"]}]},{\"@type\":\"ImageObject\",\"inLanguage\":\"pl-PL\",\"@id\":\"https:\\\/\\\/czerwonagora.pl\\\/index.php\\\/inspektor-ochrony-danych-osobowych\\\/#primaryimage\",\"url\":\"https:\\\/\\\/czerwonagora.pl\\\/wp-content\\\/uploads\\\/2021\\\/06\\\/men_adm-ikona.png\",\"contentUrl\":\"https:\\\/\\\/czerwonagora.pl\\\/wp-content\\\/uploads\\\/2021\\\/06\\\/men_adm-ikona.png\",\"width\":180,\"height\":223,\"caption\":\"t\u0142o koloru zielonego z sylwetk\u0105 m\u0119\u017cczyzny ubranego w ubranie wizytowe koloru czarnego\"},{\"@type\":\"BreadcrumbList\",\"@id\":\"https:\\\/\\\/czerwonagora.pl\\\/index.php\\\/inspektor-ochrony-danych-osobowych\\\/#breadcrumb\",\"itemListElement\":[{\"@type\":\"ListItem\",\"position\":1,\"name\":\"Strona g\u0142\u00f3wna\",\"item\":\"https:\\\/\\\/czerwonagora.pl\\\/\"},{\"@type\":\"ListItem\",\"position\":2,\"name\":\"Inspektor Ochrony Danych Osobowych\"}]},{\"@type\":\"WebSite\",\"@id\":\"https:\\\/\\\/czerwonagora.pl\\\/#website\",\"url\":\"https:\\\/\\\/czerwonagora.pl\\\/\",\"name\":\"Wojew\u00f3dzki Szpital Specjalistyczny im. \u015aw. Rafa\u0142a w Czerwonej G\u00f3rze\",\"description\":\"Wojew\u00f3dzki Szpital Specjalistyczny im. \u015aw. Rafa\u0142a w Czerwonej G\u00f3rze\",\"publisher\":{\"@id\":\"https:\\\/\\\/czerwonagora.pl\\\/#organization\"},\"potentialAction\":[{\"@type\":\"SearchAction\",\"target\":{\"@type\":\"EntryPoint\",\"urlTemplate\":\"https:\\\/\\\/czerwonagora.pl\\\/?s={search_term_string}\"},\"query-input\":{\"@type\":\"PropertyValueSpecification\",\"valueRequired\":true,\"valueName\":\"search_term_string\"}}],\"inLanguage\":\"pl-PL\"},{\"@type\":\"Organization\",\"@id\":\"https:\\\/\\\/czerwonagora.pl\\\/#organization\",\"name\":\"Wojew\u00f3dzki Szpital Specjalistyczny im. \u015aw. Rafa\u0142a w Czerwonej G\u00f3rze\",\"url\":\"https:\\\/\\\/czerwonagora.pl\\\/\",\"logo\":{\"@type\":\"ImageObject\",\"inLanguage\":\"pl-PL\",\"@id\":\"https:\\\/\\\/czerwonagora.pl\\\/#\\\/schema\\\/logo\\\/image\\\/\",\"url\":\"https:\\\/\\\/czerwonagora.pl\\\/wp-content\\\/uploads\\\/2021\\\/06\\\/Logo-WSS-DUZE-transparentne.png\",\"contentUrl\":\"https:\\\/\\\/czerwonagora.pl\\\/wp-content\\\/uploads\\\/2021\\\/06\\\/Logo-WSS-DUZE-transparentne.png\",\"width\":4210,\"height\":2975,\"caption\":\"Wojew\u00f3dzki Szpital Specjalistyczny im. \u015aw. Rafa\u0142a w Czerwonej G\u00f3rze\"},\"image\":{\"@id\":\"https:\\\/\\\/czerwonagora.pl\\\/#\\\/schema\\\/logo\\\/image\\\/\"},\"sameAs\":[\"https:\\\/\\\/www.facebook.com\\\/SzpitalCzerwonaGora\\\/\"]}]}<\/script>\n<!-- \/ Yoast SEO plugin. -->","yoast_head_json":{"title":"Inspektor Ochrony Danych Osobowych - Wojew\u00f3dzki Szpital Specjalistyczny im. \u015aw. Rafa\u0142a w Czerwonej G\u00f3rze","robots":{"index":"index","follow":"follow","max-snippet":"max-snippet:-1","max-image-preview":"max-image-preview:large","max-video-preview":"max-video-preview:-1"},"canonical":"https:\/\/czerwonagora.pl\/index.php\/inspektor-ochrony-danych-osobowych\/","og_locale":"pl_PL","og_type":"article","og_title":"Inspektor Ochrony Danych Osobowych - Wojew\u00f3dzki Szpital Specjalistyczny im. \u015aw. Rafa\u0142a w Czerwonej G\u00f3rze","og_description":"Wies\u0142aw Loch Inspektor Ochrony Danych Osobowych Profil kom\u00f3rki Do zada\u0144 Inspektora Ochrony Danych Osobowych nale\u017cy: informowanie administratora, podmiotu przetwarzaj\u0105cego oraz pracownik\u00f3w, kt\u00f3rzy przetwarzaj\u0105 dane osobowe, o obowi\u0105zkach spoczywaj\u0105cych na nich na mocy niniejszego rozporz\u0105dzenia oraz innych przepis\u00f3w Unii lub pa\u0144stw cz\u0142onkowskich o ochronie danych i doradzanie im w tej sprawie; monitorowanie przestrzegania niniejszego rozporz\u0105dzenia, innych [&hellip;]","og_url":"https:\/\/czerwonagora.pl\/index.php\/inspektor-ochrony-danych-osobowych\/","og_site_name":"Wojew\u00f3dzki Szpital Specjalistyczny im. \u015aw. Rafa\u0142a w Czerwonej G\u00f3rze","article_publisher":"https:\/\/www.facebook.com\/SzpitalCzerwonaGora\/","article_modified_time":"2021-08-13T09:57:38+00:00","og_image":[{"url":"https:\/\/czerwonagora.pl\/wp-content\/uploads\/2021\/06\/men_adm-ikona.png","type":"","width":"","height":""}],"twitter_card":"summary_large_image","twitter_misc":{"Szacowany czas czytania":"3 minuty"},"schema":{"@context":"https:\/\/schema.org","@graph":[{"@type":"WebPage","@id":"https:\/\/czerwonagora.pl\/index.php\/inspektor-ochrony-danych-osobowych\/","url":"https:\/\/czerwonagora.pl\/index.php\/inspektor-ochrony-danych-osobowych\/","name":"Inspektor Ochrony Danych Osobowych - Wojew\u00f3dzki Szpital Specjalistyczny im. \u015aw. Rafa\u0142a w Czerwonej G\u00f3rze","isPartOf":{"@id":"https:\/\/czerwonagora.pl\/#website"},"primaryImageOfPage":{"@id":"https:\/\/czerwonagora.pl\/index.php\/inspektor-ochrony-danych-osobowych\/#primaryimage"},"image":{"@id":"https:\/\/czerwonagora.pl\/index.php\/inspektor-ochrony-danych-osobowych\/#primaryimage"},"thumbnailUrl":"https:\/\/czerwonagora.pl\/wp-content\/uploads\/2021\/06\/men_adm-ikona.png","datePublished":"2021-06-28T05:25:42+00:00","dateModified":"2021-08-13T09:57:38+00:00","breadcrumb":{"@id":"https:\/\/czerwonagora.pl\/index.php\/inspektor-ochrony-danych-osobowych\/#breadcrumb"},"inLanguage":"pl-PL","potentialAction":[{"@type":"ReadAction","target":["https:\/\/czerwonagora.pl\/index.php\/inspektor-ochrony-danych-osobowych\/"]}]},{"@type":"ImageObject","inLanguage":"pl-PL","@id":"https:\/\/czerwonagora.pl\/index.php\/inspektor-ochrony-danych-osobowych\/#primaryimage","url":"https:\/\/czerwonagora.pl\/wp-content\/uploads\/2021\/06\/men_adm-ikona.png","contentUrl":"https:\/\/czerwonagora.pl\/wp-content\/uploads\/2021\/06\/men_adm-ikona.png","width":180,"height":223,"caption":"t\u0142o koloru zielonego z sylwetk\u0105 m\u0119\u017cczyzny ubranego w ubranie wizytowe koloru czarnego"},{"@type":"BreadcrumbList","@id":"https:\/\/czerwonagora.pl\/index.php\/inspektor-ochrony-danych-osobowych\/#breadcrumb","itemListElement":[{"@type":"ListItem","position":1,"name":"Strona g\u0142\u00f3wna","item":"https:\/\/czerwonagora.pl\/"},{"@type":"ListItem","position":2,"name":"Inspektor Ochrony Danych Osobowych"}]},{"@type":"WebSite","@id":"https:\/\/czerwonagora.pl\/#website","url":"https:\/\/czerwonagora.pl\/","name":"Wojew\u00f3dzki Szpital Specjalistyczny im. \u015aw. Rafa\u0142a w Czerwonej G\u00f3rze","description":"Wojew\u00f3dzki Szpital Specjalistyczny im. \u015aw. Rafa\u0142a w Czerwonej G\u00f3rze","publisher":{"@id":"https:\/\/czerwonagora.pl\/#organization"},"potentialAction":[{"@type":"SearchAction","target":{"@type":"EntryPoint","urlTemplate":"https:\/\/czerwonagora.pl\/?s={search_term_string}"},"query-input":{"@type":"PropertyValueSpecification","valueRequired":true,"valueName":"search_term_string"}}],"inLanguage":"pl-PL"},{"@type":"Organization","@id":"https:\/\/czerwonagora.pl\/#organization","name":"Wojew\u00f3dzki Szpital Specjalistyczny im. \u015aw. Rafa\u0142a w Czerwonej G\u00f3rze","url":"https:\/\/czerwonagora.pl\/","logo":{"@type":"ImageObject","inLanguage":"pl-PL","@id":"https:\/\/czerwonagora.pl\/#\/schema\/logo\/image\/","url":"https:\/\/czerwonagora.pl\/wp-content\/uploads\/2021\/06\/Logo-WSS-DUZE-transparentne.png","contentUrl":"https:\/\/czerwonagora.pl\/wp-content\/uploads\/2021\/06\/Logo-WSS-DUZE-transparentne.png","width":4210,"height":2975,"caption":"Wojew\u00f3dzki Szpital Specjalistyczny im. \u015aw. Rafa\u0142a w Czerwonej G\u00f3rze"},"image":{"@id":"https:\/\/czerwonagora.pl\/#\/schema\/logo\/image\/"},"sameAs":["https:\/\/www.facebook.com\/SzpitalCzerwonaGora\/"]}]}},"publishpress_future_action":{"enabled":false,"date":"2026-04-16 21:02:57","action":"change-status","newStatus":"draft","terms":[],"taxonomy":"","extraData":[]},"publishpress_future_workflow_manual_trigger":{"enabledWorkflows":[]},"_links":{"self":[{"href":"https:\/\/czerwonagora.pl\/index.php\/wp-json\/wp\/v2\/pages\/6183","targetHints":{"allow":["GET"]}}],"collection":[{"href":"https:\/\/czerwonagora.pl\/index.php\/wp-json\/wp\/v2\/pages"}],"about":[{"href":"https:\/\/czerwonagora.pl\/index.php\/wp-json\/wp\/v2\/types\/page"}],"author":[{"embeddable":true,"href":"https:\/\/czerwonagora.pl\/index.php\/wp-json\/wp\/v2\/users\/4"}],"replies":[{"embeddable":true,"href":"https:\/\/czerwonagora.pl\/index.php\/wp-json\/wp\/v2\/comments?post=6183"}],"version-history":[{"count":64,"href":"https:\/\/czerwonagora.pl\/index.php\/wp-json\/wp\/v2\/pages\/6183\/revisions"}],"predecessor-version":[{"id":14153,"href":"https:\/\/czerwonagora.pl\/index.php\/wp-json\/wp\/v2\/pages\/6183\/revisions\/14153"}],"wp:attachment":[{"href":"https:\/\/czerwonagora.pl\/index.php\/wp-json\/wp\/v2\/media?parent=6183"}],"curies":[{"name":"wp","href":"https:\/\/api.w.org\/{rel}","templated":true}]}}