{"id":6636,"date":"2021-06-28T11:44:37","date_gmt":"2021-06-28T09:44:37","guid":{"rendered":"https:\/\/czerwonagora.pl\/?page_id=6636"},"modified":"2021-12-31T12:53:51","modified_gmt":"2021-12-31T11:53:51","slug":"projekt-stop-wirusowi-zapobieganie-rozprzestrzeniania-sie-covid-19-w-wojewodztwie-swietokrzyskim-2","status":"publish","type":"page","link":"https:\/\/czerwonagora.pl\/index.php\/projekt-stop-wirusowi-zapobieganie-rozprzestrzeniania-sie-covid-19-w-wojewodztwie-swietokrzyskim-2\/","title":{"rendered":"Projekt \u201eStop wirusowi! Zapobieganie rozprzestrzeniania si\u0119 COVID-19 w wojew\u00f3dztwie \u015bwi\u0119tokrzyskim\u201d"},"content":{"rendered":"\t\t<div data-elementor-type=\"wp-page\" data-elementor-id=\"6636\" class=\"elementor elementor-6636\">\n\t\t\t\t\t\t<section class=\"elementor-section elementor-top-section elementor-element elementor-element-6c4cf915 elementor-section-stretched elementor-section-boxed elementor-section-height-default elementor-section-height-default\" data-id=\"6c4cf915\" data-element_type=\"section\" data-e-type=\"section\" data-settings=\"{&quot;stretch_section&quot;:&quot;section-stretched&quot;}\">\n\t\t\t\t\t\t<div class=\"elementor-container elementor-column-gap-default\">\n\t\t\t\t\t<div class=\"elementor-column elementor-col-100 elementor-top-column elementor-element elementor-element-13f32a56\" data-id=\"13f32a56\" data-element_type=\"column\" data-e-type=\"column\">\n\t\t\t<div class=\"elementor-widget-wrap elementor-element-populated\">\n\t\t\t\t\t\t<div class=\"elementor-element elementor-element-4a67fd6b elementor-widget elementor-widget-text-editor\" data-id=\"4a67fd6b\" data-element_type=\"widget\" data-e-type=\"widget\" data-widget_type=\"text-editor.default\">\n\t\t\t\t<div class=\"elementor-widget-container\">\n\t\t\t\t\t\t\t\t\t<p><img fetchpriority=\"high\" decoding=\"async\" class=\"alignleft wp-image-6590\" src=\"https:\/\/czerwonagora.pl\/wp-content\/uploads\/2021\/06\/covid_info_LAB.png\" alt=\"\" width=\"400\" height=\"202\" srcset=\"https:\/\/czerwonagora.pl\/wp-content\/uploads\/2021\/06\/covid_info_LAB.png 640w, https:\/\/czerwonagora.pl\/wp-content\/uploads\/2021\/06\/covid_info_LAB-300x151.png 300w\" sizes=\"(max-width: 400px) 100vw, 400px\" \/><\/p><p><strong>Projekt \u201eStop wirusowi! Zapobieganie rozprzestrzeniania si\u0119 COVID-19 <br \/>w wojew\u00f3dztwie \u015bwi\u0119tokrzyskim<\/strong>\u201d<\/p><p>\u00a0<\/p><p>\u00a0<\/p><p>\u00a0<\/p><p>Projekt \u201eStop wirusowi! Zapobieganie rozprzestrzeniania si\u0119 COVID-19 w wojew\u00f3dztwie \u015bwi\u0119tokrzyskim\u201d realizowany w partnerstwie Urz\u0119du Marsza\u0142kowskiego z 5 podmiotami leczniczymi podleg\u0142ymi pod Wojew\u00f3dztwo \u015awi\u0119tokrzyskie w ramach Regionalnego Programu Operacyjnego Wojew\u00f3dztwa \u015awi\u0119tokrzyskiego na lata 2014-2020.<strong><br \/><\/strong><\/p>\t\t\t\t\t\t\t\t<\/div>\n\t\t\t\t<\/div>\n\t\t\t\t\t<\/div>\n\t\t<\/div>\n\t\t\t\t\t<\/div>\n\t\t<\/section>\n\t\t\t\t<section class=\"elementor-section elementor-top-section elementor-element elementor-element-1027cb1 elementor-section-stretched elementor-section-boxed elementor-section-height-default elementor-section-height-default\" data-id=\"1027cb1\" data-element_type=\"section\" data-e-type=\"section\" data-settings=\"{&quot;stretch_section&quot;:&quot;section-stretched&quot;}\">\n\t\t\t\t\t\t<div class=\"elementor-container elementor-column-gap-default\">\n\t\t\t\t\t<div class=\"elementor-column elementor-col-100 elementor-top-column elementor-element elementor-element-e1e6bc5\" data-id=\"e1e6bc5\" data-element_type=\"column\" data-e-type=\"column\">\n\t\t\t<div class=\"elementor-widget-wrap elementor-element-populated\">\n\t\t\t\t\t\t<div class=\"elementor-element elementor-element-463be53 elementor-widget elementor-widget-image\" data-id=\"463be53\" data-element_type=\"widget\" data-e-type=\"widget\" data-widget_type=\"image.default\">\n\t\t\t\t<div class=\"elementor-widget-container\">\n\t\t\t\t\t\t\t\t\t\t\t\t\t\t\t<img decoding=\"async\" width=\"1024\" height=\"120\" src=\"https:\/\/czerwonagora.pl\/wp-content\/uploads\/2021\/06\/Europejski-Fundusz-Spoleczny-1024x120.jpg\" class=\"attachment-large size-large wp-image-6708\" alt=\"baner projektu na kt\u00f3rym znajduj\u0105 si\u0119 flagi Unii Europejskiej, Polski, god\u0142o Wojew\u00f3dztwa \u015awi\u0119tokrzyskiego\" srcset=\"https:\/\/czerwonagora.pl\/wp-content\/uploads\/2021\/06\/Europejski-Fundusz-Spoleczny-1024x120.jpg 1024w, https:\/\/czerwonagora.pl\/wp-content\/uploads\/2021\/06\/Europejski-Fundusz-Spoleczny-300x35.jpg 300w, https:\/\/czerwonagora.pl\/wp-content\/uploads\/2021\/06\/Europejski-Fundusz-Spoleczny-768x90.jpg 768w, https:\/\/czerwonagora.pl\/wp-content\/uploads\/2021\/06\/Europejski-Fundusz-Spoleczny-1536x181.jpg 1536w, https:\/\/czerwonagora.pl\/wp-content\/uploads\/2021\/06\/Europejski-Fundusz-Spoleczny-2048x241.jpg 2048w\" sizes=\"(max-width: 1024px) 100vw, 1024px\" \/>\t\t\t\t\t\t\t\t\t\t\t\t\t\t\t<\/div>\n\t\t\t\t<\/div>\n\t\t\t\t\t<\/div>\n\t\t<\/div>\n\t\t\t\t\t<\/div>\n\t\t<\/section>\n\t\t\t\t<section class=\"elementor-section elementor-top-section elementor-element elementor-element-2b714cd7 elementor-section-stretched elementor-section-boxed elementor-section-height-default elementor-section-height-default\" data-id=\"2b714cd7\" data-element_type=\"section\" data-e-type=\"section\" data-settings=\"{&quot;stretch_section&quot;:&quot;section-stretched&quot;}\">\n\t\t\t\t\t\t<div class=\"elementor-container elementor-column-gap-default\">\n\t\t\t\t\t<div class=\"elementor-column elementor-col-100 elementor-top-column elementor-element elementor-element-3f642e3\" data-id=\"3f642e3\" data-element_type=\"column\" data-e-type=\"column\">\n\t\t\t<div class=\"elementor-widget-wrap elementor-element-populated\">\n\t\t\t\t\t\t<div class=\"elementor-element elementor-element-25f85e80 elementor-widget elementor-widget-text-editor\" data-id=\"25f85e80\" data-element_type=\"widget\" data-e-type=\"widget\" data-widget_type=\"text-editor.default\">\n\t\t\t\t<div class=\"elementor-widget-container\">\n\t\t\t\t\t\t\t\t\t<p><strong>Nazwa projektu:<\/strong>\u00a0\u201eStop wirusowi! Zapobieganie rozprzestrzeniania si\u0119 COVID-19 w wojew\u00f3dztwie \u015bwi\u0119tokrzyskim\u201d\u00a0<\/p><p><strong>Miejsce realizacji:<\/strong> Wojew\u00f3dzki Szpital Specjalistyczny im. \u015bw. Rafa\u0142a w Czerwonej Gorze, ul. Czerwona G\u00f3ra 10, 26-060 Ch\u0119ciny,<\/p><p><strong>Warto\u015b\u0107 projektu dla Partnera:<\/strong><\/p><ul><li>Og\u00f3\u0142em7 349 081,12 z\u0142<\/li><li>Dofinansowanie z UE: 6 859 369,45 z\u0142<\/li><li>Wk\u0142ad w\u0142asny: 489 711,67 z\u0142<\/li><\/ul><p><strong>Cele projektu i planowane efekty: <\/strong>Zwi\u0119kszenie dost\u0119pno\u015bci do test\u00f3w na obecno\u015b\u0107 wirusa SARS-CoV-2 dla pracownik\u00f3w ochrony zdrowia oraz do informacji o profilaktyce zapobiegania zaka\u017ceniom SARS-CoV-2 dla mieszka\u0144c\u00f3w wojew\u00f3dztwa \u015bwi\u0119tokrzyskiego poprzez pomoc psychologiczn\u0105, poradnictwo specjalist\u00f3w r\u00f3\u017cnych dziedzin, wyposa\u017cenie plac\u00f3wek w niezb\u0119dny sprz\u0119t i \u015brodki ochrony indywidualnej.<\/p><p><strong>Okres realizacji:<\/strong> 01.03.2020 do 30.06.2022<\/p><p><strong>Kr\u00f3tki opis:<\/strong> Wsparcie w zakresie zakupu niezb\u0119dnych \u015brodk\u00f3w ochrony indywidualnej pracownik\u00f3w: maski, kombinezony, r\u0119kawiczki jednorazowe, okulary, buty ochronne, czepki itp. oraz produkt\u00f3w do dezynfekcji i sterylizacji. Zakres zadania obejmuje r\u00f3wnie\u017c: &#8211; zakup materia\u0142\u00f3w i sprz\u0119tu do gromadzenia odpad\u00f3w medycznych, prowadzenia terapii oddechowej, \u015brodk\u00f3w ochrony oraz niezb\u0119dnego sprz\u0119tu medycznego przeznaczonego do opieki nad pacjentami izolowanymi podejrzanymi o zaka\u017cenie \u2013 zakup test\u00f3w oraz podstawowego wyposa\u017cenia pracowni biologii molekularnej, &#8211; zakup materia\u0142\u00f3w technicznych niezb\u0119dnych do przeprowadzenia prac dostosowawczych oraz us\u0142ug w zakresie adaptacji pomieszcze\u0144 do nowych wymaga\u0144 epidemiologicznych.\u00a0Zakup \u015brodk\u00f3w trwa\u0142ych w tym: \u00a0urz\u0105dzenia do automatycznej izolacji RNA wirusa SARS-CoV-2 oraz zakup tunelu detekcyjnego z funkcj\u0105 dezynfekcji.<\/p><p><strong>PRZECZYTAJ WI\u0118CEJ O PROJEKCIE:<\/strong> <a href=\"https:\/\/czerwonagora.pl\/stopwirusowi\/index.php\">strona Projektu &#8222;Stop wirusowi&#8221;<\/a><\/p><p>Projekt \u201eStop wirusowi! Zapobieganie rozprzestrzeniania si\u0119 COVID-19 w wojew\u00f3dztwie \u015bwi\u0119tokrzyskim\u201d jest wsp\u00f3\u0142finansowany z Europejskiego Funduszu Spo\u0142ecznego w ramach Regionalnego Programu operacyjnego Wojew\u00f3dztwa \u015awi\u0119tokrzyskiego na lata 2014-2020.\u00a0Numer i nazwa Osi priorytetowej: RPSW.09.00.00 W\u0142\u0105czenie spo\u0142eczne i walka z ub\u00f3stwem. Numer i nazwa Dzia\u0142ania: RPSW.09.02.00 U\u0142atwienie dost\u0119pu do wysokiej jako\u015bci us\u0142ug spo\u0142ecznych i zdrowotnych. Numer i nazwa Poddzia\u0142ania: RPSW.09.02.03 Rozw\u00f3j wysokiej jako\u015bci us\u0142ug zdrowotnych (projekty konkursowe).<\/p>\t\t\t\t\t\t\t\t<\/div>\n\t\t\t\t<\/div>\n\t\t\t\t\t<\/div>\n\t\t<\/div>\n\t\t\t\t\t<\/div>\n\t\t<\/section>\n\t\t\t\t<section class=\"elementor-section elementor-top-section elementor-element elementor-element-c27f79a elementor-section-stretched elementor-section-boxed elementor-section-height-default elementor-section-height-default\" data-id=\"c27f79a\" data-element_type=\"section\" data-e-type=\"section\" data-settings=\"{&quot;stretch_section&quot;:&quot;section-stretched&quot;}\">\n\t\t\t\t\t\t<div class=\"elementor-container elementor-column-gap-default\">\n\t\t\t\t\t<div class=\"elementor-column elementor-col-100 elementor-top-column elementor-element elementor-element-120893b\" data-id=\"120893b\" data-element_type=\"column\" data-e-type=\"column\">\n\t\t\t<div class=\"elementor-widget-wrap elementor-element-populated\">\n\t\t\t\t\t\t<div class=\"elementor-element elementor-element-3c63732 elementor-widget elementor-widget-image\" data-id=\"3c63732\" data-element_type=\"widget\" data-e-type=\"widget\" data-widget_type=\"image.default\">\n\t\t\t\t<div class=\"elementor-widget-container\">\n\t\t\t\t\t\t\t\t\t\t\t\t\t\t\t<img decoding=\"async\" width=\"1024\" height=\"120\" src=\"https:\/\/czerwonagora.pl\/wp-content\/uploads\/2021\/06\/Europejski-Fundusz-Spoleczny-1024x120.jpg\" class=\"attachment-large size-large wp-image-6708\" alt=\"baner projektu na kt\u00f3rym znajduj\u0105 si\u0119 flagi Unii Europejskiej, Polski, god\u0142o Wojew\u00f3dztwa \u015awi\u0119tokrzyskiego\" srcset=\"https:\/\/czerwonagora.pl\/wp-content\/uploads\/2021\/06\/Europejski-Fundusz-Spoleczny-1024x120.jpg 1024w, https:\/\/czerwonagora.pl\/wp-content\/uploads\/2021\/06\/Europejski-Fundusz-Spoleczny-300x35.jpg 300w, https:\/\/czerwonagora.pl\/wp-content\/uploads\/2021\/06\/Europejski-Fundusz-Spoleczny-768x90.jpg 768w, https:\/\/czerwonagora.pl\/wp-content\/uploads\/2021\/06\/Europejski-Fundusz-Spoleczny-1536x181.jpg 1536w, https:\/\/czerwonagora.pl\/wp-content\/uploads\/2021\/06\/Europejski-Fundusz-Spoleczny-2048x241.jpg 2048w\" sizes=\"(max-width: 1024px) 100vw, 1024px\" \/>\t\t\t\t\t\t\t\t\t\t\t\t\t\t\t<\/div>\n\t\t\t\t<\/div>\n\t\t\t\t\t<\/div>\n\t\t<\/div>\n\t\t\t\t\t<\/div>\n\t\t<\/section>\n\t\t\t\t<\/div>\n\t\t","protected":false},"excerpt":{"rendered":"<p>Projekt \u201eStop wirusowi! Zapobieganie rozprzestrzeniania si\u0119 COVID-19 w wojew\u00f3dztwie \u015bwi\u0119tokrzyskim\u201d \u00a0 \u00a0 \u00a0 Projekt \u201eStop wirusowi! Zapobieganie rozprzestrzeniania si\u0119 COVID-19 w wojew\u00f3dztwie \u015bwi\u0119tokrzyskim\u201d realizowany w partnerstwie Urz\u0119du Marsza\u0142kowskiego z 5 podmiotami leczniczymi podleg\u0142ymi pod Wojew\u00f3dztwo \u015awi\u0119tokrzyskie w ramach Regionalnego Programu Operacyjnego Wojew\u00f3dztwa \u015awi\u0119tokrzyskiego na lata 2014-2020. Nazwa projektu:\u00a0\u201eStop wirusowi! Zapobieganie rozprzestrzeniania si\u0119 COVID-19 w wojew\u00f3dztwie [&hellip;]<\/p>\n","protected":false},"author":4,"featured_media":0,"parent":0,"menu_order":0,"comment_status":"closed","ping_status":"closed","template":"","meta":{"zakra_page_container_layout":"customizer","zakra_page_sidebar_layout":"customizer","zakra_remove_content_margin":false,"zakra_sidebar":"customizer","zakra_transparent_header":"customizer","zakra_logo":0,"zakra_main_header_style":"default","zakra_menu_item_color":"","zakra_menu_item_hover_color":"","zakra_menu_item_active_color":"","zakra_menu_active_style":"","zakra_page_header":true,"footnotes":""},"class_list":["post-6636","page","type-page","status-publish","hentry"],"yoast_head":"<!-- This site is optimized with the Yoast SEO plugin v27.3 - https:\/\/yoast.com\/product\/yoast-seo-wordpress\/ -->\n<title>Projekt \u201eStop wirusowi! Zapobieganie rozprzestrzeniania si\u0119 COVID-19 w wojew\u00f3dztwie \u015bwi\u0119tokrzyskim\u201d - Wojew\u00f3dzki Szpital Specjalistyczny im. \u015aw. Rafa\u0142a w Czerwonej G\u00f3rze<\/title>\n<meta name=\"robots\" content=\"index, follow, max-snippet:-1, max-image-preview:large, max-video-preview:-1\" \/>\n<link rel=\"canonical\" href=\"https:\/\/czerwonagora.pl\/index.php\/projekt-stop-wirusowi-zapobieganie-rozprzestrzeniania-sie-covid-19-w-wojewodztwie-swietokrzyskim-2\/\" \/>\n<meta property=\"og:locale\" content=\"pl_PL\" \/>\n<meta property=\"og:type\" content=\"article\" \/>\n<meta property=\"og:title\" content=\"Projekt \u201eStop wirusowi! Zapobieganie rozprzestrzeniania si\u0119 COVID-19 w wojew\u00f3dztwie \u015bwi\u0119tokrzyskim\u201d - Wojew\u00f3dzki Szpital Specjalistyczny im. \u015aw. Rafa\u0142a w Czerwonej G\u00f3rze\" \/>\n<meta property=\"og:description\" content=\"Projekt \u201eStop wirusowi! Zapobieganie rozprzestrzeniania si\u0119 COVID-19 w wojew\u00f3dztwie \u015bwi\u0119tokrzyskim\u201d \u00a0 \u00a0 \u00a0 Projekt \u201eStop wirusowi! Zapobieganie rozprzestrzeniania si\u0119 COVID-19 w wojew\u00f3dztwie \u015bwi\u0119tokrzyskim\u201d realizowany w partnerstwie Urz\u0119du Marsza\u0142kowskiego z 5 podmiotami leczniczymi podleg\u0142ymi pod Wojew\u00f3dztwo \u015awi\u0119tokrzyskie w ramach Regionalnego Programu Operacyjnego Wojew\u00f3dztwa \u015awi\u0119tokrzyskiego na lata 2014-2020. Nazwa projektu:\u00a0\u201eStop wirusowi! Zapobieganie rozprzestrzeniania si\u0119 COVID-19 w wojew\u00f3dztwie [&hellip;]\" \/>\n<meta property=\"og:url\" content=\"https:\/\/czerwonagora.pl\/index.php\/projekt-stop-wirusowi-zapobieganie-rozprzestrzeniania-sie-covid-19-w-wojewodztwie-swietokrzyskim-2\/\" \/>\n<meta property=\"og:site_name\" content=\"Wojew\u00f3dzki Szpital Specjalistyczny im. \u015aw. Rafa\u0142a w Czerwonej G\u00f3rze\" \/>\n<meta property=\"article:publisher\" content=\"https:\/\/www.facebook.com\/SzpitalCzerwonaGora\/\" \/>\n<meta property=\"article:modified_time\" content=\"2021-12-31T11:53:51+00:00\" \/>\n<meta property=\"og:image\" content=\"https:\/\/czerwonagora.pl\/wp-content\/uploads\/2021\/06\/covid_info_LAB.png\" \/>\n<meta name=\"twitter:card\" content=\"summary_large_image\" \/>\n<meta name=\"twitter:label1\" content=\"Szacowany czas czytania\" \/>\n\t<meta name=\"twitter:data1\" content=\"2 minuty\" \/>\n<script type=\"application\/ld+json\" class=\"yoast-schema-graph\">{\"@context\":\"https:\\\/\\\/schema.org\",\"@graph\":[{\"@type\":\"WebPage\",\"@id\":\"https:\\\/\\\/czerwonagora.pl\\\/index.php\\\/projekt-stop-wirusowi-zapobieganie-rozprzestrzeniania-sie-covid-19-w-wojewodztwie-swietokrzyskim-2\\\/\",\"url\":\"https:\\\/\\\/czerwonagora.pl\\\/index.php\\\/projekt-stop-wirusowi-zapobieganie-rozprzestrzeniania-sie-covid-19-w-wojewodztwie-swietokrzyskim-2\\\/\",\"name\":\"Projekt \u201eStop wirusowi! Zapobieganie rozprzestrzeniania si\u0119 COVID-19 w wojew\u00f3dztwie \u015bwi\u0119tokrzyskim\u201d - Wojew\u00f3dzki Szpital Specjalistyczny im. \u015aw. Rafa\u0142a w Czerwonej G\u00f3rze\",\"isPartOf\":{\"@id\":\"https:\\\/\\\/czerwonagora.pl\\\/#website\"},\"primaryImageOfPage\":{\"@id\":\"https:\\\/\\\/czerwonagora.pl\\\/index.php\\\/projekt-stop-wirusowi-zapobieganie-rozprzestrzeniania-sie-covid-19-w-wojewodztwie-swietokrzyskim-2\\\/#primaryimage\"},\"image\":{\"@id\":\"https:\\\/\\\/czerwonagora.pl\\\/index.php\\\/projekt-stop-wirusowi-zapobieganie-rozprzestrzeniania-sie-covid-19-w-wojewodztwie-swietokrzyskim-2\\\/#primaryimage\"},\"thumbnailUrl\":\"https:\\\/\\\/czerwonagora.pl\\\/wp-content\\\/uploads\\\/2021\\\/06\\\/covid_info_LAB.png\",\"datePublished\":\"2021-06-28T09:44:37+00:00\",\"dateModified\":\"2021-12-31T11:53:51+00:00\",\"breadcrumb\":{\"@id\":\"https:\\\/\\\/czerwonagora.pl\\\/index.php\\\/projekt-stop-wirusowi-zapobieganie-rozprzestrzeniania-sie-covid-19-w-wojewodztwie-swietokrzyskim-2\\\/#breadcrumb\"},\"inLanguage\":\"pl-PL\",\"potentialAction\":[{\"@type\":\"ReadAction\",\"target\":[\"https:\\\/\\\/czerwonagora.pl\\\/index.php\\\/projekt-stop-wirusowi-zapobieganie-rozprzestrzeniania-sie-covid-19-w-wojewodztwie-swietokrzyskim-2\\\/\"]}]},{\"@type\":\"ImageObject\",\"inLanguage\":\"pl-PL\",\"@id\":\"https:\\\/\\\/czerwonagora.pl\\\/index.php\\\/projekt-stop-wirusowi-zapobieganie-rozprzestrzeniania-sie-covid-19-w-wojewodztwie-swietokrzyskim-2\\\/#primaryimage\",\"url\":\"https:\\\/\\\/czerwonagora.pl\\\/wp-content\\\/uploads\\\/2021\\\/06\\\/covid_info_LAB.png\",\"contentUrl\":\"https:\\\/\\\/czerwonagora.pl\\\/wp-content\\\/uploads\\\/2021\\\/06\\\/covid_info_LAB.png\",\"width\":640,\"height\":323,\"caption\":\"osoba ubrana w niebieskiej maseczce ochronne w niebieskim tle\"},{\"@type\":\"BreadcrumbList\",\"@id\":\"https:\\\/\\\/czerwonagora.pl\\\/index.php\\\/projekt-stop-wirusowi-zapobieganie-rozprzestrzeniania-sie-covid-19-w-wojewodztwie-swietokrzyskim-2\\\/#breadcrumb\",\"itemListElement\":[{\"@type\":\"ListItem\",\"position\":1,\"name\":\"Strona g\u0142\u00f3wna\",\"item\":\"https:\\\/\\\/czerwonagora.pl\\\/\"},{\"@type\":\"ListItem\",\"position\":2,\"name\":\"Projekt \u201eStop wirusowi! Zapobieganie rozprzestrzeniania si\u0119 COVID-19 w wojew\u00f3dztwie \u015bwi\u0119tokrzyskim\u201d\"}]},{\"@type\":\"WebSite\",\"@id\":\"https:\\\/\\\/czerwonagora.pl\\\/#website\",\"url\":\"https:\\\/\\\/czerwonagora.pl\\\/\",\"name\":\"Wojew\u00f3dzki Szpital Specjalistyczny im. \u015aw. Rafa\u0142a w Czerwonej G\u00f3rze\",\"description\":\"Wojew\u00f3dzki Szpital Specjalistyczny im. \u015aw. Rafa\u0142a w Czerwonej G\u00f3rze\",\"publisher\":{\"@id\":\"https:\\\/\\\/czerwonagora.pl\\\/#organization\"},\"potentialAction\":[{\"@type\":\"SearchAction\",\"target\":{\"@type\":\"EntryPoint\",\"urlTemplate\":\"https:\\\/\\\/czerwonagora.pl\\\/?s={search_term_string}\"},\"query-input\":{\"@type\":\"PropertyValueSpecification\",\"valueRequired\":true,\"valueName\":\"search_term_string\"}}],\"inLanguage\":\"pl-PL\"},{\"@type\":\"Organization\",\"@id\":\"https:\\\/\\\/czerwonagora.pl\\\/#organization\",\"name\":\"Wojew\u00f3dzki Szpital Specjalistyczny im. \u015aw. Rafa\u0142a w Czerwonej G\u00f3rze\",\"url\":\"https:\\\/\\\/czerwonagora.pl\\\/\",\"logo\":{\"@type\":\"ImageObject\",\"inLanguage\":\"pl-PL\",\"@id\":\"https:\\\/\\\/czerwonagora.pl\\\/#\\\/schema\\\/logo\\\/image\\\/\",\"url\":\"https:\\\/\\\/czerwonagora.pl\\\/wp-content\\\/uploads\\\/2021\\\/06\\\/Logo-WSS-DUZE-transparentne.png\",\"contentUrl\":\"https:\\\/\\\/czerwonagora.pl\\\/wp-content\\\/uploads\\\/2021\\\/06\\\/Logo-WSS-DUZE-transparentne.png\",\"width\":4210,\"height\":2975,\"caption\":\"Wojew\u00f3dzki Szpital Specjalistyczny im. \u015aw. Rafa\u0142a w Czerwonej G\u00f3rze\"},\"image\":{\"@id\":\"https:\\\/\\\/czerwonagora.pl\\\/#\\\/schema\\\/logo\\\/image\\\/\"},\"sameAs\":[\"https:\\\/\\\/www.facebook.com\\\/SzpitalCzerwonaGora\\\/\"]}]}<\/script>\n<!-- \/ Yoast SEO plugin. -->","yoast_head_json":{"title":"Projekt \u201eStop wirusowi! Zapobieganie rozprzestrzeniania si\u0119 COVID-19 w wojew\u00f3dztwie \u015bwi\u0119tokrzyskim\u201d - Wojew\u00f3dzki Szpital Specjalistyczny im. \u015aw. Rafa\u0142a w Czerwonej G\u00f3rze","robots":{"index":"index","follow":"follow","max-snippet":"max-snippet:-1","max-image-preview":"max-image-preview:large","max-video-preview":"max-video-preview:-1"},"canonical":"https:\/\/czerwonagora.pl\/index.php\/projekt-stop-wirusowi-zapobieganie-rozprzestrzeniania-sie-covid-19-w-wojewodztwie-swietokrzyskim-2\/","og_locale":"pl_PL","og_type":"article","og_title":"Projekt \u201eStop wirusowi! Zapobieganie rozprzestrzeniania si\u0119 COVID-19 w wojew\u00f3dztwie \u015bwi\u0119tokrzyskim\u201d - Wojew\u00f3dzki Szpital Specjalistyczny im. \u015aw. Rafa\u0142a w Czerwonej G\u00f3rze","og_description":"Projekt \u201eStop wirusowi! Zapobieganie rozprzestrzeniania si\u0119 COVID-19 w wojew\u00f3dztwie \u015bwi\u0119tokrzyskim\u201d \u00a0 \u00a0 \u00a0 Projekt \u201eStop wirusowi! Zapobieganie rozprzestrzeniania si\u0119 COVID-19 w wojew\u00f3dztwie \u015bwi\u0119tokrzyskim\u201d realizowany w partnerstwie Urz\u0119du Marsza\u0142kowskiego z 5 podmiotami leczniczymi podleg\u0142ymi pod Wojew\u00f3dztwo \u015awi\u0119tokrzyskie w ramach Regionalnego Programu Operacyjnego Wojew\u00f3dztwa \u015awi\u0119tokrzyskiego na lata 2014-2020. Nazwa projektu:\u00a0\u201eStop wirusowi! Zapobieganie rozprzestrzeniania si\u0119 COVID-19 w wojew\u00f3dztwie [&hellip;]","og_url":"https:\/\/czerwonagora.pl\/index.php\/projekt-stop-wirusowi-zapobieganie-rozprzestrzeniania-sie-covid-19-w-wojewodztwie-swietokrzyskim-2\/","og_site_name":"Wojew\u00f3dzki Szpital Specjalistyczny im. \u015aw. Rafa\u0142a w Czerwonej G\u00f3rze","article_publisher":"https:\/\/www.facebook.com\/SzpitalCzerwonaGora\/","article_modified_time":"2021-12-31T11:53:51+00:00","og_image":[{"url":"https:\/\/czerwonagora.pl\/wp-content\/uploads\/2021\/06\/covid_info_LAB.png","type":"","width":"","height":""}],"twitter_card":"summary_large_image","twitter_misc":{"Szacowany czas czytania":"2 minuty"},"schema":{"@context":"https:\/\/schema.org","@graph":[{"@type":"WebPage","@id":"https:\/\/czerwonagora.pl\/index.php\/projekt-stop-wirusowi-zapobieganie-rozprzestrzeniania-sie-covid-19-w-wojewodztwie-swietokrzyskim-2\/","url":"https:\/\/czerwonagora.pl\/index.php\/projekt-stop-wirusowi-zapobieganie-rozprzestrzeniania-sie-covid-19-w-wojewodztwie-swietokrzyskim-2\/","name":"Projekt \u201eStop wirusowi! Zapobieganie rozprzestrzeniania si\u0119 COVID-19 w wojew\u00f3dztwie \u015bwi\u0119tokrzyskim\u201d - Wojew\u00f3dzki Szpital Specjalistyczny im. \u015aw. Rafa\u0142a w Czerwonej G\u00f3rze","isPartOf":{"@id":"https:\/\/czerwonagora.pl\/#website"},"primaryImageOfPage":{"@id":"https:\/\/czerwonagora.pl\/index.php\/projekt-stop-wirusowi-zapobieganie-rozprzestrzeniania-sie-covid-19-w-wojewodztwie-swietokrzyskim-2\/#primaryimage"},"image":{"@id":"https:\/\/czerwonagora.pl\/index.php\/projekt-stop-wirusowi-zapobieganie-rozprzestrzeniania-sie-covid-19-w-wojewodztwie-swietokrzyskim-2\/#primaryimage"},"thumbnailUrl":"https:\/\/czerwonagora.pl\/wp-content\/uploads\/2021\/06\/covid_info_LAB.png","datePublished":"2021-06-28T09:44:37+00:00","dateModified":"2021-12-31T11:53:51+00:00","breadcrumb":{"@id":"https:\/\/czerwonagora.pl\/index.php\/projekt-stop-wirusowi-zapobieganie-rozprzestrzeniania-sie-covid-19-w-wojewodztwie-swietokrzyskim-2\/#breadcrumb"},"inLanguage":"pl-PL","potentialAction":[{"@type":"ReadAction","target":["https:\/\/czerwonagora.pl\/index.php\/projekt-stop-wirusowi-zapobieganie-rozprzestrzeniania-sie-covid-19-w-wojewodztwie-swietokrzyskim-2\/"]}]},{"@type":"ImageObject","inLanguage":"pl-PL","@id":"https:\/\/czerwonagora.pl\/index.php\/projekt-stop-wirusowi-zapobieganie-rozprzestrzeniania-sie-covid-19-w-wojewodztwie-swietokrzyskim-2\/#primaryimage","url":"https:\/\/czerwonagora.pl\/wp-content\/uploads\/2021\/06\/covid_info_LAB.png","contentUrl":"https:\/\/czerwonagora.pl\/wp-content\/uploads\/2021\/06\/covid_info_LAB.png","width":640,"height":323,"caption":"osoba ubrana w niebieskiej maseczce ochronne w niebieskim tle"},{"@type":"BreadcrumbList","@id":"https:\/\/czerwonagora.pl\/index.php\/projekt-stop-wirusowi-zapobieganie-rozprzestrzeniania-sie-covid-19-w-wojewodztwie-swietokrzyskim-2\/#breadcrumb","itemListElement":[{"@type":"ListItem","position":1,"name":"Strona g\u0142\u00f3wna","item":"https:\/\/czerwonagora.pl\/"},{"@type":"ListItem","position":2,"name":"Projekt \u201eStop wirusowi! Zapobieganie rozprzestrzeniania si\u0119 COVID-19 w wojew\u00f3dztwie \u015bwi\u0119tokrzyskim\u201d"}]},{"@type":"WebSite","@id":"https:\/\/czerwonagora.pl\/#website","url":"https:\/\/czerwonagora.pl\/","name":"Wojew\u00f3dzki Szpital Specjalistyczny im. \u015aw. Rafa\u0142a w Czerwonej G\u00f3rze","description":"Wojew\u00f3dzki Szpital Specjalistyczny im. \u015aw. Rafa\u0142a w Czerwonej G\u00f3rze","publisher":{"@id":"https:\/\/czerwonagora.pl\/#organization"},"potentialAction":[{"@type":"SearchAction","target":{"@type":"EntryPoint","urlTemplate":"https:\/\/czerwonagora.pl\/?s={search_term_string}"},"query-input":{"@type":"PropertyValueSpecification","valueRequired":true,"valueName":"search_term_string"}}],"inLanguage":"pl-PL"},{"@type":"Organization","@id":"https:\/\/czerwonagora.pl\/#organization","name":"Wojew\u00f3dzki Szpital Specjalistyczny im. \u015aw. Rafa\u0142a w Czerwonej G\u00f3rze","url":"https:\/\/czerwonagora.pl\/","logo":{"@type":"ImageObject","inLanguage":"pl-PL","@id":"https:\/\/czerwonagora.pl\/#\/schema\/logo\/image\/","url":"https:\/\/czerwonagora.pl\/wp-content\/uploads\/2021\/06\/Logo-WSS-DUZE-transparentne.png","contentUrl":"https:\/\/czerwonagora.pl\/wp-content\/uploads\/2021\/06\/Logo-WSS-DUZE-transparentne.png","width":4210,"height":2975,"caption":"Wojew\u00f3dzki Szpital Specjalistyczny im. \u015aw. Rafa\u0142a w Czerwonej G\u00f3rze"},"image":{"@id":"https:\/\/czerwonagora.pl\/#\/schema\/logo\/image\/"},"sameAs":["https:\/\/www.facebook.com\/SzpitalCzerwonaGora\/"]}]}},"publishpress_future_action":{"enabled":false,"date":"2026-04-15 05:35:22","action":"change-status","newStatus":"draft","terms":[],"taxonomy":"","extraData":[]},"publishpress_future_workflow_manual_trigger":{"enabledWorkflows":[]},"_links":{"self":[{"href":"https:\/\/czerwonagora.pl\/index.php\/wp-json\/wp\/v2\/pages\/6636","targetHints":{"allow":["GET"]}}],"collection":[{"href":"https:\/\/czerwonagora.pl\/index.php\/wp-json\/wp\/v2\/pages"}],"about":[{"href":"https:\/\/czerwonagora.pl\/index.php\/wp-json\/wp\/v2\/types\/page"}],"author":[{"embeddable":true,"href":"https:\/\/czerwonagora.pl\/index.php\/wp-json\/wp\/v2\/users\/4"}],"replies":[{"embeddable":true,"href":"https:\/\/czerwonagora.pl\/index.php\/wp-json\/wp\/v2\/comments?post=6636"}],"version-history":[{"count":76,"href":"https:\/\/czerwonagora.pl\/index.php\/wp-json\/wp\/v2\/pages\/6636\/revisions"}],"predecessor-version":[{"id":15943,"href":"https:\/\/czerwonagora.pl\/index.php\/wp-json\/wp\/v2\/pages\/6636\/revisions\/15943"}],"wp:attachment":[{"href":"https:\/\/czerwonagora.pl\/index.php\/wp-json\/wp\/v2\/media?parent=6636"}],"curies":[{"name":"wp","href":"https:\/\/api.w.org\/{rel}","templated":true}]}}